195.66.128.96 - - [10/Apr/2023:08:42:29 +0000] "GET /storage_uploader.php?uo=sys_cmts_html5&so=sys_cmts_images&uid=3Lp7xPxj&img_trans=sys_cmts_images_preview&a=restore_ghosts&f=json&c=0&_t=Mon%20Apr%2010%202023%2011%3A42%3A29%20GMT+0300%20%28Arabian%20Standard%20Time%29 HTTP/1.1" 200 285 "https://tajrebatee.com/view-post/%D9%85%D9%86%D8%B5%D8%A9-%D8%AA%D8%AC%D8%B1%D8%A8%D8%AA%D9%8A-%D9%88-%D8%A7%D9%84%D9%83%D8%AA%D9%84%D8%A9-%D8%A7%D9%84%D8%AD%D8%B1%D8%AC%D8%A9" "UNAMobileApp/Mobile (android)"
54.225.104.196 - - [10/Apr/2023:08:42:30 +0000] "GET /view-post HTTP/1.1" 404 58642 "-" "Mozilla/5.0 (compatible; Embedly/0.2; +http://support.embed.ly/)"
54.204.20.250 - - [10/Apr/2023:08:42:30 +0000] "GET /favicon.ico HTTP/1.1" 404 56960 "-" "Mozilla/5.0 (compatible; Embedly/0.2; snap; +http://support.embed.ly/)"
185.191.171.39 - - [10/Apr/2023:08:42:38 +0000] "GET /view-news-comments/%D9%85%D8%AE%D8%A7%D9%88%D9%81-%D9%85%D9%86-%D9%83%D8%A7%D8%B1%D8%AB%D8%A9-%D9%86%D9%88%D9%88%D9%8A%D8%A9-%D8%AA%D8%AD%D8%B0%D9%8A%D8%B1%D8%A7%D8%AA-%D8%A3%D9%88%D8%B1%D9%88%D8%A8%D9%8A%D8%A9-%D9%85%D9%86 HTTP/1.1" 200 18233 "-" "Mozilla/5.0 (compatible; SemrushBot/7~bl; +http://www.semrush.com/bot.html)"
195.66.128.96 - - [10/Apr/2023:08:42:39 +0000] "POST /live_updates.php HTTP/1.1" 200 838 "https://tajrebatee.com/view-post/%D9%85%D9%86%D8%B5%D8%A9-%D8%AA%D8%AC%D8%B1%D8%A8%D8%AA%D9%8A-%D9%88-%D8%A7%D9%84%D9%83%D8%AA%D9%84%D8%A9-%D8%A7%D9%84%D8%AD%D8%B1%D8%AC%D8%A9" "UNAMobileApp/Mobile (android)"
195.66.128.96 - - [10/Apr/2023:08:42:40 +0000] "GET /view.php?sys=bx_posts&id=65&_t=1681116160886&action=GetViewedBy HTTP/1.1" 200 2302 "https://tajrebatee.com/view-post/%D9%85%D9%86%D8%B5%D8%A9-%D8%AA%D8%AC%D8%B1%D8%A8%D8%AA%D9%8A-%D9%88-%D8%A7%D9%84%D9%83%D8%AA%D9%84%D8%A9-%D8%A7%D9%84%D8%AD%D8%B1%D8%AC%D8%A9" "UNAMobileApp/Mobile (android)"
195.66.128.96 - - [10/Apr/2023:08:42:49 +0000] "POST /live_updates.php HTTP/1.1" 200 838 "https://tajrebatee.com/view-post/%D9%85%D9%86%D8%B5%D8%A9-%D8%AA%D8%AC%D8%B1%D8%A8%D8%AA%D9%8A-%D9%88-%D8%A7%D9%84%D9%83%D8%AA%D9%84%D8%A9-%D8%A7%D9%84%D8%AD%D8%B1%D8%AC%D8%A9" "UNAMobileApp/Mobile (android)"
192.241.209.112 - - [10/Apr/2023:08:42:51 +0000] "GET / HTTP/1.0" 400 625 "-" "-"
195.66.128.96 - - [10/Apr/2023:08:42:59 +0000] "POST /live_updates.php HTTP/1.1" 200 838 "https://tajrebatee.com/view-post/%D9%85%D9%86%D8%B5%D8%A9-%D8%AA%D8%AC%D8%B1%D8%A8%D8%AA%D9%8A-%D9%88-%D8%A7%D9%84%D9%83%D8%AA%D9%84%D8%A9-%D8%A7%D9%84%D8%AD%D8%B1%D8%AC%D8%A9" "UNAMobileApp/Mobile (android)"
195.66.128.96 - - [10/Apr/2023:08:43:09 +0000] "POST /live_updates.php HTTP/1.1" 200 838 "https://tajrebatee.com/view-post/%D9%85%D9%86%D8%B5%D8%A9-%D8%AA%D8%AC%D8%B1%D8%A8%D8%AA%D9%8A-%D9%88-%D8%A7%D9%84%D9%83%D8%AA%D9%84%D8%A9-%D8%A7%D9%84%D8%AD%D8%B1%D8%AC%D8%A9" "UNAMobileApp/Mobile (android)"
114.119.140.21 - - [10/Apr/2023:08:43:15 +0000] "GET /view-news-comments/%D9%84%D8%A8%D9%86%D8%A7%D9%86-%D9%8A%D8%B3%D8%AA%D9%8A%D9%82%D8%B8-%D9%81%D9%8A-%D8%AA%D9%88%D9%82%D9%8A%D8%AA%D9%8A%D9%86-%D8%B2%D9%85%D9%86%D9%8A%D9%8A%D9%86-%D9%85%D8%AE%D8%AA%D9%84%D9%81%D9%8A%D9%86 HTTP/1.1" 200 18389 "https://tajrebatee.com/view-news/%D9%84%D8%A8%D9%86%D8%A7%D9%86-%D9%8A%D8%B3%D8%AA%D9%8A%D9%82%D8%B8-%D9%81%D9%8A-%D8%AA%D9%88%D9%82%D9%8A%D8%AA%D9%8A%D9%86-%D8%B2%D9%85%D9%86%D9%8A%D9%8A%D9%86-%D9%85%D8%AE%D8%AA%D9%84%D9%81%D9%8A%D9%86" "Mozilla/5.0 (Linux; Android 7.0;) AppleWebKit/537.36 (KHTML, like Gecko) Mobile Safari/537.36 (compatible; PetalBot;+https://webmaster.petalsearch.com/site/petalbot)"
195.66.128.96 - - [10/Apr/2023:08:43:19 +0000] "POST /live_updates.php HTTP/1.1" 200 838 "https://tajrebatee.com/view-post/%D9%85%D9%86%D8%B5%D8%A9-%D8%AA%D8%AC%D8%B1%D8%A8%D8%AA%D9%8A-%D9%88-%D8%A7%D9%84%D9%83%D8%AA%D9%84%D8%A9-%D8%A7%D9%84%D8%AD%D8%B1%D8%AC%D8%A9" "UNAMobileApp/Mobile (android)"
195.66.128.96 - - [10/Apr/2023:08:43:29 +0000] "POST /live_updates.php HTTP/1.1" 200 838 "https://tajrebatee.com/view-post/%D9%85%D9%86%D8%B5%D8%A9-%D8%AA%D8%AC%D8%B1%D8%A8%D8%AA%D9%8A-%D9%88-%D8%A7%D9%84%D9%83%D8%AA%D9%84%D8%A9-%D8%A7%D9%84%D8%AD%D8%B1%D8%AC%D8%A9" "UNAMobileApp/Mobile (android)"
195.66.128.96 - - [10/Apr/2023:08:43:39 +0000] "POST /live_updates.php HTTP/1.1" 200 838 "https://tajrebatee.com/view-post/%D9%85%D9%86%D8%B5%D8%A9-%D8%AA%D8%AC%D8%B1%D8%A8%D8%AA%D9%8A-%D9%88-%D8%A7%D9%84%D9%83%D8%AA%D9%84%D8%A9-%D8%A7%D9%84%D8%AD%D8%B1%D8%AC%D8%A9" "UNAMobileApp/Mobile (android)"
195.66.128.96 - - [10/Apr/2023:08:43:49 +0000] "POST /live_updates.php HTTP/1.1" 200 838 "https://tajrebatee.com/view-post/%D9%85%D9%86%D8%B5%D8%A9-%D8%AA%D8%AC%D8%B1%D8%A8%D8%AA%D9%8A-%D9%88-%D8%A7%D9%84%D9%83%D8%AA%D9%84%D8%A9-%D8%A7%D9%84%D8%AD%D8%B1%D8%AC%D8%A9" "UNAMobileApp/Mobile (android)"
195.66.128.96 - - [10/Apr/2023:08:43:59 +0000] "POST /live_updates.php HTTP/1.1" 200 838 "https://tajrebatee.com/view-post/%D9%85%D9%86%D8%B5%D8%A9-%D8%AA%D8%AC%D8%B1%D8%A8%D8%AA%D9%8A-%D9%88-%D8%A7%D9%84%D9%83%D8%AA%D9%84%D8%A9-%D8%A7%D9%84%D8%AD%D8%B1%D8%AC%D8%A9" "UNAMobileApp/Mobile (android)"
195.66.128.96 - - [10/Apr/2023:08:44:09 +0000] "POST /live_updates.php HTTP/1.1" 200 838 "https://tajrebatee.com/view-post/%D9%85%D9%86%D8%B5%D8%A9-%D8%AA%D8%AC%D8%B1%D8%A8%D8%AA%D9%8A-%D9%88-%D8%A7%D9%84%D9%83%D8%AA%D9%84%D8%A9-%D8%A7%D9%84%D8%AD%D8%B1%D8%AC%D8%A9" "UNAMobileApp/Mobile (android)"
195.66.128.96 - - [10/Apr/2023:08:44:20 +0000] "POST /live_updates.php HTTP/1.1" 200 838 "https://tajrebatee.com/view-post/%D9%85%D9%86%D8%B5%D8%A9-%D8%AA%D8%AC%D8%B1%D8%A8%D8%AA%D9%8A-%D9%88-%D8%A7%D9%84%D9%83%D8%AA%D9%84%D8%A9-%D8%A7%D9%84%D8%AD%D8%B1%D8%AC%D8%A9" "UNAMobileApp/Mobile (android)"
195.66.128.96 - - [10/Apr/2023:08:44:29 +0000] "POST /live_updates.php HTTP/1.1" 200 838 "https://tajrebatee.com/view-post/%D9%85%D9%86%D8%B5%D8%A9-%D8%AA%D8%AC%D8%B1%D8%A8%D8%AA%D9%8A-%D9%88-%D8%A7%D9%84%D9%83%D8%AA%D9%84%D8%A9-%D8%A7%D9%84%D8%AD%D8%B1%D8%AC%D8%A9" "UNAMobileApp/Mobile (android)"
195.66.128.96 - - [10/Apr/2023:08:44:39 +0000] "POST /live_updates.php HTTP/1.1" 200 838 "https://tajrebatee.com/view-post/%D9%85%D9%86%D8%B5%D8%A9-%D8%AA%D8%AC%D8%B1%D8%A8%D8%AA%D9%8A-%D9%88-%D8%A7%D9%84%D9%83%D8%AA%D9%84%D8%A9-%D8%A7%D9%84%D8%AD%D8%B1%D8%AC%D8%A9" "UNAMobileApp/Mobile (android)"
195.66.128.96 - - [10/Apr/2023:08:44:49 +0000] "POST /live_updates.php HTTP/1.1" 200 838 "https://tajrebatee.com/view-post/%D9%85%D9%86%D8%B5%D8%A9-%D8%AA%D8%AC%D8%B1%D8%A8%D8%AA%D9%8A-%D9%88-%D8%A7%D9%84%D9%83%D8%AA%D9%84%D8%A9-%D8%A7%D9%84%D8%AD%D8%B1%D8%AC%D8%A9" "UNAMobileApp/Mobile (android)"
51.222.253.20 - - [10/Apr/2023:08:44:50 +0000] "GET /view-news/%D8%BA%D9%8A-%D8%B1-%D8%AD%D9%8A%D8%A7%D8%A9-%D8%A7%D9%84%D8%A2%D9%84%D8%A7%D9%81-%D9%85%D9%86%D8%B5%D8%A7%D8%AA-%D8%A7%D9%84%D8%AA%D9%88%D8%A7%D8%B5%D9%84-%D8%AA%D9%86%D8%B9%D9%89-%D9%85%D8%AD%D9%85%D8%AF HTTP/1.1" 200 23044 "-" "Mozilla/5.0 (compatible; AhrefsBot/7.0; +http://ahrefs.com/robot/)"
195.66.128.96 - - [10/Apr/2023:08:44:51 +0000] "GET /edit-post/%D9%85%D9%86%D8%B5%D8%A9-%D8%AA%D8%AC%D8%B1%D8%A8%D8%AA%D9%8A-%D9%88-%D8%A7%D9%84%D9%83%D8%AA%D9%84%D8%A9-%D8%A7%D9%84%D8%AD%D8%B1%D8%AC%D8%A9 HTTP/1.1" 200 26956 "https://tajrebatee.com/view-post/%D9%85%D9%86%D8%B5%D8%A9-%D8%AA%D8%AC%D8%B1%D8%A8%D8%AA%D9%8A-%D9%88-%D8%A7%D9%84%D9%83%D8%AA%D9%84%D8%A9-%D8%A7%D9%84%D8%AD%D8%B1%D8%AC%D8%A9" "UNAMobileApp/Mobile (android)"
195.66.128.96 - - [10/Apr/2023:08:44:52 +0000] "GET /modules/sandklock/scroll_top_lite/js/core.js?_=1681116292193 HTTP/1.1" 200 859 "https://tajrebatee.com/edit-post/%D9%85%D9%86%D8%B5%D8%A9-%D8%AA%D8%AC%D8%B1%D8%A8%D8%AA%D9%8A-%D9%88-%D8%A7%D9%84%D9%83%D8%AA%D9%84%D8%A9-%D8%A7%D9%84%D8%AD%D8%B1%D8%AC%D8%A9" "UNAMobileApp/Mobile (android)"
114.119.132.34 - - [10/Apr/2023:08:44:52 +0000] "GET /view-news-comments/%D9%84%D8%A5%D9%86%D9%87%D8%A7%D8%A1-%D8%A7%D9%84%D8%A7%D9%86%D9%82%D8%B3%D8%A7%D9%85-%D8%A7%D8%AC%D8%AA%D9%85%D8%A7%D8%B9%D8%A7%D8%AA-%D8%A7%D9%84%D9%85%D8%B5%D8%A7%D9%84%D8%AD%D8%A9?lang=ar HTTP/1.1" 200 18904 "https://tajrebatee.com/view-news/%D9%84%D8%A5%D9%86%D9%87%D8%A7%D8%A1-%D8%A7%D9%84%D8%A7%D9%86%D9%82%D8%B3%D8%A7%D9%85-%D8%A7%D8%AC%D8%AA%D9%85%D8%A7%D8%B9%D8%A7%D8%AA-%D8%A7%D9%84%D9%85%D8%B5%D8%A7%D9%84%D8%AD%D8%A9?lang=ar" "Mozilla/5.0 (Linux; Android 7.0;) AppleWebKit/537.36 (KHTML, like Gecko) Mobile Safari/537.36 (compatible; PetalBot;+https://webmaster.petalsearch.com/site/petalbot)"
195.66.128.96 - - [10/Apr/2023:08:44:52 +0000] "POST /live_updates.php HTTP/1.1" 200 580 "https://tajrebatee.com/edit-post/%D9%85%D9%86%D8%B5%D8%A9-%D8%AA%D8%AC%D8%B1%D8%A8%D8%AA%D9%8A-%D9%88-%D8%A7%D9%84%D9%83%D8%AA%D9%84%D8%A9-%D8%A7%D9%84%D8%AD%D8%B1%D8%AC%D8%A9" "UNAMobileApp/Mobile (android)"
195.66.128.96 - - [10/Apr/2023:08:44:52 +0000] "GET /storage_uploader.php?uo=bx_posts_sounds_html5&so=bx_posts_sounds&uid=BULX5E7k&img_trans=bx_posts_preview_files&a=restore_ghosts&f=json&c=65&_t=Mon%20Apr%2010%202023%2011%3A44%3A52%20GMT+0300%20%28Arabian%20Standard%20Time%29 HTTP/1.1" 200 285 "https://tajrebatee.com/edit-post/%D9%85%D9%86%D8%B5%D8%A9-%D8%AA%D8%AC%D8%B1%D8%A8%D8%AA%D9%8A-%D9%88-%D8%A7%D9%84%D9%83%D8%AA%D9%84%D8%A9-%D8%A7%D9%84%D8%AD%D8%B1%D8%AC%D8%A9" "UNAMobileApp/Mobile (android)"
195.66.128.96 - - [10/Apr/2023:08:44:52 +0000] "GET /storage_uploader.php?uo=bx_posts_html5&so=bx_posts_covers&uid=mXYaBxa9&img_trans=bx_posts_preview&a=restore_ghosts&f=json&c=65&_t=Mon%20Apr%2010%202023%2011%3A44%3A52%20GMT+0300%20%28Arabian%20Standard%20Time%29 HTTP/1.1" 200 799 "https://tajrebatee.com/edit-post/%D9%85%D9%86%D8%B5%D8%A9-%D8%AA%D8%AC%D8%B1%D8%A8%D8%AA%D9%8A-%D9%88-%D8%A7%D9%84%D9%83%D8%AA%D9%84%D8%A9-%D8%A7%D9%84%D8%AD%D8%B1%D8%AC%D8%A9" "UNAMobileApp/Mobile (android)"
195.66.128.96 - - [10/Apr/2023:08:44:53 +0000] "GET /image_transcoder.php?o=bx_posts_preview&h=73&dpx=2&t=1681116292 HTTP/1.1" 302 407 "https://tajrebatee.com/edit-post/%D9%85%D9%86%D8%B5%D8%A9-%D8%AA%D8%AC%D8%B1%D8%A8%D8%AA%D9%8A-%D9%88-%D8%A7%D9%84%D9%83%D8%AA%D9%84%D8%A9-%D8%A7%D9%84%D8%AD%D8%B1%D8%AC%D8%A9" "UNAMobileApp/Mobile (android)"
185.191.171.38 - - [10/Apr/2023:08:44:57 +0000] "GET /view-news-comments/%D8%A5%D9%82%D9%84%D9%8A%D9%85-%D8%AA%D9%8A%D8%BA%D8%B1%D8%A7%D9%8A-%D8%BA%D8%A7%D8%B1%D8%A9-%D8%B9%D9%84%D9%89-%D9%85%D9%8A%D9%83%D9%8A%D9%84%D9%8A-%D9%88%D8%A7%D9%84%D8%AE%D8%B1%D8%B7%D9%88%D9%85 HTTP/1.1" 200 18148 "-" "Mozilla/5.0 (compatible; SemrushBot/7~bl; +http://www.semrush.com/bot.html)"
195.66.128.96 - - [10/Apr/2023:08:45:02 +0000] "POST /live_updates.php HTTP/1.1" 200 5475 "https://tajrebatee.com/edit-post/%D9%85%D9%86%D8%B5%D8%A9-%D8%AA%D8%AC%D8%B1%D8%A8%D8%AA%D9%8A-%D9%88-%D8%A7%D9%84%D9%83%D8%AA%D9%84%D8%A9-%D8%A7%D9%84%D8%AD%D8%B1%D8%AC%D8%A9" "UNAMobileApp/Mobile (android)"
195.66.128.96 - - [10/Apr/2023:08:45:12 +0000] "POST /live_updates.php HTTP/1.1" 200 838 "https://tajrebatee.com/edit-post/%D9%85%D9%86%D8%B5%D8%A9-%D8%AA%D8%AC%D8%B1%D8%A8%D8%AA%D9%8A-%D9%88-%D8%A7%D9%84%D9%83%D8%AA%D9%84%D8%A9-%D8%A7%D9%84%D8%AD%D8%B1%D8%AC%D8%A9" "UNAMobileApp/Mobile (android)"
185.191.171.20 - - [10/Apr/2023:08:45:17 +0000] "GET /view-news-comments/%D9%85%D9%88%D8%AC%D8%A9-%D8%A7%D9%84%D8%AD%D8%B1-%D8%AA%D8%B4%D8%B9%D9%84-%D8%A7%D9%84%D9%86%D9%8A%D8%B1%D8%A7%D9%86-%D9%81%D9%8A-%D9%85%D8%AF%D9%86-%D8%A8%D8%B1%D9%8A%D8%B7%D8%A7%D9%86%D9%8A%D8%A9 HTTP/1.1" 200 18158 "-" "Mozilla/5.0 (compatible; SemrushBot/7~bl; +http://www.semrush.com/bot.html)"
195.66.128.96 - - [10/Apr/2023:08:45:22 +0000] "POST /live_updates.php HTTP/1.1" 200 838 "https://tajrebatee.com/edit-post/%D9%85%D9%86%D8%B5%D8%A9-%D8%AA%D8%AC%D8%B1%D8%A8%D8%AA%D9%8A-%D9%88-%D8%A7%D9%84%D9%83%D8%AA%D9%84%D8%A9-%D8%A7%D9%84%D8%AD%D8%B1%D8%AC%D8%A9" "UNAMobileApp/Mobile (android)"
195.66.128.96 - - [10/Apr/2023:08:45:29 +0000] "POST /edit-post/%D9%85%D9%86%D8%B5%D8%A9-%D8%AA%D8%AC%D8%B1%D8%A8%D8%AA%D9%8A-%D9%88-%D8%A7%D9%84%D9%83%D8%AA%D9%84%D8%A9-%D8%A7%D9%84%D8%AD%D8%B1%D8%AC%D8%A9 HTTP/1.1" 302 934 "https://tajrebatee.com/edit-post/%D9%85%D9%86%D8%B5%D8%A9-%D8%AA%D8%AC%D8%B1%D8%A8%D8%AA%D9%8A-%D9%88-%D8%A7%D9%84%D9%83%D8%AA%D9%84%D8%A9-%D8%A7%D9%84%D8%AD%D8%B1%D8%AC%D8%A9" "UNAMobileApp/Mobile (android)"
195.66.128.96 - - [10/Apr/2023:08:45:30 +0000] "GET /view-post/%D9%85%D9%86%D8%B5%D8%A9-%D8%AA%D8%AC%D8%B1%D8%A8%D8%AA%D9%8A-%D9%88-%D8%A7%D9%84%D9%83%D8%AA%D9%84%D8%A9-%D8%A7%D9%84%D8%AD%D8%B1%D8%AC%D8%A9 HTTP/1.1" 200 32808 "https://tajrebatee.com/edit-post/%D9%85%D9%86%D8%B5%D8%A9-%D8%AA%D8%AC%D8%B1%D8%A8%D8%AA%D9%8A-%D9%88-%D8%A7%D9%84%D9%83%D8%AA%D9%84%D8%A9-%D8%A7%D9%84%D8%AD%D8%B1%D8%AC%D8%A9" "UNAMobileApp/Mobile (android)"
195.66.128.96 - - [10/Apr/2023:08:45:31 +0000] "GET /modules/sandklock/scroll_top_lite/js/core.js?_=1681116331683 HTTP/1.1" 200 859 "https://tajrebatee.com/view-post/%D9%85%D9%86%D8%B5%D8%A9-%D8%AA%D8%AC%D8%B1%D8%A8%D8%AA%D9%8A-%D9%88-%D8%A7%D9%84%D9%83%D8%AA%D9%84%D8%A9-%D8%A7%D9%84%D8%AD%D8%B1%D8%AC%D8%A9" "UNAMobileApp/Mobile (android)"
195.66.128.96 - - [10/Apr/2023:08:45:31 +0000] "POST /live_updates.php HTTP/1.1" 200 580 "https://tajrebatee.com/view-post/%D9%85%D9%86%D8%B5%D8%A9-%D8%AA%D8%AC%D8%B1%D8%A8%D8%AA%D9%8A-%D9%88-%D8%A7%D9%84%D9%83%D8%AA%D9%84%D8%A9-%D8%A7%D9%84%D8%AD%D8%B1%D8%AC%D8%A9" "UNAMobileApp/Mobile (android)"
195.66.128.96 - - [10/Apr/2023:08:45:32 +0000] "GET /storage_uploader.php?uo=sys_cmts_html5&so=sys_cmts_images&uid=ZbWHFyXH&img_trans=sys_cmts_images_preview&a=restore_ghosts&f=json&c=0&_t=Mon%20Apr%2010%202023%2011%3A45%3A32%20GMT+0300%20%28Arabian%20Standard%20Time%29 HTTP/1.1" 200 285 "https://tajrebatee.com/view-post/%D9%85%D9%86%D8%B5%D8%A9-%D8%AA%D8%AC%D8%B1%D8%A8%D8%AA%D9%8A-%D9%88-%D8%A7%D9%84%D9%83%D8%AA%D9%84%D8%A9-%D8%A7%D9%84%D8%AD%D8%B1%D8%AC%D8%A9" "UNAMobileApp/Mobile (android)"
195.66.128.96 - - [10/Apr/2023:08:45:41 +0000] "POST /live_updates.php HTTP/1.1" 200 838 "https://tajrebatee.com/view-post/%D9%85%D9%86%D8%B5%D8%A9-%D8%AA%D8%AC%D8%B1%D8%A8%D8%AA%D9%8A-%D9%88-%D8%A7%D9%84%D9%83%D8%AA%D9%84%D8%A9-%D8%A7%D9%84%D8%AD%D8%B1%D8%AC%D8%A9" "UNAMobileApp/Mobile (android)"
195.66.128.96 - - [10/Apr/2023:08:45:52 +0000] "POST /live_updates.php HTTP/1.1" 200 838 "https://tajrebatee.com/view-post/%D9%85%D9%86%D8%B5%D8%A9-%D8%AA%D8%AC%D8%B1%D8%A8%D8%AA%D9%8A-%D9%88-%D8%A7%D9%84%D9%83%D8%AA%D9%84%D8%A9-%D8%A7%D9%84%D8%AD%D8%B1%D8%AC%D8%A9" "UNAMobileApp/Mobile (android)"
195.66.128.96 - - [10/Apr/2023:08:46:02 +0000] "POST /live_updates.php HTTP/1.1" 200 838 "https://tajrebatee.com/view-post/%D9%85%D9%86%D8%B5%D8%A9-%D8%AA%D8%AC%D8%B1%D8%A8%D8%AA%D9%8A-%D9%88-%D8%A7%D9%84%D9%83%D8%AA%D9%84%D8%A9-%D8%A7%D9%84%D8%AD%D8%B1%D8%AC%D8%A9" "UNAMobileApp/Mobile (android)"
114.119.148.155 - - [10/Apr/2023:08:46:02 +0000] "GET /view-news-comments/%D9%84%D8%A3%D9%88%D9%84-%D9%85%D8%B1%D8%A9-%D9%88%D8%A7%D8%B4%D9%86%D8%B7%D9%86-%D8%AA%D8%B9%D9%8A%D9%86-%D8%B3%D9%81%D9%8A%D8%B1%D8%A7-%D9%85%D8%AA%D8%AC%D9%88%D9%84%D8%A7-%D9%81%D9%8A HTTP/1.1" 200 18290 "https://tajrebatee.com/view-news/%D9%84%D8%A3%D9%88%D9%84-%D9%85%D8%B1%D8%A9-%D9%88%D8%A7%D8%B4%D9%86%D8%B7%D9%86-%D8%AA%D8%B9%D9%8A%D9%86-%D8%B3%D9%81%D9%8A%D8%B1%D8%A7-%D9%85%D8%AA%D8%AC%D9%88%D9%84%D8%A7-%D9%81%D9%8A?lang=en" "Mozilla/5.0 (Linux; Android 7.0;) AppleWebKit/537.36 (KHTML, like Gecko) Mobile Safari/537.36 (compatible; PetalBot;+https://webmaster.petalsearch.com/site/petalbot)"
195.66.128.96 - - [10/Apr/2023:08:46:12 +0000] "POST /live_updates.php HTTP/1.1" 200 838 "https://tajrebatee.com/view-post/%D9%85%D9%86%D8%B5%D8%A9-%D8%AA%D8%AC%D8%B1%D8%A8%D8%AA%D9%8A-%D9%88-%D8%A7%D9%84%D9%83%D8%AA%D9%84%D8%A9-%D8%A7%D9%84%D8%AD%D8%B1%D8%AC%D8%A9" "UNAMobileApp/Mobile (android)"
185.191.171.44 - - [10/Apr/2023:08:46:21 +0000] "GET /view-news-comments/%D8%A7%D9%84%D8%B3%D8%B9%D9%88%D8%AF%D9%8A%D8%A9-%D8%B3%D8%A8%D8%A8-%D8%B2%D9%8A%D8%A7%D8%B1%D8%A9-%D8%B9%D9%85%D8%A7%D8%B1-%D8%A7%D9%84%D8%AD%D9%83%D9%8A%D9%85-%D9%88%D9%84%D9%82%D8%A7%D8%A1 HTTP/1.1" 200 18303 "-" "Mozilla/5.0 (compatible; SemrushBot/7~bl; +http://www.semrush.com/bot.html)"
195.66.128.96 - - [10/Apr/2023:08:46:22 +0000] "POST /live_updates.php HTTP/1.1" 200 838 "https://tajrebatee.com/view-post/%D9%85%D9%86%D8%B5%D8%A9-%D8%AA%D8%AC%D8%B1%D8%A8%D8%AA%D9%8A-%D9%88-%D8%A7%D9%84%D9%83%D8%AA%D9%84%D8%A9-%D8%A7%D9%84%D8%AD%D8%B1%D8%AC%D8%A9" "UNAMobileApp/Mobile (android)"
195.66.128.96 - - [10/Apr/2023:08:46:26 +0000] "GET /edit-post/%D9%85%D9%86%D8%B5%D8%A9-%D8%AA%D8%AC%D8%B1%D8%A8%D8%AA%D9%8A-%D9%88-%D8%A7%D9%84%D9%83%D8%AA%D9%84%D8%A9-%D8%A7%D9%84%D8%AD%D8%B1%D8%AC%D8%A9 HTTP/1.1" 200 26922 "https://tajrebatee.com/view-post/%D9%85%D9%86%D8%B5%D8%A9-%D8%AA%D8%AC%D8%B1%D8%A8%D8%AA%D9%8A-%D9%88-%D8%A7%D9%84%D9%83%D8%AA%D9%84%D8%A9-%D8%A7%D9%84%D8%AD%D8%B1%D8%AC%D8%A9" "UNAMobileApp/Mobile (android)"
195.66.128.96 - - [10/Apr/2023:08:46:27 +0000] "GET /modules/sandklock/scroll_top_lite/js/core.js?_=1681116387552 HTTP/1.1" 200 859 "https://tajrebatee.com/edit-post/%D9%85%D9%86%D8%B5%D8%A9-%D8%AA%D8%AC%D8%B1%D8%A8%D8%AA%D9%8A-%D9%88-%D8%A7%D9%84%D9%83%D8%AA%D9%84%D8%A9-%D8%A7%D9%84%D8%AD%D8%B1%D8%AC%D8%A9" "UNAMobileApp/Mobile (android)"
195.66.128.96 - - [10/Apr/2023:08:46:27 +0000] "POST /live_updates.php HTTP/1.1" 200 580 "https://tajrebatee.com/edit-post/%D9%85%D9%86%D8%B5%D8%A9-%D8%AA%D8%AC%D8%B1%D8%A8%D8%AA%D9%8A-%D9%88-%D8%A7%D9%84%D9%83%D8%AA%D9%84%D8%A9-%D8%A7%D9%84%D8%AD%D8%B1%D8%AC%D8%A9" "UNAMobileApp/Mobile (android)"
195.66.128.96 - - [10/Apr/2023:08:46:28 +0000] "GET /storage_uploader.php?uo=bx_posts_sounds_html5&so=bx_posts_sounds&uid=KGqEHd2z&img_trans=bx_posts_preview_files&a=restore_ghosts&f=json&c=65&_t=Mon%20Apr%2010%202023%2011%3A46%3A28%20GMT+0300%20%28Arabian%20Standard%20Time%29 HTTP/1.1" 200 285 "https://tajrebatee.com/edit-post/%D9%85%D9%86%D8%B5%D8%A9-%D8%AA%D8%AC%D8%B1%D8%A8%D8%AA%D9%8A-%D9%88-%D8%A7%D9%84%D9%83%D8%AA%D9%84%D8%A9-%D8%A7%D9%84%D8%AD%D8%B1%D8%AC%D8%A9" "UNAMobileApp/Mobile (android)"
195.66.128.96 - - [10/Apr/2023:08:46:28 +0000] "GET /storage_uploader.php?uo=bx_posts_html5&so=bx_posts_covers&uid=DYibTNWi&img_trans=bx_posts_preview&a=restore_ghosts&f=json&c=65&_t=Mon%20Apr%2010%202023%2011%3A46%3A28%20GMT+0300%20%28Arabian%20Standard%20Time%29 HTTP/1.1" 200 1393 "https://tajrebatee.com/edit-post/%D9%85%D9%86%D8%B5%D8%A9-%D8%AA%D8%AC%D8%B1%D8%A8%D8%AA%D9%8A-%D9%88-%D8%A7%D9%84%D9%83%D8%AA%D9%84%D8%A9-%D8%A7%D9%84%D8%AD%D8%B1%D8%AC%D8%A9" "UNAMobileApp/Mobile (android)"
195.66.128.96 - - [10/Apr/2023:08:46:37 +0000] "POST /live_updates.php HTTP/1.1" 200 5475 "https://tajrebatee.com/edit-post/%D9%85%D9%86%D8%B5%D8%A9-%D8%AA%D8%AC%D8%B1%D8%A8%D8%AA%D9%8A-%D9%88-%D8%A7%D9%84%D9%83%D8%AA%D9%84%D8%A9-%D8%A7%D9%84%D8%AD%D8%B1%D8%AC%D8%A9" "UNAMobileApp/Mobile (android)"
195.66.128.96 - - [10/Apr/2023:08:46:47 +0000] "POST /live_updates.php HTTP/1.1" 200 838 "https://tajrebatee.com/edit-post/%D9%85%D9%86%D8%B5%D8%A9-%D8%AA%D8%AC%D8%B1%D8%A8%D8%AA%D9%8A-%D9%88-%D8%A7%D9%84%D9%83%D8%AA%D9%84%D8%A9-%D8%A7%D9%84%D8%AD%D8%B1%D8%AC%D8%A9" "UNAMobileApp/Mobile (android)"
195.66.128.96 - - [10/Apr/2023:08:46:51 +0000] "POST /edit-post/%D9%85%D9%86%D8%B5%D8%A9-%D8%AA%D8%AC%D8%B1%D8%A8%D8%AA%D9%8A-%D9%88-%D8%A7%D9%84%D9%83%D8%AA%D9%84%D8%A9-%D8%A7%D9%84%D8%AD%D8%B1%D8%AC%D8%A9 HTTP/1.1" 302 374 "https://tajrebatee.com/edit-post/%D9%85%D9%86%D8%B5%D8%A9-%D8%AA%D8%AC%D8%B1%D8%A8%D8%AA%D9%8A-%D9%88-%D8%A7%D9%84%D9%83%D8%AA%D9%84%D8%A9-%D8%A7%D9%84%D8%AD%D8%B1%D8%AC%D8%A9" "UNAMobileApp/Mobile (android)"
195.66.128.96 - - [10/Apr/2023:08:46:51 +0000] "GET /view-post/%D9%85%D9%86%D8%B5%D8%A9-%D8%AA%D8%AC%D8%B1%D8%A8%D8%AA%D9%8A-%D9%88-%D8%A7%D9%84%D9%83%D8%AA%D9%84%D8%A9-%D8%A7%D9%84%D8%AD%D8%B1%D8%AC%D8%A9 HTTP/1.1" 200 32800 "https://tajrebatee.com/edit-post/%D9%85%D9%86%D8%B5%D8%A9-%D8%AA%D8%AC%D8%B1%D8%A8%D8%AA%D9%8A-%D9%88-%D8%A7%D9%84%D9%83%D8%AA%D9%84%D8%A9-%D8%A7%D9%84%D8%AD%D8%B1%D8%AC%D8%A9" "UNAMobileApp/Mobile (android)"
195.66.128.96 - - [10/Apr/2023:08:46:53 +0000] "GET /modules/sandklock/scroll_top_lite/js/core.js?_=1681116412956 HTTP/1.1" 200 859 "https://tajrebatee.com/view-post/%D9%85%D9%86%D8%B5%D8%A9-%D8%AA%D8%AC%D8%B1%D8%A8%D8%AA%D9%8A-%D9%88-%D8%A7%D9%84%D9%83%D8%AA%D9%84%D8%A9-%D8%A7%D9%84%D8%AD%D8%B1%D8%AC%D8%A9" "UNAMobileApp/Mobile (android)"
195.66.128.96 - - [10/Apr/2023:08:46:53 +0000] "POST /live_updates.php HTTP/1.1" 200 580 "https://tajrebatee.com/view-post/%D9%85%D9%86%D8%B5%D8%A9-%D8%AA%D8%AC%D8%B1%D8%A8%D8%AA%D9%8A-%D9%88-%D8%A7%D9%84%D9%83%D8%AA%D9%84%D8%A9-%D8%A7%D9%84%D8%AD%D8%B1%D8%AC%D8%A9" "UNAMobileApp/Mobile (android)"
195.66.128.96 - - [10/Apr/2023:08:46:53 +0000] "GET /storage_uploader.php?uo=sys_cmts_html5&so=sys_cmts_images&uid=Ec9tdSqf&img_trans=sys_cmts_images_preview&a=restore_ghosts&f=json&c=0&_t=Mon%20Apr%2010%202023%2011%3A46%3A53%20GMT+0300%20%28Arabian%20Standard%20Time%29 HTTP/1.1" 200 285 "https://tajrebatee.com/view-post/%D9%85%D9%86%D8%B5%D8%A9-%D8%AA%D8%AC%D8%B1%D8%A8%D8%AA%D9%8A-%D9%88-%D8%A7%D9%84%D9%83%D8%AA%D9%84%D8%A9-%D8%A7%D9%84%D8%AD%D8%B1%D8%AC%D8%A9" "UNAMobileApp/Mobile (android)"
195.66.128.96 - - [10/Apr/2023:08:47:03 +0000] "POST /live_updates.php HTTP/1.1" 200 838 "https://tajrebatee.com/view-post/%D9%85%D9%86%D8%B5%D8%A9-%D8%AA%D8%AC%D8%B1%D8%A8%D8%AA%D9%8A-%D9%88-%D8%A7%D9%84%D9%83%D8%AA%D9%84%D8%A9-%D8%A7%D9%84%D8%AD%D8%B1%D8%AC%D8%A9" "UNAMobileApp/Mobile (android)"
195.66.128.96 - - [10/Apr/2023:08:47:13 +0000] "POST /live_updates.php HTTP/1.1" 200 838 "https://tajrebatee.com/view-post/%D9%85%D9%86%D8%B5%D8%A9-%D8%AA%D8%AC%D8%B1%D8%A8%D8%AA%D9%8A-%D9%88-%D8%A7%D9%84%D9%83%D8%AA%D9%84%D8%A9-%D8%A7%D9%84%D8%AD%D8%B1%D8%AC%D8%A9" "UNAMobileApp/Mobile (android)"
195.66.128.96 - - [10/Apr/2023:08:47:23 +0000] "POST /live_updates.php HTTP/1.1" 200 838 "https://tajrebatee.com/view-post/%D9%85%D9%86%D8%B5%D8%A9-%D8%AA%D8%AC%D8%B1%D8%A8%D8%AA%D9%8A-%D9%88-%D8%A7%D9%84%D9%83%D8%AA%D9%84%D8%A9-%D8%A7%D9%84%D8%AD%D8%B1%D8%AC%D8%A9" "UNAMobileApp/Mobile (android)"
195.66.128.96 - - [10/Apr/2023:08:47:33 +0000] "POST /live_updates.php HTTP/1.1" 200 838 "https://tajrebatee.com/view-post/%D9%85%D9%86%D8%B5%D8%A9-%D8%AA%D8%AC%D8%B1%D8%A8%D8%AA%D9%8A-%D9%88-%D8%A7%D9%84%D9%83%D8%AA%D9%84%D8%A9-%D8%A7%D9%84%D8%AD%D8%B1%D8%AC%D8%A9" "UNAMobileApp/Mobile (android)"
114.119.147.116 - - [10/Apr/2023:08:47:38 +0000] "GET /view-news-comments/%D9%83%D9%8A%D9%81-%D9%8A%D9%85%D9%83%D9%86-%D8%A3%D9%86-%D9%8A%D8%BA%D9%8A%D8%B1-%D8%A7%D9%84%D8%B2%D9%84%D8%B2%D8%A7%D9%84-%D8%A7%D9%84%D9%85%D8%B4%D9%87%D8%AF-%D8%A7%D9%84%D8%B3%D9%8A%D8%A7%D8%B3%D9%8A-%D9%81%D9%8A?lang=ar HTTP/1.1" 200 18792 "https://tajrebatee.com/view-news/%D9%83%D9%8A%D9%81-%D9%8A%D9%85%D9%83%D9%86-%D8%A3%D9%86-%D9%8A%D8%BA%D9%8A%D8%B1-%D8%A7%D9%84%D8%B2%D9%84%D8%B2%D8%A7%D9%84-%D8%A7%D9%84%D9%85%D8%B4%D9%87%D8%AF-%D8%A7%D9%84%D8%B3%D9%8A%D8%A7%D8%B3%D9%8A-%D9%81%D9%8A?lang=en" "Mozilla/5.0 (Linux; Android 7.0;) AppleWebKit/537.36 (KHTML, like Gecko) Mobile Safari/537.36 (compatible; PetalBot;+https://webmaster.petalsearch.com/site/petalbot)"
195.66.128.96 - - [10/Apr/2023:08:48:00 +0000] "POST /live_updates.php HTTP/1.1" 200 838 "https://tajrebatee.com/view-post/%D9%85%D9%86%D8%B5%D8%A9-%D8%AA%D8%AC%D8%B1%D8%A8%D8%AA%D9%8A-%D9%88-%D8%A7%D9%84%D9%83%D8%AA%D9%84%D8%A9-%D8%A7%D9%84%D8%AD%D8%B1%D8%AC%D8%A9" "UNAMobileApp/Mobile (android)"
195.66.128.96 - - [10/Apr/2023:08:48:10 +0000] "POST /live_updates.php HTTP/1.1" 200 838 "https://tajrebatee.com/view-post/%D9%85%D9%86%D8%B5%D8%A9-%D8%AA%D8%AC%D8%B1%D8%A8%D8%AA%D9%8A-%D9%88-%D8%A7%D9%84%D9%83%D8%AA%D9%84%D8%A9-%D8%A7%D9%84%D8%AD%D8%B1%D8%AC%D8%A9" "UNAMobileApp/Mobile (android)"
195.66.128.96 - - [10/Apr/2023:08:48:20 +0000] "POST /live_updates.php HTTP/1.1" 200 838 "https://tajrebatee.com/view-post/%D9%85%D9%86%D8%B5%D8%A9-%D8%AA%D8%AC%D8%B1%D8%A8%D8%AA%D9%8A-%D9%88-%D8%A7%D9%84%D9%83%D8%AA%D9%84%D8%A9-%D8%A7%D9%84%D8%AD%D8%B1%D8%AC%D8%A9" "UNAMobileApp/Mobile (android)"
195.66.128.96 - - [10/Apr/2023:08:48:30 +0000] "POST /live_updates.php HTTP/1.1" 200 838 "https://tajrebatee.com/view-post/%D9%85%D9%86%D8%B5%D8%A9-%D8%AA%D8%AC%D8%B1%D8%A8%D8%AA%D9%8A-%D9%88-%D8%A7%D9%84%D9%83%D8%AA%D9%84%D8%A9-%D8%A7%D9%84%D8%AD%D8%B1%D8%AC%D8%A9" "UNAMobileApp/Mobile (android)"
195.66.128.96 - - [10/Apr/2023:08:48:40 +0000] "POST /live_updates.php HTTP/1.1" 200 838 "https://tajrebatee.com/view-post/%D9%85%D9%86%D8%B5%D8%A9-%D8%AA%D8%AC%D8%B1%D8%A8%D8%AA%D9%8A-%D9%88-%D8%A7%D9%84%D9%83%D8%AA%D9%84%D8%A9-%D8%A7%D9%84%D8%AD%D8%B1%D8%AC%D8%A9" "UNAMobileApp/Mobile (android)"
51.222.253.12 - - [10/Apr/2023:08:48:49 +0000] "GET /view-news-comments/%D8%B3%D9%82%D8%B7%D8%AA-%D9%81%D9%8A-%D8%AD%D9%82%D9%84-%D8%B2%D8%B1%D8%A7%D8%B9%D9%8A-%D8%B4%D8%A7%D9%87%D8%AF-%D9%83%D9%8A%D9%81-%D8%B3%D8%B1%D9%82-%D8%A3%D9%85%D8%B1%D9%8A%D9%83%D9%8A HTTP/1.1" 200 18444 "-" "Mozilla/5.0 (compatible; AhrefsBot/7.0; +http://ahrefs.com/robot/)"
195.66.128.96 - - [10/Apr/2023:08:48:50 +0000] "POST /live_updates.php HTTP/1.1" 200 838 "https://tajrebatee.com/view-post/%D9%85%D9%86%D8%B5%D8%A9-%D8%AA%D8%AC%D8%B1%D8%A8%D8%AA%D9%8A-%D9%88-%D8%A7%D9%84%D9%83%D8%AA%D9%84%D8%A9-%D8%A7%D9%84%D8%AD%D8%B1%D8%AC%D8%A9" "UNAMobileApp/Mobile (android)"
195.66.128.96 - - [10/Apr/2023:08:49:00 +0000] "POST /live_updates.php HTTP/1.1" 200 838 "https://tajrebatee.com/view-post/%D9%85%D9%86%D8%B5%D8%A9-%D8%AA%D8%AC%D8%B1%D8%A8%D8%AA%D9%8A-%D9%88-%D8%A7%D9%84%D9%83%D8%AA%D9%84%D8%A9-%D8%A7%D9%84%D8%AD%D8%B1%D8%AC%D8%A9" "UNAMobileApp/Mobile (android)"
195.66.128.96 - - [10/Apr/2023:08:49:04 +0000] "GET /view.php?sys=bx_posts&id=65&_t=1681116544645&action=GetViewedBy HTTP/1.1" 200 2302 "https://tajrebatee.com/view-post/%D9%85%D9%86%D8%B5%D8%A9-%D8%AA%D8%AC%D8%B1%D8%A8%D8%AA%D9%8A-%D9%88-%D8%A7%D9%84%D9%83%D8%AA%D9%84%D8%A9-%D8%A7%D9%84%D8%AD%D8%B1%D8%AC%D8%A9" "UNAMobileApp/Mobile (android)"
195.66.128.96 - - [10/Apr/2023:08:49:09 +0000] "POST /live_updates.php HTTP/1.1" 200 278 "https://tajrebatee.com/view-post/%D9%85%D9%86%D8%B5%D8%A9-%D8%AA%D8%AC%D8%B1%D8%A8%D8%AA%D9%8A-%D9%88-%D8%A7%D9%84%D9%83%D8%AA%D9%84%D8%A9-%D8%A7%D9%84%D8%AD%D8%B1%D8%AC%D8%A9" "UNAMobileApp/Mobile (android)"
195.66.128.96 - - [10/Apr/2023:08:49:20 +0000] "POST /live_updates.php HTTP/1.1" 200 838 "https://tajrebatee.com/view-post/%D9%85%D9%86%D8%B5%D8%A9-%D8%AA%D8%AC%D8%B1%D8%A8%D8%AA%D9%8A-%D9%88-%D8%A7%D9%84%D9%83%D8%AA%D9%84%D8%A9-%D8%A7%D9%84%D8%AD%D8%B1%D8%AC%D8%A9" "UNAMobileApp/Mobile (android)"
195.66.128.96 - - [10/Apr/2023:08:49:30 +0000] "POST /live_updates.php HTTP/1.1" 200 838 "https://tajrebatee.com/view-post/%D9%85%D9%86%D8%B5%D8%A9-%D8%AA%D8%AC%D8%B1%D8%A8%D8%AA%D9%8A-%D9%88-%D8%A7%D9%84%D9%83%D8%AA%D9%84%D8%A9-%D8%A7%D9%84%D8%AD%D8%B1%D8%AC%D8%A9" "UNAMobileApp/Mobile (android)"
185.191.171.43 - - [10/Apr/2023:08:49:40 +0000] "GET /view-news-comments/193t8lr HTTP/1.1" 200 18270 "-" "Mozilla/5.0 (compatible; SemrushBot/7~bl; +http://www.semrush.com/bot.html)"
114.119.152.143 - - [10/Apr/2023:08:50:16 +0000] "GET /view-news-comments/%D9%83%D9%8A%D9%81-%D8%AA%D8%AF%D8%A7%D8%B1-%D8%A7%D9%84%D8%B9%D9%84%D8%A7%D9%82%D8%A9-%D8%A8%D9%8A%D9%86-%D8%A7%D9%84%D8%A3%D8%B2%D9%87%D8%B1-%D9%88%D8%A7%D9%84%D8%B3%D9%84%D8%B7%D8%A9-%D9%81%D9%8A HTTP/1.1" 200 18370 "https://tajrebatee.com/view-news-comments/%D9%83%D9%8A%D9%81-%D8%AA%D8%AF%D8%A7%D8%B1-%D8%A7%D9%84%D8%B9%D9%84%D8%A7%D9%82%D8%A9-%D8%A8%D9%8A%D9%86-%D8%A7%D9%84%D8%A3%D8%B2%D9%87%D8%B1-%D9%88%D8%A7%D9%84%D8%B3%D9%84%D8%B7%D8%A9-%D9%81%D9%8A?lang=ar" "Mozilla/5.0 (Linux; Android 7.0;) AppleWebKit/537.36 (KHTML, like Gecko) Mobile Safari/537.36 (compatible; PetalBot;+https://webmaster.petalsearch.com/site/petalbot)"
185.191.171.3 - - [10/Apr/2023:08:50:26 +0000] "GET /view-news-comments/168iasz HTTP/1.1" 200 18076 "-" "Mozilla/5.0 (compatible; SemrushBot/7~bl; +http://www.semrush.com/bot.html)"
3.230.66.21 - - [10/Apr/2023:08:51:02 +0000] "GET /news-home HTTP/1.1" 200 23341 "-" "Mozilla/5.0 (Windows NT 10.0; WOW64) AppleWebKit/537.36 (KHTML, like Gecko) Chrome/99.0.4844.51 Safari/537.36"
3.230.66.21 - - [10/Apr/2023:08:51:10 +0000] "GET /m/news/rss/public HTTP/1.1" 200 8444 "-" "Mozilla/5.0 (Windows NT 10.0; Win64; x64) AppleWebKit/537.36 (KHTML, like Gecko) Chrome/99.0.4844.51 Safari/537.36"
207.46.13.223 - - [10/Apr/2023:08:52:12 +0000] "GET /view-news/%D8%A7%D9%84%D8%B9%D8%AB%D9%88%D8%B1-%D8%B9%D9%84%D9%89-62-%D8%B5%D8%A7%D8%B1%D9%88%D8%AE-%D8%A7-%D8%AF%D8%A7%D8%AE%D9%84-%D9%85%D9%86%D8%A7%D8%B2%D9%84-%D9%85%D9%87%D8%AC%D9%88%D8%B1%D8%A9 HTTP/1.1" 200 23419 "-" "Mozilla/5.0 AppleWebKit/537.36 (KHTML, like Gecko; compatible; bingbot/2.0; +http://www.bing.com/bingbot.htm) Chrome/103.0.5060.134 Safari/537.36"
114.119.153.106 - - [10/Apr/2023:08:52:14 +0000] "GET /view-news-comments/%D9%83%D9%8A%D9%81-%D8%AA%D8%AA%D8%B9%D8%A7%D9%85%D9%84-%D8%A7%D9%84%D8%A3%D8%AC%D9%87%D8%B2%D8%A9-%D8%A7%D9%84%D8%A3%D9%85%D9%86%D9%8A%D8%A9-%D9%81%D9%8A-%D9%85%D8%B5%D8%B1-%D9%85%D8%B9?lang=ar HTTP/1.1" 200 19025 "https://tajrebatee.com/view-news/%D9%83%D9%8A%D9%81-%D8%AA%D8%AA%D8%B9%D8%A7%D9%85%D9%84-%D8%A7%D9%84%D8%A3%D8%AC%D9%87%D8%B2%D8%A9-%D8%A7%D9%84%D8%A3%D9%85%D9%86%D9%8A%D8%A9-%D9%81%D9%8A-%D9%85%D8%B5%D8%B1-%D9%85%D8%B9?lang=en" "Mozilla/5.0 (Linux; Android 7.0;) AppleWebKit/537.36 (KHTML, like Gecko) Mobile Safari/537.36 (compatible; PetalBot;+https://webmaster.petalsearch.com/site/petalbot)"
114.119.128.179 - - [10/Apr/2023:08:52:19 +0000] "GET /view-news-comments/%D9%83%D9%8A%D8%AA-%D9%85%D9%88%D8%B3-%D8%A3%D8%B3%D8%AA%D8%B7%D9%8A%D8%B9-%D8%B1%D8%B5%D8%AF-%D8%A7%D9%84%D8%AE%D8%B7%D8%A3-%D8%B9%D9%84%D9%89-%D8%A8%D8%B9%D8%AF-%D9%85%D9%8A%D9%84?lang=ar HTTP/1.1" 200 18831 "https://tajrebatee.com/view-news/3kvh0v?lang=en" "Mozilla/5.0 (Linux; Android 7.0;) AppleWebKit/537.36 (KHTML, like Gecko) Mobile Safari/537.36 (compatible; PetalBot;+https://webmaster.petalsearch.com/site/petalbot)"
51.222.253.20 - - [10/Apr/2023:08:52:51 +0000] "GET /view-news-comments/%D9%83%D8%AA%D8%A8%D9%88%D8%A7-%D8%B9%D9%84%D9%89-%D9%82%D8%A8%D8%B1-%D8%B4%D9%87%D9%8A%D8%AF-%D8%A7%D9%84%D9%85%D9%88%D8%AA-%D9%84%D9%84%D8%B9%D8%B1%D8%A8-%D9%88%D8%A7%D8%B4%D8%AA%D8%B1%D9%88%D8%A7 HTTP/1.1" 200 18264 "-" "Mozilla/5.0 (compatible; AhrefsBot/7.0; +http://ahrefs.com/robot/)"
45.79.181.104 - - [10/Apr/2023:08:53:17 +0000] "\x16\x03\x01" 400 488 "-" "-"
185.191.171.16 - - [10/Apr/2023:08:53:34 +0000] "GET /view-news-comments/%D8%B2%D9%8A%D9%84%D9%8A%D9%86%D8%B3%D9%83%D9%8A-%D9%8A%D9%88%D8%AC%D9%87-%D8%B1%D8%B3%D8%A7%D9%84%D8%A9-%D9%84%D9%86%D8%AA%D9%86%D9%8A%D8%A7%D9%87%D9%88-%D8%A8%D8%B9%D8%AF-%D9%81%D9%88%D8%B2%D9%87 HTTP/1.1" 200 18322 "-" "Mozilla/5.0 (compatible; SemrushBot/7~bl; +http://www.semrush.com/bot.html)"
185.191.171.38 - - [10/Apr/2023:08:53:39 +0000] "GET /view-news-comments/%D8%B3%D9%8A%D9%88%D9%84-%D8%AA%D8%BA%D9%85%D8%B1-%D9%82%D8%B1%D9%89-%D8%A8%D9%83%D8%A7%D9%85%D9%84%D9%87%D8%A7-%D9%81%D9%8A-%D8%A7%D9%84%D8%B3%D9%88%D8%AF%D8%A7%D9%86-bbc_arabic HTTP/1.1" 200 18155 "-" "Mozilla/5.0 (compatible; SemrushBot/7~bl; +http://www.semrush.com/bot.html)"
114.119.156.74 - - [10/Apr/2023:08:53:44 +0000] "GET /view-news-comments/%D9%83%D8%A3%D8%B3-%D8%A7%D9%84%D8%B9%D8%A7%D9%84%D9%85-%D8%A5%D9%86%D8%AC%D9%84%D8%AA%D8%B1%D8%A7-%D8%AA%D8%AA%D8%BA%D9%84%D8%A8-%D8%B9%D9%84%D9%89-%D9%88%D9%8A%D9%84%D8%B2-%D9%88%D8%AA%D8%A8%D9%84%D8%BA?lang=en HTTP/1.1" 200 18585 "https://tajrebatee.com/view-news/%D9%83%D8%A3%D8%B3-%D8%A7%D9%84%D8%B9%D8%A7%D9%84%D9%85-%D8%A5%D9%86%D8%AC%D9%84%D8%AA%D8%B1%D8%A7-%D8%AA%D8%AA%D8%BA%D9%84%D8%A8-%D8%B9%D9%84%D9%89-%D9%88%D9%8A%D9%84%D8%B2-%D9%88%D8%AA%D8%A8%D9%84%D8%BA?lang=ar" "Mozilla/5.0 (Linux; Android 7.0;) AppleWebKit/537.36 (KHTML, like Gecko) Mobile Safari/537.36 (compatible; PetalBot;+https://webmaster.petalsearch.com/site/petalbot)"
195.66.128.96 - - [10/Apr/2023:08:53:57 +0000] "POST /live_updates.php HTTP/1.1" 200 838 "https://tajrebatee.com/view-post/%D9%85%D9%86%D8%B5%D8%A9-%D8%AA%D8%AC%D8%B1%D8%A8%D8%AA%D9%8A-%D9%88-%D8%A7%D9%84%D9%83%D8%AA%D9%84%D8%A9-%D8%A7%D9%84%D8%AD%D8%B1%D8%AC%D8%A9" "UNAMobileApp/Mobile (android)"
195.66.128.96 - - [10/Apr/2023:08:54:07 +0000] "POST /live_updates.php HTTP/1.1" 200 838 "https://tajrebatee.com/view-post/%D9%85%D9%86%D8%B5%D8%A9-%D8%AA%D8%AC%D8%B1%D8%A8%D8%AA%D9%8A-%D9%88-%D8%A7%D9%84%D9%83%D8%AA%D9%84%D8%A9-%D8%A7%D9%84%D8%AD%D8%B1%D8%AC%D8%A9" "UNAMobileApp/Mobile (android)"
195.66.128.96 - - [10/Apr/2023:08:54:10 +0000] "GET /edit-post/%D9%85%D9%86%D8%B5%D8%A9-%D8%AA%D8%AC%D8%B1%D8%A8%D8%AA%D9%8A-%D9%88-%D8%A7%D9%84%D9%83%D8%AA%D9%84%D8%A9-%D8%A7%D9%84%D8%AD%D8%B1%D8%AC%D8%A9 HTTP/1.1" 200 26914 "https://tajrebatee.com/view-post/%D9%85%D9%86%D8%B5%D8%A9-%D8%AA%D8%AC%D8%B1%D8%A8%D8%AA%D9%8A-%D9%88-%D8%A7%D9%84%D9%83%D8%AA%D9%84%D8%A9-%D8%A7%D9%84%D8%AD%D8%B1%D8%AC%D8%A9" "UNAMobileApp/Mobile (android)"
195.66.128.96 - - [10/Apr/2023:08:54:11 +0000] "GET /modules/sandklock/scroll_top_lite/js/core.js?_=1681116851300 HTTP/1.1" 200 859 "https://tajrebatee.com/edit-post/%D9%85%D9%86%D8%B5%D8%A9-%D8%AA%D8%AC%D8%B1%D8%A8%D8%AA%D9%8A-%D9%88-%D8%A7%D9%84%D9%83%D8%AA%D9%84%D8%A9-%D8%A7%D9%84%D8%AD%D8%B1%D8%AC%D8%A9" "UNAMobileApp/Mobile (android)"
195.66.128.96 - - [10/Apr/2023:08:54:11 +0000] "POST /live_updates.php HTTP/1.1" 200 580 "https://tajrebatee.com/edit-post/%D9%85%D9%86%D8%B5%D8%A9-%D8%AA%D8%AC%D8%B1%D8%A8%D8%AA%D9%8A-%D9%88-%D8%A7%D9%84%D9%83%D8%AA%D9%84%D8%A9-%D8%A7%D9%84%D8%AD%D8%B1%D8%AC%D8%A9" "UNAMobileApp/Mobile (android)"
195.66.128.96 - - [10/Apr/2023:08:54:11 +0000] "GET /storage_uploader.php?uo=bx_posts_html5&so=bx_posts_covers&uid=uR36TnZC&img_trans=bx_posts_preview&a=restore_ghosts&f=json&c=65&_t=Mon%20Apr%2010%202023%2011%3A54%3A11%20GMT+0300%20%28Arabian%20Standard%20Time%29 HTTP/1.1" 200 1393 "https://tajrebatee.com/edit-post/%D9%85%D9%86%D8%B5%D8%A9-%D8%AA%D8%AC%D8%B1%D8%A8%D8%AA%D9%8A-%D9%88-%D8%A7%D9%84%D9%83%D8%AA%D9%84%D8%A9-%D8%A7%D9%84%D8%AD%D8%B1%D8%AC%D8%A9" "UNAMobileApp/Mobile (android)"
195.66.128.96 - - [10/Apr/2023:08:54:11 +0000] "GET /storage_uploader.php?uo=bx_posts_sounds_html5&so=bx_posts_sounds&uid=QhXSiSkt&img_trans=bx_posts_preview_files&a=restore_ghosts&f=json&c=65&_t=Mon%20Apr%2010%202023%2011%3A54%3A11%20GMT+0300%20%28Arabian%20Standard%20Time%29 HTTP/1.1" 200 285 "https://tajrebatee.com/edit-post/%D9%85%D9%86%D8%B5%D8%A9-%D8%AA%D8%AC%D8%B1%D8%A8%D8%AA%D9%8A-%D9%88-%D8%A7%D9%84%D9%83%D8%AA%D9%84%D8%A9-%D8%A7%D9%84%D8%AD%D8%B1%D8%AC%D8%A9" "UNAMobileApp/Mobile (android)"
195.66.128.96 - - [10/Apr/2023:08:54:21 +0000] "POST /live_updates.php HTTP/1.1" 200 5475 "https://tajrebatee.com/edit-post/%D9%85%D9%86%D8%B5%D8%A9-%D8%AA%D8%AC%D8%B1%D8%A8%D8%AA%D9%8A-%D9%88-%D8%A7%D9%84%D9%83%D8%AA%D9%84%D8%A9-%D8%A7%D9%84%D8%AD%D8%B1%D8%AC%D8%A9" "UNAMobileApp/Mobile (android)"
195.66.128.96 - - [10/Apr/2023:08:54:23 +0000] "GET /view-post/%D9%85%D9%86%D8%B5%D8%A9-%D8%AA%D8%AC%D8%B1%D8%A8%D8%AA%D9%8A-%D9%88-%D8%A7%D9%84%D9%83%D8%AA%D9%84%D8%A9-%D8%A7%D9%84%D8%AD%D8%B1%D8%AC%D8%A9 HTTP/1.1" 200 32802 "https://tajrebatee.com/edit-post/%D9%85%D9%86%D8%B5%D8%A9-%D8%AA%D8%AC%D8%B1%D8%A8%D8%AA%D9%8A-%D9%88-%D8%A7%D9%84%D9%83%D8%AA%D9%84%D8%A9-%D8%A7%D9%84%D8%AD%D8%B1%D8%AC%D8%A9" "UNAMobileApp/Mobile (android)"
195.66.128.96 - - [10/Apr/2023:08:54:25 +0000] "GET /modules/sandklock/scroll_top_lite/js/core.js?_=1681116865328 HTTP/1.1" 200 859 "https://tajrebatee.com/view-post/%D9%85%D9%86%D8%B5%D8%A9-%D8%AA%D8%AC%D8%B1%D8%A8%D8%AA%D9%8A-%D9%88-%D8%A7%D9%84%D9%83%D8%AA%D9%84%D8%A9-%D8%A7%D9%84%D8%AD%D8%B1%D8%AC%D8%A9" "UNAMobileApp/Mobile (android)"
195.66.128.96 - - [10/Apr/2023:08:54:25 +0000] "POST /live_updates.php HTTP/1.1" 200 580 "https://tajrebatee.com/view-post/%D9%85%D9%86%D8%B5%D8%A9-%D8%AA%D8%AC%D8%B1%D8%A8%D8%AA%D9%8A-%D9%88-%D8%A7%D9%84%D9%83%D8%AA%D9%84%D8%A9-%D8%A7%D9%84%D8%AD%D8%B1%D8%AC%D8%A9" "UNAMobileApp/Mobile (android)"
195.66.128.96 - - [10/Apr/2023:08:54:25 +0000] "GET /storage_uploader.php?uo=sys_cmts_html5&so=sys_cmts_images&uid=f4k5LX7G&img_trans=sys_cmts_images_preview&a=restore_ghosts&f=json&c=0&_t=Mon%20Apr%2010%202023%2011%3A54%3A25%20GMT+0300%20%28Arabian%20Standard%20Time%29 HTTP/1.1" 200 5482 "https://tajrebatee.com/view-post/%D9%85%D9%86%D8%B5%D8%A9-%D8%AA%D8%AC%D8%B1%D8%A8%D8%AA%D9%8A-%D9%88-%D8%A7%D9%84%D9%83%D8%AA%D9%84%D8%A9-%D8%A7%D9%84%D8%AD%D8%B1%D8%AC%D8%A9" "UNAMobileApp/Mobile (android)"
195.66.128.96 - - [10/Apr/2023:08:54:30 +0000] "GET /edit-post/%D9%85%D9%86%D8%B5%D8%A9-%D8%AA%D8%AC%D8%B1%D8%A8%D8%AA%D9%8A-%D9%88-%D8%A7%D9%84%D9%83%D8%AA%D9%84%D8%A9-%D8%A7%D9%84%D8%AD%D8%B1%D8%AC%D8%A9 HTTP/1.1" 200 26915 "https://tajrebatee.com/view-post/%D9%85%D9%86%D8%B5%D8%A9-%D8%AA%D8%AC%D8%B1%D8%A8%D8%AA%D9%8A-%D9%88-%D8%A7%D9%84%D9%83%D8%AA%D9%84%D8%A9-%D8%A7%D9%84%D8%AD%D8%B1%D8%AC%D8%A9" "UNAMobileApp/Mobile (android)"
195.66.128.96 - - [10/Apr/2023:08:54:31 +0000] "GET /modules/sandklock/scroll_top_lite/js/core.js?_=1681116871532 HTTP/1.1" 200 859 "https://tajrebatee.com/edit-post/%D9%85%D9%86%D8%B5%D8%A9-%D8%AA%D8%AC%D8%B1%D8%A8%D8%AA%D9%8A-%D9%88-%D8%A7%D9%84%D9%83%D8%AA%D9%84%D8%A9-%D8%A7%D9%84%D8%AD%D8%B1%D8%AC%D8%A9" "UNAMobileApp/Mobile (android)"
195.66.128.96 - - [10/Apr/2023:08:54:31 +0000] "POST /live_updates.php HTTP/1.1" 200 580 "https://tajrebatee.com/edit-post/%D9%85%D9%86%D8%B5%D8%A9-%D8%AA%D8%AC%D8%B1%D8%A8%D8%AA%D9%8A-%D9%88-%D8%A7%D9%84%D9%83%D8%AA%D9%84%D8%A9-%D8%A7%D9%84%D8%AD%D8%B1%D8%AC%D8%A9" "UNAMobileApp/Mobile (android)"
195.66.128.96 - - [10/Apr/2023:08:54:32 +0000] "GET /storage_uploader.php?uo=bx_posts_sounds_html5&so=bx_posts_sounds&uid=93GRCpS6&img_trans=bx_posts_preview_files&a=restore_ghosts&f=json&c=65&_t=Mon%20Apr%2010%202023%2011%3A54%3A32%20GMT+0300%20%28Arabian%20Standard%20Time%29 HTTP/1.1" 200 285 "https://tajrebatee.com/edit-post/%D9%85%D9%86%D8%B5%D8%A9-%D8%AA%D8%AC%D8%B1%D8%A8%D8%AA%D9%8A-%D9%88-%D8%A7%D9%84%D9%83%D8%AA%D9%84%D8%A9-%D8%A7%D9%84%D8%AD%D8%B1%D8%AC%D8%A9" "UNAMobileApp/Mobile (android)"
195.66.128.96 - - [10/Apr/2023:08:54:32 +0000] "GET /storage_uploader.php?uo=bx_posts_html5&so=bx_posts_covers&uid=h2LkZ2vK&img_trans=bx_posts_preview&a=restore_ghosts&f=json&c=65&_t=Mon%20Apr%2010%202023%2011%3A54%3A32%20GMT+0300%20%28Arabian%20Standard%20Time%29 HTTP/1.1" 200 1393 "https://tajrebatee.com/edit-post/%D9%85%D9%86%D8%B5%D8%A9-%D8%AA%D8%AC%D8%B1%D8%A8%D8%AA%D9%8A-%D9%88-%D8%A7%D9%84%D9%83%D8%AA%D9%84%D8%A9-%D8%A7%D9%84%D8%AD%D8%B1%D8%AC%D8%A9" "UNAMobileApp/Mobile (android)"
195.66.128.96 - - [10/Apr/2023:08:54:34 +0000] "GET /view-post/%D9%85%D9%86%D8%B5%D8%A9-%D8%AA%D8%AC%D8%B1%D8%A8%D8%AA%D9%8A-%D9%88-%D8%A7%D9%84%D9%83%D8%AA%D9%84%D8%A9-%D8%A7%D9%84%D8%AD%D8%B1%D8%AC%D8%A9 HTTP/1.1" 200 32798 "https://tajrebatee.com/searchKeyword.php?cat=bx_posts_cats&keyword=12§ion[]=bx_posts" "UNAMobileApp/Mobile (android)"
195.66.128.96 - - [10/Apr/2023:08:54:35 +0000] "GET /modules/sandklock/scroll_top_lite/js/core.js?_=1681116875207 HTTP/1.1" 200 859 "https://tajrebatee.com/view-post/%D9%85%D9%86%D8%B5%D8%A9-%D8%AA%D8%AC%D8%B1%D8%A8%D8%AA%D9%8A-%D9%88-%D8%A7%D9%84%D9%83%D8%AA%D9%84%D8%A9-%D8%A7%D9%84%D8%AD%D8%B1%D8%AC%D8%A9" "UNAMobileApp/Mobile (android)"
195.66.128.96 - - [10/Apr/2023:08:54:35 +0000] "POST /live_updates.php HTTP/1.1" 200 580 "https://tajrebatee.com/view-post/%D9%85%D9%86%D8%B5%D8%A9-%D8%AA%D8%AC%D8%B1%D8%A8%D8%AA%D9%8A-%D9%88-%D8%A7%D9%84%D9%83%D8%AA%D9%84%D8%A9-%D8%A7%D9%84%D8%AD%D8%B1%D8%AC%D8%A9" "UNAMobileApp/Mobile (android)"
195.66.128.96 - - [10/Apr/2023:08:54:35 +0000] "GET /storage_uploader.php?uo=sys_cmts_html5&so=sys_cmts_images&uid=v7BUUETJ&img_trans=sys_cmts_images_preview&a=restore_ghosts&f=json&c=0&_t=Mon%20Apr%2010%202023%2011%3A54%3A35%20GMT+0300%20%28Arabian%20Standard%20Time%29 HTTP/1.1" 200 285 "https://tajrebatee.com/view-post/%D9%85%D9%86%D8%B5%D8%A9-%D8%AA%D8%AC%D8%B1%D8%A8%D8%AA%D9%8A-%D9%88-%D8%A7%D9%84%D9%83%D8%AA%D9%84%D8%A9-%D8%A7%D9%84%D8%AD%D8%B1%D8%AC%D8%A9" "UNAMobileApp/Mobile (android)"
195.66.128.96 - - [10/Apr/2023:08:54:48 +0000] "GET /?skin=artificer&mix=0 HTTP/1.1" 200 54669 "-" "UNAMobileApp/Mobile (android)"
195.66.128.96 - - [10/Apr/2023:08:54:51 +0000] "GET /gzip_loader.php?file=bx_templ_css_595751d980bd31b2e4a23aa0c26d70d9.css HTTP/1.1" 200 51052 "https://tajrebatee.com/?skin=artificer&mix=0" "UNAMobileApp/Mobile (android)"
195.66.128.96 - - [10/Apr/2023:08:54:51 +0000] "GET /gzip_loader.php?file=bx_templ_js_ac8bc34ef41c25f5bdaea4203ee8295f.js HTTP/1.1" 200 260636 "https://tajrebatee.com/?skin=artificer&mix=0" "UNAMobileApp/Mobile (android)"
195.66.128.96 - - [10/Apr/2023:08:54:52 +0000] "GET /image_transcoder.php?o=sys_images_editor&h=5&dpx=2&t=1654661552 HTTP/1.1" 302 408 "https://tajrebatee.com/?skin=artificer&mix=0" "UNAMobileApp/Mobile (android)"
195.66.128.96 - - [10/Apr/2023:08:54:52 +0000] "GET /image_transcoder.php?o=sys_images_editor&h=46&dpx=2&t=1658747091 HTTP/1.1" 302 408 "https://tajrebatee.com/?skin=artificer&mix=0" "UNAMobileApp/Mobile (android)"
195.66.128.96 - - [10/Apr/2023:08:54:52 +0000] "GET /modules/sandklock/scroll_top_lite/js/core.js?_=1681116891805 HTTP/1.1" 200 1419 "https://tajrebatee.com/?skin=artificer&mix=0" "UNAMobileApp/Mobile (android)"
195.66.128.96 - - [10/Apr/2023:08:54:52 +0000] "GET /?skin=artificer&mix=0 HTTP/1.1" 200 49469 "-" "UNAMobileApp/Mobile (android)"
195.66.128.96 - - [10/Apr/2023:08:54:55 +0000] "GET /modules/sandklock/scroll_top_lite/js/core.js?_=1681116894985 HTTP/1.1" 200 859 "https://tajrebatee.com/?skin=artificer&mix=0" "UNAMobileApp/Mobile (android)"
195.66.128.96 - - [10/Apr/2023:08:54:55 +0000] "GET /image_transcoder.php?o=sys_images_editor&h=5&dpx=2&t=1654661552 HTTP/1.1" 302 408 "https://tajrebatee.com/?skin=artificer&mix=0" "UNAMobileApp/Mobile (android)"
195.66.128.96 - - [10/Apr/2023:08:54:55 +0000] "GET /image_transcoder.php?o=sys_images_editor&h=46&dpx=2&t=1658747091 HTTP/1.1" 302 408 "https://tajrebatee.com/?skin=artificer&mix=0" "UNAMobileApp/Mobile (android)"
195.66.128.96 - - [10/Apr/2023:08:54:55 +0000] "POST /live_updates.php HTTP/1.1" 200 580 "https://tajrebatee.com/?skin=artificer&mix=0" "UNAMobileApp/Mobile (android)"
195.66.128.96 - - [10/Apr/2023:08:54:55 +0000] "GET /storage_uploader.php?uo=sys_html5&so=bx_convos_files&uid=iSqnUCaX&img_trans=bx_convos_preview&a=restore_ghosts&f=json&c=0&_t=Mon%20Apr%2010%202023%2011%3A54%3A55%20GMT+0300%20%28Arabian%20Standard%20Time%29 HTTP/1.1" 200 285 "https://tajrebatee.com/?skin=artificer&mix=0" "UNAMobileApp/Mobile (android)"
195.66.128.96 - - [10/Apr/2023:08:54:55 +0000] "POST /?skin=artificer&mix=0&dynamic=tab&pageBlock=1780 HTTP/1.1" 200 1771 "https://tajrebatee.com/?skin=artificer&mix=0" "UNAMobileApp/Mobile (android)"
195.66.128.96 - - [10/Apr/2023:08:54:55 +0000] "GET /storage_uploader.php?uo=bx_timeline_html5_photo&so=bx_timeline_photos&uid=7EReEzf9&img_trans=bx_timeline_photos_preview&a=restore_ghosts&f=json&c=0&_t=Mon%20Apr%2010%202023%2011%3A54%3A55%20GMT+0300%20%28Arabian%20Standard%20Time%29 HTTP/1.1" 200 285 "https://tajrebatee.com/?skin=artificer&mix=0" "UNAMobileApp/Mobile (android)"
195.66.128.96 - - [10/Apr/2023:08:54:55 +0000] "POST /?skin=artificer&mix=0&dynamic=tab&pageBlock=1944 HTTP/1.1" 200 2233 "https://tajrebatee.com/?skin=artificer&mix=0" "UNAMobileApp/Mobile (android)"
195.66.128.96 - - [10/Apr/2023:08:54:55 +0000] "GET /storage_uploader.php?uo=bx_timeline_html5_video&so=bx_timeline_videos&uid=7auAA8CS&img_trans=bx_timeline_proxy_preview&a=restore_ghosts&f=json&c=0&_t=Mon%20Apr%2010%202023%2011%3A54%3A55%20GMT+0300%20%28Arabian%20Standard%20Time%29 HTTP/1.1" 200 285 "https://tajrebatee.com/?skin=artificer&mix=0" "UNAMobileApp/Mobile (android)"
195.66.128.96 - - [10/Apr/2023:08:54:55 +0000] "GET /storage_uploader.php?uo=bx_timeline_record_video&so=bx_timeline_videos&uid=7auAA8CS&img_trans=bx_timeline_proxy_preview&a=restore_ghosts&f=json&c=0&_t=Mon%20Apr%2010%202023%2011%3A54%3A55%20GMT+0300%20%28Arabian%20Standard%20Time%29 HTTP/1.1" 200 845 "https://tajrebatee.com/?skin=artificer&mix=0" "UNAMobileApp/Mobile (android)"
195.66.128.96 - - [10/Apr/2023:08:54:55 +0000] "POST /?skin=artificer&mix=0&dynamic=tab&pageBlock=2794 HTTP/1.1" 200 26871 "https://tajrebatee.com/?skin=artificer&mix=0" "UNAMobileApp/Mobile (android)"
195.66.128.96 - - [10/Apr/2023:08:54:57 +0000] "GET /gzip_loader.php?file=bx_templ_css_f46f1e8db6f7387839fd525506f62d9f.css HTTP/1.1" 200 4498 "https://tajrebatee.com/?skin=artificer&mix=0" "UNAMobileApp/Mobile (android)"
195.66.128.96 - - [10/Apr/2023:08:54:57 +0000] "GET /gzip_loader.php?file=bx_templ_js_0992d134159c7dcace85d7679bed86b5.js HTTP/1.1" 200 32915 "https://tajrebatee.com/?skin=artificer&mix=0" "UNAMobileApp/Mobile (android)"
195.66.128.96 - - [10/Apr/2023:08:55:05 +0000] "POST /live_updates.php HTTP/1.1" 200 838 "https://tajrebatee.com/?skin=artificer&mix=0" "UNAMobileApp/Mobile (android)"
::1 - - [10/Apr/2023:08:55:13 +0000] "OPTIONS * HTTP/1.0" 200 126 "-" "Apache/2.4.29 (Ubuntu) OpenSSL/1.1.1 (internal dummy connection)"
185.191.171.10 - - [10/Apr/2023:08:55:14 +0000] "GET /view-post/%D8%A7%D9%84%D8%AF%D9%84%D9%8A%D9%84-%D8%A7%D9%84%D9%85%D8%AE%D8%AA%D8%B5%D8%B1-%D8%A5%D9%84%D9%89-%D8%B3%D9%8A%D8%B1%D8%A9-%D8%AE%D9%8A%D8%B1-%D8%A7%D9%84%D8%A8%D8%B4%D8%B1-%D9%85%D8%AD%D9%85%D8%AF-%D8%B5%D9%84%D9%89 HTTP/1.1" 200 27339 "-" "Mozilla/5.0 (compatible; SemrushBot/7~bl; +http://www.semrush.com/bot.html)"
195.66.128.96 - - [10/Apr/2023:08:55:15 +0000] "POST /live_updates.php HTTP/1.1" 200 838 "https://tajrebatee.com/?skin=artificer&mix=0" "UNAMobileApp/Mobile (android)"
195.66.128.96 - - [10/Apr/2023:08:55:25 +0000] "GET /menu.php?o=bx_timeline_menu_item_manage&content_id=44438&name=&view=outline&type=feed HTTP/1.1" 200 2082 "https://tajrebatee.com/?skin=artificer&mix=0" "UNAMobileApp/Mobile (android)"
195.66.128.96 - - [10/Apr/2023:08:55:25 +0000] "POST /live_updates.php HTTP/1.1" 200 838 "https://tajrebatee.com/?skin=artificer&mix=0" "UNAMobileApp/Mobile (android)"
114.119.143.69 - - [10/Apr/2023:08:55:49 +0000] "GET /view-news-comments/%D9%82%D8%B6%D9%8A%D8%A9-%D9%85%D8%AD%D8%AA%D8%AF%D9%85%D8%A9-%D9%82%D8%A8%D9%84-%D8%A7%D9%84%D8%A7%D9%86%D8%AA%D8%AE%D8%A7%D8%A8%D8%A7%D8%AA-%D8%AD%D8%B2%D8%A8-%D8%A7%D9%84%D8%B9%D8%AF%D8%A7%D9%84%D8%A9?lang=ar HTTP/1.1" 200 18879 "https://tajrebatee.com/view-news/%D9%82%D8%B6%D9%8A%D8%A9-%D9%85%D8%AD%D8%AA%D8%AF%D9%85%D8%A9-%D9%82%D8%A8%D9%84-%D8%A7%D9%84%D8%A7%D9%86%D8%AA%D8%AE%D8%A7%D8%A8%D8%A7%D8%AA-%D8%AD%D8%B2%D8%A8-%D8%A7%D9%84%D8%B9%D8%AF%D8%A7%D9%84%D8%A9?lang=en" "Mozilla/5.0 (Linux; Android 7.0;) AppleWebKit/537.36 (KHTML, like Gecko) Mobile Safari/537.36 (compatible; PetalBot;+https://webmaster.petalsearch.com/site/petalbot)"
51.222.253.11 - - [10/Apr/2023:08:56:46 +0000] "GET /view-news-comments/%D8%A7%D9%84%D8%AD%D8%AC%D8%A7%D8%A8-%D9%8A%D8%AB%D9%8A%D8%B1-%D8%A7%D9%84%D8%A7%D9%86%D9%82%D8%B3%D8%A7%D9%85-%D9%81%D9%8A-%D8%A7%D9%84%D9%85%D8%AD%D9%83%D9%85%D8%A9-%D8%A7%D9%84%D8%B9%D9%84%D9%8A%D8%A7 HTTP/1.1" 200 18322 "-" "Mozilla/5.0 (compatible; AhrefsBot/7.0; +http://ahrefs.com/robot/)"
114.119.137.54 - - [10/Apr/2023:08:57:33 +0000] "GET /view-news-comments/%D9%82%D8%AA%D9%84%D9%89-%D9%88%D8%AC%D8%B1%D8%AD%D9%89-%D9%81%D9%8A-%D8%B2%D9%84%D8%B2%D8%A7%D9%84-%D8%B6%D8%B1%D8%A8-%D9%85%D8%AF%D9%8A%D9%86%D8%A9-%D8%B5%D9%8A%D9%86%D9%8A%D8%A9-%D8%AA%D8%B7%D8%A8%D9%82?lang=ar HTTP/1.1" 200 18983 "https://tajrebatee.com/view-news/%D9%82%D8%AA%D9%84%D9%89-%D9%88%D8%AC%D8%B1%D8%AD%D9%89-%D9%81%D9%8A-%D8%B2%D9%84%D8%B2%D8%A7%D9%84-%D8%B6%D8%B1%D8%A8-%D9%85%D8%AF%D9%8A%D9%86%D8%A9-%D8%B5%D9%8A%D9%86%D9%8A%D8%A9-%D8%AA%D8%B7%D8%A8%D9%82?lang=ar" "Mozilla/5.0 (Linux; Android 7.0;) AppleWebKit/537.36 (KHTML, like Gecko) Mobile Safari/537.36 (compatible; PetalBot;+https://webmaster.petalsearch.com/site/petalbot)"
185.191.171.44 - - [10/Apr/2023:08:57:35 +0000] "GET /joined-spaces/%D8%B9%D9%84%D9%8A-%D9%8A%D9%88%D8%B3%D9%81-%D9%85%D8%B1%D8%B3%D9%80%D9%80%D9%80%D8%A7%D9%84 HTTP/1.1" 200 19070 "-" "Mozilla/5.0 (compatible; SemrushBot/7~bl; +http://www.semrush.com/bot.html)"
66.249.69.229 - - [10/Apr/2023:08:58:05 +0000] "GET /view-news-comments/%D9%84%D8%AC%D9%86%D8%A9-6-6-%D8%AA%D8%B9%D9%82%D8%AF-%D8%A3%D9%88%D9%84%D9%89-%D8%A7%D8%AC%D8%AA%D9%85%D8%A7%D8%B9%D8%A7%D8%AA%D9%87%D8%A7-%D9%81%D9%8A-%D8%B7%D8%B1%D8%A7%D8%A8%D9%84%D8%B3 HTTP/1.1" 200 18580 "-" "Mozilla/5.0 (Linux; Android 6.0.1; Nexus 5X Build/MMB29P) AppleWebKit/537.36 (KHTML, like Gecko) Chrome/111.0.5563.146 Mobile Safari/537.36 (compatible; Googlebot/2.1; +http://www.google.com/bot.html)"
114.119.150.227 - - [10/Apr/2023:08:58:27 +0000] "GET /view-news-comments/%D9%82%D8%B2%D9%8A%D8%B7-%D9%85%D8%A4%D8%AA%D9%85%D8%B1-%D8%A8%D8%A7%D8%AA%D9%8A%D9%84%D9%8A-%D9%87%D9%88-%D8%A5%D8%B9%D9%84%D8%A7%D9%86-%D9%84%D9%84%D9%86%D9%88%D8%A7%D9%8A%D8%A7-%D9%84%D9%83%D9%86%D9%87 HTTP/1.1" 200 18585 "https://tajrebatee.com/view-news-comments/%D9%82%D8%B2%D9%8A%D8%B7-%D9%85%D8%A4%D8%AA%D9%85%D8%B1-%D8%A8%D8%A7%D8%AA%D9%8A%D9%84%D9%8A-%D9%87%D9%88-%D8%A5%D8%B9%D9%84%D8%A7%D9%86-%D9%84%D9%84%D9%86%D9%88%D8%A7%D9%8A%D8%A7-%D9%84%D9%83%D9%86%D9%87?lang=en" "Mozilla/5.0 (Linux; Android 7.0;) AppleWebKit/537.36 (KHTML, like Gecko) Mobile Safari/537.36 (compatible; PetalBot;+https://webmaster.petalsearch.com/site/petalbot)"
40.77.167.162 - - [10/Apr/2023:08:59:38 +0000] "GET /posts-author/%D8%B3%D9%84%D9%8A%D9%85%D8%A7%D9%86-%D8%AD%D8%B1%D9%88%D9%8A%D8%B3 HTTP/1.1" 200 18726 "-" "Mozilla/5.0 AppleWebKit/537.36 (KHTML, like Gecko; compatible; bingbot/2.0; +http://www.bing.com/bingbot.htm) Chrome/103.0.5060.134 Safari/537.36"
114.119.143.151 - - [10/Apr/2023:09:00:02 +0000] "GET /view-news-comments/%D9%81%D9%8A-%D8%B3%D8%A7%D8%AF%D8%B3-%D8%AD%D8%A7%D8%AF%D8%AB-%D8%AE%D9%84%D8%A7%D9%84-%D8%A3%D9%8A%D8%A7%D9%85-%D9%85%D8%B5%D8%B1%D8%B9-19-%D9%85%D9%87%D8%A7%D8%AC%D8%B1%D8%A7?lang=en HTTP/1.1" 200 18373 "https://tajrebatee.com/view-news/%D9%81%D9%8A-%D8%B3%D8%A7%D8%AF%D8%B3-%D8%AD%D8%A7%D8%AF%D8%AB-%D8%AE%D9%84%D8%A7%D9%84-%D8%A3%D9%8A%D8%A7%D9%85-%D9%85%D8%B5%D8%B1%D8%B9-19-%D9%85%D9%87%D8%A7%D8%AC%D8%B1%D8%A7?lang=en" "Mozilla/5.0 (Linux; Android 7.0;) AppleWebKit/537.36 (KHTML, like Gecko) Mobile Safari/537.36 (compatible; PetalBot;+https://webmaster.petalsearch.com/site/petalbot)"
