195.66.129.78 - - [10/Apr/2023:08:22:05 +0000] "GET /view-post/%D9%87%D9%84-%D8%A3%D8%AF%D9%84%D9%83-%D8%B9%D9%84%D9%89-%D8%B4%D8%AC%D8%B1%D8%A9-%D8%A7%D9%84%D8%AE%D9%84%D8%AF-%D8%B4%D8%AC%D8%B1%D8%A9-%D8%A7%D9%84%D8%AE%D9%84%D8%AF-%D9%88%D8%AC%D9%88%D9%87%D8%B1 HTTP/1.1" 200 37493 "https://tajrebatee.com/index.php" "Mozilla/5.0 (Windows NT 10.0; Win64; x64) AppleWebKit/537.36 (KHTML, like Gecko) Chrome/111.0.0.0 Safari/537.36"
195.66.129.78 - - [10/Apr/2023:08:22:06 +0000] "GET /gzip_loader.php?file=bx_templ_css_35e10115764a03fee6eed4b90dfd6454.css HTTP/1.1" 200 37013 "https://tajrebatee.com/view-post/%D9%87%D9%84-%D8%A3%D8%AF%D9%84%D9%83-%D8%B9%D9%84%D9%89-%D8%B4%D8%AC%D8%B1%D8%A9-%D8%A7%D9%84%D8%AE%D9%84%D8%AF-%D8%B4%D8%AC%D8%B1%D8%A9-%D8%A7%D9%84%D8%AE%D9%84%D8%AF-%D9%88%D8%AC%D9%88%D9%87%D8%B1" "Mozilla/5.0 (Windows NT 10.0; Win64; x64) AppleWebKit/537.36 (KHTML, like Gecko) Chrome/111.0.0.0 Safari/537.36"
195.66.129.78 - - [10/Apr/2023:08:22:06 +0000] "GET /gzip_loader.php?file=bx_templ_js_f195178dcb61976ab35428185572613b.js HTTP/1.1" 200 242647 "https://tajrebatee.com/view-post/%D9%87%D9%84-%D8%A3%D8%AF%D9%84%D9%83-%D8%B9%D9%84%D9%89-%D8%B4%D8%AC%D8%B1%D8%A9-%D8%A7%D9%84%D8%AE%D9%84%D8%AF-%D8%B4%D8%AC%D8%B1%D8%A9-%D8%A7%D9%84%D8%AE%D9%84%D8%AF-%D9%88%D8%AC%D9%88%D9%87%D8%B1" "Mozilla/5.0 (Windows NT 10.0; Win64; x64) AppleWebKit/537.36 (KHTML, like Gecko) Chrome/111.0.0.0 Safari/537.36"
195.66.129.78 - - [10/Apr/2023:08:22:07 +0000] "GET /modules/sandklock/scroll_top_lite/js/core.js?_=1681114926132 HTTP/1.1" 200 859 "https://tajrebatee.com/view-post/%D9%87%D9%84-%D8%A3%D8%AF%D9%84%D9%83-%D8%B9%D9%84%D9%89-%D8%B4%D8%AC%D8%B1%D8%A9-%D8%A7%D9%84%D8%AE%D9%84%D8%AF-%D8%B4%D8%AC%D8%B1%D8%A9-%D8%A7%D9%84%D8%AE%D9%84%D8%AF-%D9%88%D8%AC%D9%88%D9%87%D8%B1" "Mozilla/5.0 (Windows NT 10.0; Win64; x64) AppleWebKit/537.36 (KHTML, like Gecko) Chrome/111.0.0.0 Safari/537.36"
195.66.129.78 - - [10/Apr/2023:08:22:08 +0000] "GET /storage_uploader.php?uo=sys_cmts_html5&so=sys_cmts_images&uid=PMCzY9jc&img_trans=sys_cmts_images_preview&a=restore_ghosts&f=json&c=0&_t=Mon%20Apr%2010%202023%2011%3A22%3A07%20GMT+0300%20%28GMT+03%3A00%29 HTTP/1.1" 200 285 "https://tajrebatee.com/view-post/%D9%87%D9%84-%D8%A3%D8%AF%D9%84%D9%83-%D8%B9%D9%84%D9%89-%D8%B4%D8%AC%D8%B1%D8%A9-%D8%A7%D9%84%D8%AE%D9%84%D8%AF-%D8%B4%D8%AC%D8%B1%D8%A9-%D8%A7%D9%84%D8%AE%D9%84%D8%AF-%D9%88%D8%AC%D9%88%D9%87%D8%B1" "Mozilla/5.0 (Windows NT 10.0; Win64; x64) AppleWebKit/537.36 (KHTML, like Gecko) Chrome/111.0.0.0 Safari/537.36"
195.66.129.78 - - [10/Apr/2023:08:22:07 +0000] "POST /live_updates.php HTTP/1.1" 200 580 "https://tajrebatee.com/view-post/%D9%87%D9%84-%D8%A3%D8%AF%D9%84%D9%83-%D8%B9%D9%84%D9%89-%D8%B4%D8%AC%D8%B1%D8%A9-%D8%A7%D9%84%D8%AE%D9%84%D8%AF-%D8%B4%D8%AC%D8%B1%D8%A9-%D8%A7%D9%84%D8%AE%D9%84%D8%AF-%D9%88%D8%AC%D9%88%D9%87%D8%B1" "Mozilla/5.0 (Windows NT 10.0; Win64; x64) AppleWebKit/537.36 (KHTML, like Gecko) Chrome/111.0.0.0 Safari/537.36"
195.66.129.78 - - [10/Apr/2023:08:22:08 +0000] "GET /manifest.json.php?bx_name=tajrebatee.com HTTP/1.1" 200 416 "https://tajrebatee.com/view-post/%D9%87%D9%84-%D8%A3%D8%AF%D9%84%D9%83-%D8%B9%D9%84%D9%89-%D8%B4%D8%AC%D8%B1%D8%A9-%D8%A7%D9%84%D8%AE%D9%84%D8%AF-%D8%B4%D8%AC%D8%B1%D8%A9-%D8%A7%D9%84%D8%AE%D9%84%D8%AF-%D9%88%D8%AC%D9%88%D9%87%D8%B1" "Mozilla/5.0 (Windows NT 10.0; Win64; x64) AppleWebKit/537.36 (KHTML, like Gecko) Chrome/111.0.0.0 Safari/537.36"
195.66.129.78 - - [10/Apr/2023:08:22:08 +0000] "GET /OneSignalSDKWorker.js?appId=6e4c05f0-48eb-4e8f-a6fb-520c16ec7eef&sdkVersion=151601 HTTP/1.1" 301 408 "https://tajrebatee.com/view-post/%D9%87%D9%84-%D8%A3%D8%AF%D9%84%D9%83-%D8%B9%D9%84%D9%89-%D8%B4%D8%AC%D8%B1%D8%A9-%D8%A7%D9%84%D8%AE%D9%84%D8%AF-%D8%B4%D8%AC%D8%B1%D8%A9-%D8%A7%D9%84%D8%AE%D9%84%D8%AF-%D9%88%D8%AC%D9%88%D9%87%D8%B1" "Mozilla/5.0 (Windows NT 10.0; Win64; x64) AppleWebKit/537.36 (KHTML, like Gecko) Chrome/111.0.0.0 Safari/537.36"
195.66.129.78 - - [10/Apr/2023:08:22:08 +0000] "GET /OneSignalSDKWorker.js?appId=6e4c05f0-48eb-4e8f-a6fb-520c16ec7eef&sdkVersion=151601 HTTP/1.1" 301 408 "https://tajrebatee.com/view-post/%D9%87%D9%84-%D8%A3%D8%AF%D9%84%D9%83-%D8%B9%D9%84%D9%89-%D8%B4%D8%AC%D8%B1%D8%A9-%D8%A7%D9%84%D8%AE%D9%84%D8%AF-%D8%B4%D8%AC%D8%B1%D8%A9-%D8%A7%D9%84%D8%AE%D9%84%D8%AF-%D9%88%D8%AC%D9%88%D9%87%D8%B1" "Mozilla/5.0 (Windows NT 10.0; Win64; x64) AppleWebKit/537.36 (KHTML, like Gecko) Chrome/111.0.0.0 Safari/537.36"
195.66.129.78 - - [10/Apr/2023:08:22:09 +0000] "GET /onesignalsdkworker.js?appId=6e4c05f0-48eb-4e8f-a6fb-520c16ec7eef&sdkVersion=151601 HTTP/1.1" 404 85032 "https://tajrebatee.com/view-post/%D9%87%D9%84-%D8%A3%D8%AF%D9%84%D9%83-%D8%B9%D9%84%D9%89-%D8%B4%D8%AC%D8%B1%D8%A9-%D8%A7%D9%84%D8%AE%D9%84%D8%AF-%D8%B4%D8%AC%D8%B1%D8%A9-%D8%A7%D9%84%D8%AE%D9%84%D8%AF-%D9%88%D8%AC%D9%88%D9%87%D8%B1" "Mozilla/5.0 (Windows NT 10.0; Win64; x64) AppleWebKit/537.36 (KHTML, like Gecko) Chrome/111.0.0.0 Safari/537.36"
::1 - - [10/Apr/2023:08:22:13 +0000] "OPTIONS * HTTP/1.0" 200 126 "-" "Apache/2.4.29 (Ubuntu) OpenSSL/1.1.1 (internal dummy connection)"
::1 - - [10/Apr/2023:08:22:15 +0000] "OPTIONS * HTTP/1.0" 200 126 "-" "Apache/2.4.29 (Ubuntu) OpenSSL/1.1.1 (internal dummy connection)"
195.66.129.78 - - [10/Apr/2023:08:22:18 +0000] "POST /live_updates.php HTTP/1.1" 200 838 "https://tajrebatee.com/view-post/%D9%87%D9%84-%D8%A3%D8%AF%D9%84%D9%83-%D8%B9%D9%84%D9%89-%D8%B4%D8%AC%D8%B1%D8%A9-%D8%A7%D9%84%D8%AE%D9%84%D8%AF-%D8%B4%D8%AC%D8%B1%D8%A9-%D8%A7%D9%84%D8%AE%D9%84%D8%AF-%D9%88%D8%AC%D9%88%D9%87%D8%B1" "Mozilla/5.0 (Windows NT 10.0; Win64; x64) AppleWebKit/537.36 (KHTML, like Gecko) Chrome/111.0.0.0 Safari/537.36"
195.66.129.78 - - [10/Apr/2023:08:22:20 +0000] "GET /view.php?sys=bx_posts&id=111&_t=1681114939794&action=GetViewedBy HTTP/1.1" 200 1486 "https://tajrebatee.com/view-post/%D9%87%D9%84-%D8%A3%D8%AF%D9%84%D9%83-%D8%B9%D9%84%D9%89-%D8%B4%D8%AC%D8%B1%D8%A9-%D8%A7%D9%84%D8%AE%D9%84%D8%AF-%D8%B4%D8%AC%D8%B1%D8%A9-%D8%A7%D9%84%D8%AE%D9%84%D8%AF-%D9%88%D8%AC%D9%88%D9%87%D8%B1" "Mozilla/5.0 (Windows NT 10.0; Win64; x64) AppleWebKit/537.36 (KHTML, like Gecko) Chrome/111.0.0.0 Safari/537.36"
195.66.129.78 - - [10/Apr/2023:08:22:28 +0000] "POST /live_updates.php HTTP/1.1" 200 838 "https://tajrebatee.com/view-post/%D9%87%D9%84-%D8%A3%D8%AF%D9%84%D9%83-%D8%B9%D9%84%D9%89-%D8%B4%D8%AC%D8%B1%D8%A9-%D8%A7%D9%84%D8%AE%D9%84%D8%AF-%D8%B4%D8%AC%D8%B1%D8%A9-%D8%A7%D9%84%D8%AE%D9%84%D8%AF-%D9%88%D8%AC%D9%88%D9%87%D8%B1" "Mozilla/5.0 (Windows NT 10.0; Win64; x64) AppleWebKit/537.36 (KHTML, like Gecko) Chrome/111.0.0.0 Safari/537.36"
195.66.129.78 - - [10/Apr/2023:08:22:38 +0000] "POST /live_updates.php HTTP/1.1" 200 838 "https://tajrebatee.com/view-post/%D9%87%D9%84-%D8%A3%D8%AF%D9%84%D9%83-%D8%B9%D9%84%D9%89-%D8%B4%D8%AC%D8%B1%D8%A9-%D8%A7%D9%84%D8%AE%D9%84%D8%AF-%D8%B4%D8%AC%D8%B1%D8%A9-%D8%A7%D9%84%D8%AE%D9%84%D8%AF-%D9%88%D8%AC%D9%88%D9%87%D8%B1" "Mozilla/5.0 (Windows NT 10.0; Win64; x64) AppleWebKit/537.36 (KHTML, like Gecko) Chrome/111.0.0.0 Safari/537.36"
3.136.112.26 - - [10/Apr/2023:08:22:40 +0000] "GET /cache_public/bx_templ_less_099b4b3ba2bca71dae1147d885949118a27874d0.css HTTP/1.1" 200 8803 "-" "UNA 13.0.0-RC4"
195.66.129.78 - - [10/Apr/2023:08:22:40 +0000] "GET /gzip_loader.php?file=bx_templ_css_16c9e9b3ad5f77aa614a03595579c03d.css HTTP/1.1" 200 42343 "https://tajrebatee.com/view-persons-profile/%D8%B9%D8%A8%D8%AF%D8%A7%D9%84%D8%A8%D8%A7%D8%B3%D8%B7-%D8%A8%D9%88%D8%AD%D9%85%D9%8A%D8%AF%D8%A9" "Mozilla/5.0 (Windows NT 10.0; Win64; x64) AppleWebKit/537.36 (KHTML, like Gecko) Chrome/111.0.0.0 Safari/537.36"
195.66.129.78 - - [10/Apr/2023:08:22:37 +0000] "GET /view-persons-profile/%D8%B9%D8%A8%D8%AF%D8%A7%D9%84%D8%A8%D8%A7%D8%B3%D8%B7-%D8%A8%D9%88%D8%AD%D9%85%D9%8A%D8%AF%D8%A9 HTTP/1.1" 200 111369 "https://tajrebatee.com/view-post/%D9%87%D9%84-%D8%A3%D8%AF%D9%84%D9%83-%D8%B9%D9%84%D9%89-%D8%B4%D8%AC%D8%B1%D8%A9-%D8%A7%D9%84%D8%AE%D9%84%D8%AF-%D8%B4%D8%AC%D8%B1%D8%A9-%D8%A7%D9%84%D8%AE%D9%84%D8%AF-%D9%88%D8%AC%D9%88%D9%87%D8%B1" "Mozilla/5.0 (Windows NT 10.0; Win64; x64) AppleWebKit/537.36 (KHTML, like Gecko) Chrome/111.0.0.0 Safari/537.36"
195.66.129.78 - - [10/Apr/2023:08:22:41 +0000] "GET /gzip_loader.php?file=bx_templ_js_6ef0acb9154f50f0b3f1e6411ef0d4f7.js HTTP/1.1" 200 298381 "https://tajrebatee.com/view-persons-profile/%D8%B9%D8%A8%D8%AF%D8%A7%D9%84%D8%A8%D8%A7%D8%B3%D8%B7-%D8%A8%D9%88%D8%AD%D9%85%D9%8A%D8%AF%D8%A9" "Mozilla/5.0 (Windows NT 10.0; Win64; x64) AppleWebKit/537.36 (KHTML, like Gecko) Chrome/111.0.0.0 Safari/537.36"
195.66.129.78 - - [10/Apr/2023:08:22:42 +0000] "GET /image_transcoder.php?o=bx_posts_cover&h=57&dpx=2&t=1681114959 HTTP/1.1" 302 406 "https://tajrebatee.com/view-persons-profile/%D8%B9%D8%A8%D8%AF%D8%A7%D9%84%D8%A8%D8%A7%D8%B3%D8%B7-%D8%A8%D9%88%D8%AD%D9%85%D9%8A%D8%AF%D8%A9" "Mozilla/5.0 (Windows NT 10.0; Win64; x64) AppleWebKit/537.36 (KHTML, like Gecko) Chrome/111.0.0.0 Safari/537.36"
195.66.129.78 - - [10/Apr/2023:08:22:42 +0000] "GET /image_transcoder.php?o=bx_posts_cover&h=54&dpx=2&t=1681114959 HTTP/1.1" 302 406 "https://tajrebatee.com/view-persons-profile/%D8%B9%D8%A8%D8%AF%D8%A7%D9%84%D8%A8%D8%A7%D8%B3%D8%B7-%D8%A8%D9%88%D8%AD%D9%85%D9%8A%D8%AF%D8%A9" "Mozilla/5.0 (Windows NT 10.0; Win64; x64) AppleWebKit/537.36 (KHTML, like Gecko) Chrome/111.0.0.0 Safari/537.36"
195.66.129.78 - - [10/Apr/2023:08:22:42 +0000] "GET /image_transcoder.php?o=bx_posts_cover&h=55&dpx=2&t=1681114959 HTTP/1.1" 302 406 "https://tajrebatee.com/view-persons-profile/%D8%B9%D8%A8%D8%AF%D8%A7%D9%84%D8%A8%D8%A7%D8%B3%D8%B7-%D8%A8%D9%88%D8%AD%D9%85%D9%8A%D8%AF%D8%A9" "Mozilla/5.0 (Windows NT 10.0; Win64; x64) AppleWebKit/537.36 (KHTML, like Gecko) Chrome/111.0.0.0 Safari/537.36"
195.66.129.78 - - [10/Apr/2023:08:22:42 +0000] "GET /modules/sandklock/scroll_top_lite/js/core.js?_=1681114960407 HTTP/1.1" 200 1419 "https://tajrebatee.com/view-persons-profile/%D8%B9%D8%A8%D8%AF%D8%A7%D9%84%D8%A8%D8%A7%D8%B3%D8%B7-%D8%A8%D9%88%D8%AD%D9%85%D9%8A%D8%AF%D8%A9" "Mozilla/5.0 (Windows NT 10.0; Win64; x64) AppleWebKit/537.36 (KHTML, like Gecko) Chrome/111.0.0.0 Safari/537.36"
195.66.129.78 - - [10/Apr/2023:08:22:42 +0000] "GET /storage_uploader.php?uo=bx_timeline_html5_photo&so=bx_timeline_photos&uid=5Gkm5LFY&img_trans=bx_timeline_photos_preview&a=restore_ghosts&f=json&c=0&_t=Mon%20Apr%2010%202023%2011%3A22%3A41%20GMT+0300%20%28GMT+03%3A00%29 HTTP/1.1" 200 285 "https://tajrebatee.com/view-persons-profile/%D8%B9%D8%A8%D8%AF%D8%A7%D9%84%D8%A8%D8%A7%D8%B3%D8%B7-%D8%A8%D9%88%D8%AD%D9%85%D9%8A%D8%AF%D8%A9" "Mozilla/5.0 (Windows NT 10.0; Win64; x64) AppleWebKit/537.36 (KHTML, like Gecko) Chrome/111.0.0.0 Safari/537.36"
195.66.129.78 - - [10/Apr/2023:08:22:42 +0000] "GET /storage_uploader.php?uo=bx_timeline_html5_video&so=bx_timeline_videos&uid=x7y39e55&img_trans=bx_timeline_proxy_preview&a=restore_ghosts&f=json&c=0&_t=Mon%20Apr%2010%202023%2011%3A22%3A41%20GMT+0300%20%28GMT+03%3A00%29 HTTP/1.1" 200 285 "https://tajrebatee.com/view-persons-profile/%D8%B9%D8%A8%D8%AF%D8%A7%D9%84%D8%A8%D8%A7%D8%B3%D8%B7-%D8%A8%D9%88%D8%AD%D9%85%D9%8A%D8%AF%D8%A9" "Mozilla/5.0 (Windows NT 10.0; Win64; x64) AppleWebKit/537.36 (KHTML, like Gecko) Chrome/111.0.0.0 Safari/537.36"
195.66.129.78 - - [10/Apr/2023:08:22:42 +0000] "GET /image_transcoder.php?o=bx_posts_cover&h=53&dpx=2&t=1681114959 HTTP/1.1" 302 966 "https://tajrebatee.com/view-persons-profile/%D8%B9%D8%A8%D8%AF%D8%A7%D9%84%D8%A8%D8%A7%D8%B3%D8%B7-%D8%A8%D9%88%D8%AD%D9%85%D9%8A%D8%AF%D8%A9" "Mozilla/5.0 (Windows NT 10.0; Win64; x64) AppleWebKit/537.36 (KHTML, like Gecko) Chrome/111.0.0.0 Safari/537.36"
195.66.129.78 - - [10/Apr/2023:08:22:42 +0000] "GET /storage_uploader.php?uo=bx_timeline_record_video&so=bx_timeline_videos&uid=x7y39e55&img_trans=bx_timeline_proxy_preview&a=restore_ghosts&f=json&c=0&_t=Mon%20Apr%2010%202023%2011%3A22%3A41%20GMT+0300%20%28GMT+03%3A00%29 HTTP/1.1" 200 285 "https://tajrebatee.com/view-persons-profile/%D8%B9%D8%A8%D8%AF%D8%A7%D9%84%D8%A8%D8%A7%D8%B3%D8%B7-%D8%A8%D9%88%D8%AD%D9%85%D9%8A%D8%AF%D8%A9" "Mozilla/5.0 (Windows NT 10.0; Win64; x64) AppleWebKit/537.36 (KHTML, like Gecko) Chrome/111.0.0.0 Safari/537.36"
195.66.129.78 - - [10/Apr/2023:08:22:42 +0000] "GET /image_transcoder.php?o=bx_posts_cover&h=51&dpx=2&t=1681114959 HTTP/1.1" 302 5603 "https://tajrebatee.com/view-persons-profile/%D8%B9%D8%A8%D8%AF%D8%A7%D9%84%D8%A8%D8%A7%D8%B3%D8%B7-%D8%A8%D9%88%D8%AD%D9%85%D9%8A%D8%AF%D8%A9" "Mozilla/5.0 (Windows NT 10.0; Win64; x64) AppleWebKit/537.36 (KHTML, like Gecko) Chrome/111.0.0.0 Safari/537.36"
195.66.129.78 - - [10/Apr/2023:08:22:43 +0000] "GET /storage_uploader.php?uo=bx_timeline_html5_file&so=bx_timeline_files&uid=ERjSJVMR&img_trans=&a=restore_ghosts&f=json&c=0&_t=Mon%20Apr%2010%202023%2011%3A22%3A41%20GMT+0300%20%28GMT+03%3A00%29 HTTP/1.1" 200 285 "https://tajrebatee.com/view-persons-profile/%D8%B9%D8%A8%D8%AF%D8%A7%D9%84%D8%A8%D8%A7%D8%B3%D8%B7-%D8%A8%D9%88%D8%AD%D9%85%D9%8A%D8%AF%D8%A9" "Mozilla/5.0 (Windows NT 10.0; Win64; x64) AppleWebKit/537.36 (KHTML, like Gecko) Chrome/111.0.0.0 Safari/537.36"
195.66.129.78 - - [10/Apr/2023:08:22:42 +0000] "POST /live_updates.php HTTP/1.1" 200 580 "https://tajrebatee.com/view-persons-profile/%D8%B9%D8%A8%D8%AF%D8%A7%D9%84%D8%A8%D8%A7%D8%B3%D8%B7-%D8%A8%D9%88%D8%AD%D9%85%D9%8A%D8%AF%D8%A9" "Mozilla/5.0 (Windows NT 10.0; Win64; x64) AppleWebKit/537.36 (KHTML, like Gecko) Chrome/111.0.0.0 Safari/537.36"
195.66.129.78 - - [10/Apr/2023:08:22:43 +0000] "GET /OneSignalSDKWorker.js?appId=6e4c05f0-48eb-4e8f-a6fb-520c16ec7eef&sdkVersion=151601 HTTP/1.1" 301 408 "https://tajrebatee.com/view-persons-profile/%D8%B9%D8%A8%D8%AF%D8%A7%D9%84%D8%A8%D8%A7%D8%B3%D8%B7-%D8%A8%D9%88%D8%AD%D9%85%D9%8A%D8%AF%D8%A9" "Mozilla/5.0 (Windows NT 10.0; Win64; x64) AppleWebKit/537.36 (KHTML, like Gecko) Chrome/111.0.0.0 Safari/537.36"
195.66.129.78 - - [10/Apr/2023:08:22:44 +0000] "GET /OneSignalSDKWorker.js?appId=6e4c05f0-48eb-4e8f-a6fb-520c16ec7eef&sdkVersion=151601 HTTP/1.1" 301 408 "https://tajrebatee.com/view-persons-profile/%D8%B9%D8%A8%D8%AF%D8%A7%D9%84%D8%A8%D8%A7%D8%B3%D8%B7-%D8%A8%D9%88%D8%AD%D9%85%D9%8A%D8%AF%D8%A9" "Mozilla/5.0 (Windows NT 10.0; Win64; x64) AppleWebKit/537.36 (KHTML, like Gecko) Chrome/111.0.0.0 Safari/537.36"
195.66.129.78 - - [10/Apr/2023:08:22:44 +0000] "GET /onesignalsdkworker.js?appId=6e4c05f0-48eb-4e8f-a6fb-520c16ec7eef&sdkVersion=151601 HTTP/1.1" 404 85033 "https://tajrebatee.com/view-persons-profile/%D8%B9%D8%A8%D8%AF%D8%A7%D9%84%D8%A8%D8%A7%D8%B3%D8%B7-%D8%A8%D9%88%D8%AD%D9%85%D9%8A%D8%AF%D8%A9" "Mozilla/5.0 (Windows NT 10.0; Win64; x64) AppleWebKit/537.36 (KHTML, like Gecko) Chrome/111.0.0.0 Safari/537.36"
195.66.129.78 - - [10/Apr/2023:08:22:44 +0000] "GET /manifest.json.php?bx_name=tajrebatee.com HTTP/1.1" 200 416 "https://tajrebatee.com/view-persons-profile/%D8%B9%D8%A8%D8%AF%D8%A7%D9%84%D8%A8%D8%A7%D8%B3%D8%B7-%D8%A8%D9%88%D8%AD%D9%85%D9%8A%D8%AF%D8%A9" "Mozilla/5.0 (Windows NT 10.0; Win64; x64) AppleWebKit/537.36 (KHTML, like Gecko) Chrome/111.0.0.0 Safari/537.36"
::1 - - [10/Apr/2023:08:22:52 +0000] "OPTIONS * HTTP/1.0" 200 126 "-" "Apache/2.4.29 (Ubuntu) OpenSSL/1.1.1 (internal dummy connection)"
195.66.129.78 - - [10/Apr/2023:08:22:53 +0000] "POST /live_updates.php HTTP/1.1" 200 838 "https://tajrebatee.com/view-persons-profile/%D8%B9%D8%A8%D8%AF%D8%A7%D9%84%D8%A8%D8%A7%D8%B3%D8%B7-%D8%A8%D9%88%D8%AD%D9%85%D9%8A%D8%AF%D8%A9" "Mozilla/5.0 (Windows NT 10.0; Win64; x64) AppleWebKit/537.36 (KHTML, like Gecko) Chrome/111.0.0.0 Safari/537.36"
195.66.129.78 - - [10/Apr/2023:08:23:00 +0000] "GET /posts-home HTTP/1.1" 200 21491 "https://tajrebatee.com/view-persons-profile/%D8%B9%D8%A8%D8%AF%D8%A7%D9%84%D8%A8%D8%A7%D8%B3%D8%B7-%D8%A8%D9%88%D8%AD%D9%85%D9%8A%D8%AF%D8%A9" "Mozilla/5.0 (Windows NT 10.0; Win64; x64) AppleWebKit/537.36 (KHTML, like Gecko) Chrome/111.0.0.0 Safari/537.36"
195.66.129.78 - - [10/Apr/2023:08:23:01 +0000] "GET /gzip_loader.php?file=bx_templ_css_c09278abd510e925cf34820edfd564ab.css HTTP/1.1" 200 9771 "https://tajrebatee.com/posts-home" "Mozilla/5.0 (Windows NT 10.0; Win64; x64) AppleWebKit/537.36 (KHTML, like Gecko) Chrome/111.0.0.0 Safari/537.36"
195.66.129.78 - - [10/Apr/2023:08:23:01 +0000] "GET /gzip_loader.php?file=bx_templ_js_3084c9181538652e7970aeeff7c7f2d6.js HTTP/1.1" 200 26484 "https://tajrebatee.com/posts-home" "Mozilla/5.0 (Windows NT 10.0; Win64; x64) AppleWebKit/537.36 (KHTML, like Gecko) Chrome/111.0.0.0 Safari/537.36"
195.66.129.78 - - [10/Apr/2023:08:23:02 +0000] "GET /modules/sandklock/scroll_top_lite/js/core.js?_=1681114980897 HTTP/1.1" 200 859 "https://tajrebatee.com/posts-home" "Mozilla/5.0 (Windows NT 10.0; Win64; x64) AppleWebKit/537.36 (KHTML, like Gecko) Chrome/111.0.0.0 Safari/537.36"
195.66.129.78 - - [10/Apr/2023:08:23:02 +0000] "POST /live_updates.php HTTP/1.1" 200 580 "https://tajrebatee.com/posts-home" "Mozilla/5.0 (Windows NT 10.0; Win64; x64) AppleWebKit/537.36 (KHTML, like Gecko) Chrome/111.0.0.0 Safari/537.36"
195.66.129.78 - - [10/Apr/2023:08:23:02 +0000] "GET /manifest.json.php?bx_name=tajrebatee.com HTTP/1.1" 200 416 "https://tajrebatee.com/posts-home" "Mozilla/5.0 (Windows NT 10.0; Win64; x64) AppleWebKit/537.36 (KHTML, like Gecko) Chrome/111.0.0.0 Safari/537.36"
195.66.129.78 - - [10/Apr/2023:08:23:02 +0000] "GET /OneSignalSDKWorker.js?appId=6e4c05f0-48eb-4e8f-a6fb-520c16ec7eef&sdkVersion=151601 HTTP/1.1" 301 408 "https://tajrebatee.com/posts-home" "Mozilla/5.0 (Windows NT 10.0; Win64; x64) AppleWebKit/537.36 (KHTML, like Gecko) Chrome/111.0.0.0 Safari/537.36"
195.66.129.78 - - [10/Apr/2023:08:23:03 +0000] "GET /OneSignalSDKWorker.js?appId=6e4c05f0-48eb-4e8f-a6fb-520c16ec7eef&sdkVersion=151601 HTTP/1.1" 301 408 "https://tajrebatee.com/posts-home" "Mozilla/5.0 (Windows NT 10.0; Win64; x64) AppleWebKit/537.36 (KHTML, like Gecko) Chrome/111.0.0.0 Safari/537.36"
195.66.129.78 - - [10/Apr/2023:08:23:03 +0000] "GET /onesignalsdkworker.js?appId=6e4c05f0-48eb-4e8f-a6fb-520c16ec7eef&sdkVersion=151601 HTTP/1.1" 404 85033 "https://tajrebatee.com/posts-home" "Mozilla/5.0 (Windows NT 10.0; Win64; x64) AppleWebKit/537.36 (KHTML, like Gecko) Chrome/111.0.0.0 Safari/537.36"
3.136.112.26 - - [10/Apr/2023:08:23:11 +0000] "GET /cache_public/bx_templ_less_099b4b3ba2bca71dae1147d885949118a27874d0.css HTTP/1.1" 200 8803 "-" "UNA 13.0.0-RC4"
195.66.129.78 - - [10/Apr/2023:08:23:10 +0000] "GET /create-post HTTP/1.1" 200 21607 "https://tajrebatee.com/posts-home" "Mozilla/5.0 (Windows NT 10.0; Win64; x64) AppleWebKit/537.36 (KHTML, like Gecko) Chrome/111.0.0.0 Safari/537.36"
195.66.129.78 - - [10/Apr/2023:08:23:11 +0000] "GET /gzip_loader.php?file=bx_templ_css_4afeee4a423187210da998ebd98d164b.css HTTP/1.1" 200 44713 "https://tajrebatee.com/create-post" "Mozilla/5.0 (Windows NT 10.0; Win64; x64) AppleWebKit/537.36 (KHTML, like Gecko) Chrome/111.0.0.0 Safari/537.36"
195.66.129.78 - - [10/Apr/2023:08:23:11 +0000] "GET /gzip_loader.php?file=bx_templ_js_25ef5348845b525fe9ec4b73e6756cec.js HTTP/1.1" 200 238145 "https://tajrebatee.com/create-post" "Mozilla/5.0 (Windows NT 10.0; Win64; x64) AppleWebKit/537.36 (KHTML, like Gecko) Chrome/111.0.0.0 Safari/537.36"
195.66.129.78 - - [10/Apr/2023:08:23:14 +0000] "GET /modules/sandklock/scroll_top_lite/js/core.js?_=1681114991156 HTTP/1.1" 200 859 "https://tajrebatee.com/create-post" "Mozilla/5.0 (Windows NT 10.0; Win64; x64) AppleWebKit/537.36 (KHTML, like Gecko) Chrome/111.0.0.0 Safari/537.36"
195.66.129.78 - - [10/Apr/2023:08:23:14 +0000] "GET /storage_uploader.php?uo=bx_posts_sounds_html5&so=bx_posts_sounds&uid=yXrnsWwy&img_trans=bx_posts_preview_files&a=restore_ghosts&f=json&c=0&_t=Mon%20Apr%2010%202023%2011%3A23%3A13%20GMT+0300%20%28GMT+03%3A00%29 HTTP/1.1" 200 845 "https://tajrebatee.com/create-post" "Mozilla/5.0 (Windows NT 10.0; Win64; x64) AppleWebKit/537.36 (KHTML, like Gecko) Chrome/111.0.0.0 Safari/537.36"
195.66.129.78 - - [10/Apr/2023:08:23:14 +0000] "GET /storage_uploader.php?uo=bx_posts_files_html5&so=bx_posts_files&uid=sci2iF2x&img_trans=bx_posts_preview_files&a=restore_ghosts&f=json&c=0&_t=Mon%20Apr%2010%202023%2011%3A23%3A13%20GMT+0300%20%28GMT+03%3A00%29 HTTP/1.1" 200 285 "https://tajrebatee.com/create-post" "Mozilla/5.0 (Windows NT 10.0; Win64; x64) AppleWebKit/537.36 (KHTML, like Gecko) Chrome/111.0.0.0 Safari/537.36"
195.66.129.78 - - [10/Apr/2023:08:23:14 +0000] "POST /live_updates.php HTTP/1.1" 200 580 "https://tajrebatee.com/create-post" "Mozilla/5.0 (Windows NT 10.0; Win64; x64) AppleWebKit/537.36 (KHTML, like Gecko) Chrome/111.0.0.0 Safari/537.36"
195.66.129.78 - - [10/Apr/2023:08:23:14 +0000] "GET /storage_uploader.php?uo=bx_posts_html5&so=bx_posts_covers&uid=QmKTZcqt&img_trans=bx_posts_preview&a=restore_ghosts&f=json&c=0&_t=Mon%20Apr%2010%202023%2011%3A23%3A13%20GMT+0300%20%28GMT+03%3A00%29 HTTP/1.1" 200 285 "https://tajrebatee.com/create-post" "Mozilla/5.0 (Windows NT 10.0; Win64; x64) AppleWebKit/537.36 (KHTML, like Gecko) Chrome/111.0.0.0 Safari/537.36"
195.66.129.78 - - [10/Apr/2023:08:23:14 +0000] "GET /manifest.json.php?bx_name=tajrebatee.com HTTP/1.1" 200 416 "https://tajrebatee.com/create-post" "Mozilla/5.0 (Windows NT 10.0; Win64; x64) AppleWebKit/537.36 (KHTML, like Gecko) Chrome/111.0.0.0 Safari/537.36"
195.66.129.78 - - [10/Apr/2023:08:23:14 +0000] "GET /OneSignalSDKWorker.js?appId=6e4c05f0-48eb-4e8f-a6fb-520c16ec7eef&sdkVersion=151601 HTTP/1.1" 301 408 "https://tajrebatee.com/create-post" "Mozilla/5.0 (Windows NT 10.0; Win64; x64) AppleWebKit/537.36 (KHTML, like Gecko) Chrome/111.0.0.0 Safari/537.36"
195.66.129.78 - - [10/Apr/2023:08:23:14 +0000] "GET /OneSignalSDKWorker.js?appId=6e4c05f0-48eb-4e8f-a6fb-520c16ec7eef&sdkVersion=151601 HTTP/1.1" 301 408 "https://tajrebatee.com/create-post" "Mozilla/5.0 (Windows NT 10.0; Win64; x64) AppleWebKit/537.36 (KHTML, like Gecko) Chrome/111.0.0.0 Safari/537.36"
195.66.129.78 - - [10/Apr/2023:08:23:15 +0000] "GET /onesignalsdkworker.js?appId=6e4c05f0-48eb-4e8f-a6fb-520c16ec7eef&sdkVersion=151601 HTTP/1.1" 404 85033 "https://tajrebatee.com/create-post" "Mozilla/5.0 (Windows NT 10.0; Win64; x64) AppleWebKit/537.36 (KHTML, like Gecko) Chrome/111.0.0.0 Safari/537.36"
195.66.129.78 - - [10/Apr/2023:08:23:24 +0000] "POST /live_updates.php HTTP/1.1" 200 838 "https://tajrebatee.com/create-post" "Mozilla/5.0 (Windows NT 10.0; Win64; x64) AppleWebKit/537.36 (KHTML, like Gecko) Chrome/111.0.0.0 Safari/537.36"
195.66.129.78 - - [10/Apr/2023:08:23:34 +0000] "-" 408 559 "-" "-"
195.66.129.78 - - [10/Apr/2023:08:23:34 +0000] "-" 408 5196 "-" "-"
::1 - - [10/Apr/2023:08:23:37 +0000] "OPTIONS * HTTP/1.0" 200 126 "-" "Apache/2.4.29 (Ubuntu) OpenSSL/1.1.1 (internal dummy connection)"
216.244.66.201 - - [10/Apr/2023:08:23:45 +0000] "GET /robots.txt HTTP/1.1" 301 535 "-" "Mozilla/5.0 (compatible; DotBot/1.2; +https://opensiteexplorer.org/dotbot; help@moz.com)"
216.244.66.201 - - [10/Apr/2023:08:23:45 +0000] "GET /robots.txt HTTP/1.1" 404 56942 "-" "Mozilla/5.0 (compatible; DotBot/1.2; +https://opensiteexplorer.org/dotbot; help@moz.com)"
51.222.253.14 - - [10/Apr/2023:08:24:13 +0000] "GET /view-news/%D9%85%D9%86%D9%87%D8%A7-%D8%B7%D8%B1%D9%8A%D9%81%D8%A9-%D9%88%D8%A3%D8%AE%D8%B1%D9%89-%D9%85%D8%AD%D8%B1%D8%AC%D8%A9-%D9%84%D8%AD%D8%B8%D8%A7%D8%AA-%D9%84%D8%A7-%D8%AA%D9%86%D8%B3%D9%89-%D8%A8%D9%8A%D9%86 HTTP/1.1" 200 23215 "-" "Mozilla/5.0 (compatible; AhrefsBot/7.0; +http://ahrefs.com/robot/)"
185.191.171.10 - - [10/Apr/2023:08:24:32 +0000] "GET /joined-spaces/%D8%A7%D9%84%D8%B5%D8%AF%D9%8A%D9%82-%D8%A7%D9%84%D9%83%D8%B3%D9%83%D8%A7%D8%B3 HTTP/1.1" 200 19006 "-" "Mozilla/5.0 (compatible; SemrushBot/7~bl; +http://www.semrush.com/bot.html)"
195.66.129.78 - - [10/Apr/2023:08:25:04 +0000] "POST /live_updates.php HTTP/1.1" 200 838 "https://tajrebatee.com/create-post" "Mozilla/5.0 (Windows NT 10.0; Win64; x64) AppleWebKit/537.36 (KHTML, like Gecko) Chrome/111.0.0.0 Safari/537.36"
114.119.130.151 - - [10/Apr/2023:08:25:19 +0000] "GET /view-news-comments/%D9%85%D8%B0%D9%83%D8%B1%D8%A7%D8%AA-%D9%83%D9%88%D8%B4%D9%86%D8%B1-%D9%88%D9%85%D8%A7-%D9%82%D8%A7%D9%84%D9%87-%D8%B9%D9%86-%D8%A7%D9%84%D8%B3%D8%B9%D9%88%D8%AF%D9%8A%D8%A9-%D9%88%D8%B1%D8%AD%D9%84%D8%A9 HTTP/1.1" 200 18394 "https://tajrebatee.com/view-news/%D9%85%D8%B0%D9%83%D8%B1%D8%A7%D8%AA-%D9%83%D9%88%D8%B4%D9%86%D8%B1-%D9%88%D9%85%D8%A7-%D9%82%D8%A7%D9%84%D9%87-%D8%B9%D9%86-%D8%A7%D9%84%D8%B3%D8%B9%D9%88%D8%AF%D9%8A%D8%A9-%D9%88%D8%B1%D8%AD%D9%84%D8%A9" "Mozilla/5.0 (Linux; Android 7.0;) AppleWebKit/537.36 (KHTML, like Gecko) Mobile Safari/537.36 (compatible; PetalBot;+https://webmaster.petalsearch.com/site/petalbot)"
195.66.129.78 - - [10/Apr/2023:08:25:24 +0000] "POST /live_updates.php HTTP/1.1" 200 838 "https://tajrebatee.com/create-post" "Mozilla/5.0 (Windows NT 10.0; Win64; x64) AppleWebKit/537.36 (KHTML, like Gecko) Chrome/111.0.0.0 Safari/537.36"
195.66.129.78 - - [10/Apr/2023:08:25:44 +0000] "POST /live_updates.php HTTP/1.1" 200 838 "https://tajrebatee.com/create-post" "Mozilla/5.0 (Windows NT 10.0; Win64; x64) AppleWebKit/537.36 (KHTML, like Gecko) Chrome/111.0.0.0 Safari/537.36"
195.66.129.78 - - [10/Apr/2023:08:25:54 +0000] "POST /live_updates.php HTTP/1.1" 200 838 "https://tajrebatee.com/create-post" "Mozilla/5.0 (Windows NT 10.0; Win64; x64) AppleWebKit/537.36 (KHTML, like Gecko) Chrome/111.0.0.0 Safari/537.36"
195.66.129.78 - - [10/Apr/2023:08:26:04 +0000] "POST /live_updates.php HTTP/1.1" 200 838 "https://tajrebatee.com/create-post" "Mozilla/5.0 (Windows NT 10.0; Win64; x64) AppleWebKit/537.36 (KHTML, like Gecko) Chrome/111.0.0.0 Safari/537.36"
195.66.129.78 - - [10/Apr/2023:08:26:14 +0000] "POST /live_updates.php HTTP/1.1" 200 838 "https://tajrebatee.com/create-post" "Mozilla/5.0 (Windows NT 10.0; Win64; x64) AppleWebKit/537.36 (KHTML, like Gecko) Chrome/111.0.0.0 Safari/537.36"
195.66.129.78 - - [10/Apr/2023:08:26:24 +0000] "POST /live_updates.php HTTP/1.1" 200 838 "https://tajrebatee.com/create-post" "Mozilla/5.0 (Windows NT 10.0; Win64; x64) AppleWebKit/537.36 (KHTML, like Gecko) Chrome/111.0.0.0 Safari/537.36"
195.66.129.78 - - [10/Apr/2023:08:26:34 +0000] "POST /live_updates.php HTTP/1.1" 200 838 "https://tajrebatee.com/create-post" "Mozilla/5.0 (Windows NT 10.0; Win64; x64) AppleWebKit/537.36 (KHTML, like Gecko) Chrome/111.0.0.0 Safari/537.36"
114.119.153.131 - - [10/Apr/2023:08:26:36 +0000] "GET /view-news-comments/%D9%85%D8%A4%D9%8A%D8%AF%D8%A7-%D9%84%D9%84%D8%AA%D8%B9%D8%AF%D9%8A%D9%84-%D8%A7%D9%84%D8%AF%D8%B3%D8%AA%D9%88%D8%B1%D9%8A-13-%D9%88%D8%B1%D8%A7%D9%81%D8%B6%D8%A7-%D9%84%D8%AE%D8%B7%D8%A9?lang=en HTTP/1.1" 200 18524 "https://tajrebatee.com/view-news/%D9%85%D8%A4%D9%8A%D8%AF%D8%A7-%D9%84%D9%84%D8%AA%D8%B9%D8%AF%D9%8A%D9%84-%D8%A7%D9%84%D8%AF%D8%B3%D8%AA%D9%88%D8%B1%D9%8A-13-%D9%88%D8%B1%D8%A7%D9%81%D8%B6%D8%A7-%D9%84%D8%AE%D8%B7%D8%A9?lang=en" "Mozilla/5.0 (Linux; Android 7.0;) AppleWebKit/537.36 (KHTML, like Gecko) Mobile Safari/537.36 (compatible; PetalBot;+https://webmaster.petalsearch.com/site/petalbot)"
185.191.171.36 - - [10/Apr/2023:08:27:07 +0000] "GET /view-news-comments/%D8%B5%D8%AF%D9%85%D8%A9-%D8%A8%D9%88%D9%84%D8%A7%D9%8A%D8%A9-%D9%87%D9%86%D8%AF%D9%8A%D8%A9-%D8%A8%D8%B9%D8%AF-%D9%82%D8%AA%D9%84-%D8%A7%D9%85%D8%B1%D8%A3%D8%AA%D9%8A%D9%86-%D9%81%D9%8A-%D9%81%D8%AF%D8%A7%D8%A1 HTTP/1.1" 200 18225 "-" "Mozilla/5.0 (compatible; SemrushBot/7~bl; +http://www.semrush.com/bot.html)"
195.66.129.78 - - [10/Apr/2023:08:27:56 +0000] "POST /live_updates.php HTTP/1.1" 200 838 "https://tajrebatee.com/create-post" "Mozilla/5.0 (Windows NT 10.0; Win64; x64) AppleWebKit/537.36 (KHTML, like Gecko) Chrome/111.0.0.0 Safari/537.36"
51.222.253.15 - - [10/Apr/2023:08:27:58 +0000] "GET /view-news/%D9%85%D9%8A%D8%AF%D9%84-%D8%A5%D9%8A%D8%B3%D8%AA-%D8%A2%D9%8A-%D8%A7%D9%84%D9%85%D8%B9%D8%A7%D8%B1%D8%B6%D8%A9-%D8%A7%D9%84%D8%B3%D9%88%D8%AF%D8%A7%D9%86%D9%8A%D8%A9-%D9%85%D9%86%D9%82%D8%B3%D9%85%D8%A9 HTTP/1.1" 200 22723 "-" "Mozilla/5.0 (compatible; AhrefsBot/7.0; +http://ahrefs.com/robot/)"
195.66.129.78 - - [10/Apr/2023:08:28:04 +0000] "POST /live_updates.php HTTP/1.1" 200 838 "https://tajrebatee.com/create-post" "Mozilla/5.0 (Windows NT 10.0; Win64; x64) AppleWebKit/537.36 (KHTML, like Gecko) Chrome/111.0.0.0 Safari/537.36"
195.66.129.78 - - [10/Apr/2023:08:28:14 +0000] "POST /live_updates.php HTTP/1.1" 200 838 "https://tajrebatee.com/create-post" "Mozilla/5.0 (Windows NT 10.0; Win64; x64) AppleWebKit/537.36 (KHTML, like Gecko) Chrome/111.0.0.0 Safari/537.36"
195.66.129.78 - - [10/Apr/2023:08:28:24 +0000] "POST /live_updates.php HTTP/1.1" 200 838 "https://tajrebatee.com/create-post" "Mozilla/5.0 (Windows NT 10.0; Win64; x64) AppleWebKit/537.36 (KHTML, like Gecko) Chrome/111.0.0.0 Safari/537.36"
195.66.129.78 - - [10/Apr/2023:08:28:34 +0000] "POST /live_updates.php HTTP/1.1" 200 838 "https://tajrebatee.com/create-post" "Mozilla/5.0 (Windows NT 10.0; Win64; x64) AppleWebKit/537.36 (KHTML, like Gecko) Chrome/111.0.0.0 Safari/537.36"
114.119.142.28 - - [10/Apr/2023:08:28:42 +0000] "GET /view-news-comments/%D9%84%D9%85%D8%A7%D8%B0%D8%A7-%D9%8A%D9%84%D8%AC%D8%A3-%D8%A8%D8%B9%D8%B6-%D8%A7%D9%84%D8%B4%D8%A8%D8%A7%D8%A8-%D8%A7%D9%84%D8%B9%D8%B1%D8%A8%D9%8A-%D8%A5%D9%84%D9%89-%D8%A7%D9%84%D8%A5%D9%84%D8%AD%D8%A7%D8%AF HTTP/1.1" 200 18130 "https://tajrebatee.com/view-news/%D9%84%D9%85%D8%A7%D8%B0%D8%A7-%D9%8A%D9%84%D8%AC%D8%A3-%D8%A8%D8%B9%D8%B6-%D8%A7%D9%84%D8%B4%D8%A8%D8%A7%D8%A8-%D8%A7%D9%84%D8%B9%D8%B1%D8%A8%D9%8A-%D8%A5%D9%84%D9%89-%D8%A7%D9%84%D8%A5%D9%84%D8%AD%D8%A7%D8%AF" "Mozilla/5.0 (Linux; Android 7.0;) AppleWebKit/537.36 (KHTML, like Gecko) Mobile Safari/537.36 (compatible; PetalBot;+https://webmaster.petalsearch.com/site/petalbot)"
195.66.129.78 - - [10/Apr/2023:08:28:44 +0000] "POST /live_updates.php HTTP/1.1" 200 838 "https://tajrebatee.com/create-post" "Mozilla/5.0 (Windows NT 10.0; Win64; x64) AppleWebKit/537.36 (KHTML, like Gecko) Chrome/111.0.0.0 Safari/537.36"
195.66.129.78 - - [10/Apr/2023:08:28:54 +0000] "POST /live_updates.php HTTP/1.1" 200 838 "https://tajrebatee.com/create-post" "Mozilla/5.0 (Windows NT 10.0; Win64; x64) AppleWebKit/537.36 (KHTML, like Gecko) Chrome/111.0.0.0 Safari/537.36"
195.66.129.78 - - [10/Apr/2023:08:29:04 +0000] "POST /live_updates.php HTTP/1.1" 200 838 "https://tajrebatee.com/create-post" "Mozilla/5.0 (Windows NT 10.0; Win64; x64) AppleWebKit/537.36 (KHTML, like Gecko) Chrome/111.0.0.0 Safari/537.36"
185.191.171.24 - - [10/Apr/2023:08:29:06 +0000] "GET /view-news-comments/%D8%B5%D8%AF%D9%81%D8%A9-%D9%86%D8%A7%D8%AF%D8%B1%D8%A9-%D8%AA%D8%B3%D9%85%D8%AD-%D9%84%D8%A7%D9%85%D8%B1%D8%A3%D8%A9-%D8%A8%D8%A5%D9%86%D9%82%D8%A7%D8%B0-%D8%AD%D9%8A%D8%A7%D8%A9-%D8%B4%D9%82%D9%8A%D9%82%D9%87%D8%A7 HTTP/1.1" 200 18419 "-" "Mozilla/5.0 (compatible; SemrushBot/7~bl; +http://www.semrush.com/bot.html)"
195.66.129.78 - - [10/Apr/2023:08:29:14 +0000] "POST /live_updates.php HTTP/1.1" 200 838 "https://tajrebatee.com/create-post" "Mozilla/5.0 (Windows NT 10.0; Win64; x64) AppleWebKit/537.36 (KHTML, like Gecko) Chrome/111.0.0.0 Safari/537.36"
195.66.129.78 - - [10/Apr/2023:08:29:24 +0000] "POST /live_updates.php HTTP/1.1" 200 838 "https://tajrebatee.com/create-post" "Mozilla/5.0 (Windows NT 10.0; Win64; x64) AppleWebKit/537.36 (KHTML, like Gecko) Chrome/111.0.0.0 Safari/537.36"
195.66.129.78 - - [10/Apr/2023:08:29:34 +0000] "POST /live_updates.php HTTP/1.1" 200 838 "https://tajrebatee.com/create-post" "Mozilla/5.0 (Windows NT 10.0; Win64; x64) AppleWebKit/537.36 (KHTML, like Gecko) Chrome/111.0.0.0 Safari/537.36"
195.66.129.78 - - [10/Apr/2023:08:29:34 +0000] "POST /storage_uploader.php HTTP/1.1" 200 290 "https://tajrebatee.com/create-post" "Mozilla/5.0 (Windows NT 10.0; Win64; x64) AppleWebKit/537.36 (KHTML, like Gecko) Chrome/111.0.0.0 Safari/537.36"
195.66.129.78 - - [10/Apr/2023:08:29:35 +0000] "GET /storage_uploader.php?uo=bx_posts_html5&so=bx_posts_covers&uid=QmKTZcqt&img_trans=bx_posts_preview&a=restore_ghosts&f=json&c=0&_t=Mon%20Apr%2010%202023%2011%3A29%3A34%20GMT+0300%20%28GMT+03%3A00%29 HTTP/1.1" 200 816 "https://tajrebatee.com/create-post" "Mozilla/5.0 (Windows NT 10.0; Win64; x64) AppleWebKit/537.36 (KHTML, like Gecko) Chrome/111.0.0.0 Safari/537.36"
195.66.129.78 - - [10/Apr/2023:08:29:36 +0000] "GET /image_transcoder.php?o=bx_posts_preview&h=119&dpx=2&t=1681115375 HTTP/1.1" 302 406 "https://tajrebatee.com/create-post" "Mozilla/5.0 (Windows NT 10.0; Win64; x64) AppleWebKit/537.36 (KHTML, like Gecko) Chrome/111.0.0.0 Safari/537.36"
195.66.129.78 - - [10/Apr/2023:08:29:44 +0000] "POST /live_updates.php HTTP/1.1" 200 5475 "https://tajrebatee.com/create-post" "Mozilla/5.0 (Windows NT 10.0; Win64; x64) AppleWebKit/537.36 (KHTML, like Gecko) Chrome/111.0.0.0 Safari/537.36"
114.119.153.154 - - [10/Apr/2023:08:29:46 +0000] "GET /view-news-comments/%D9%84%D9%85%D8%A7%D8%B0%D8%A7-%D9%84%D9%85-%D8%AA%D8%AA%D8%AF%D8%AE%D9%84-%D8%AD%D9%85%D8%A7%D8%B3-%D9%81%D9%8A-%D8%A7%D9%84%D9%85%D9%88%D8%A7%D8%AC%D9%87%D8%A9-%D8%A8%D9%8A%D9%86 HTTP/1.1" 200 18314 "https://tajrebatee.com/view-news/%D9%84%D9%85%D8%A7%D8%B0%D8%A7-%D9%84%D9%85-%D8%AA%D8%AA%D8%AF%D8%AE%D9%84-%D8%AD%D9%85%D8%A7%D8%B3-%D9%81%D9%8A-%D8%A7%D9%84%D9%85%D9%88%D8%A7%D8%AC%D9%87%D8%A9-%D8%A8%D9%8A%D9%86" "Mozilla/5.0 (Linux; Android 7.0;) AppleWebKit/537.36 (KHTML, like Gecko) Mobile Safari/537.36 (compatible; PetalBot;+https://webmaster.petalsearch.com/site/petalbot)"
195.66.129.78 - - [10/Apr/2023:08:29:54 +0000] "POST /live_updates.php HTTP/1.1" 200 838 "https://tajrebatee.com/create-post" "Mozilla/5.0 (Windows NT 10.0; Win64; x64) AppleWebKit/537.36 (KHTML, like Gecko) Chrome/111.0.0.0 Safari/537.36"
195.66.129.78 - - [10/Apr/2023:08:29:59 +0000] "POST /create-post HTTP/1.1" 302 393 "https://tajrebatee.com/create-post" "Mozilla/5.0 (Windows NT 10.0; Win64; x64) AppleWebKit/537.36 (KHTML, like Gecko) Chrome/111.0.0.0 Safari/537.36"
195.66.129.78 - - [10/Apr/2023:08:30:02 +0000] "GET /view-post/%D9%81%D9%8A-%D8%A7%D9%84%D8%B1%D8%B9%D8%A7%D9%8A%D8%A9-%D8%A7%D9%84%D8%B5%D8%AD%D9%8A%D8%A9-%D8%A7%D9%84%D8%AD%D9%84%D9%88%D9%84-%D8%A7%D9%84%D8%A8%D8%B3%D9%8A%D8%B7%D8%A9-%D9%85%D9%87%D9%85%D8%A9 HTTP/1.1" 200 32386 "https://tajrebatee.com/create-post" "Mozilla/5.0 (Windows NT 10.0; Win64; x64) AppleWebKit/537.36 (KHTML, like Gecko) Chrome/111.0.0.0 Safari/537.36"
195.66.129.78 - - [10/Apr/2023:08:30:04 +0000] "GET /modules/sandklock/scroll_top_lite/js/core.js?_=1681115403584 HTTP/1.1" 200 859 "https://tajrebatee.com/view-post/%D9%81%D9%8A-%D8%A7%D9%84%D8%B1%D8%B9%D8%A7%D9%8A%D8%A9-%D8%A7%D9%84%D8%B5%D8%AD%D9%8A%D8%A9-%D8%A7%D9%84%D8%AD%D9%84%D9%88%D9%84-%D8%A7%D9%84%D8%A8%D8%B3%D9%8A%D8%B7%D8%A9-%D9%85%D9%87%D9%85%D8%A9" "Mozilla/5.0 (Windows NT 10.0; Win64; x64) AppleWebKit/537.36 (KHTML, like Gecko) Chrome/111.0.0.0 Safari/537.36"
195.66.129.78 - - [10/Apr/2023:08:30:04 +0000] "GET /image_transcoder.php?o=bx_posts_cover&h=119&dpx=2&t=1681115402 HTTP/1.1" 302 966 "https://tajrebatee.com/view-post/%D9%81%D9%8A-%D8%A7%D9%84%D8%B1%D8%B9%D8%A7%D9%8A%D8%A9-%D8%A7%D9%84%D8%B5%D8%AD%D9%8A%D8%A9-%D8%A7%D9%84%D8%AD%D9%84%D9%88%D9%84-%D8%A7%D9%84%D8%A8%D8%B3%D9%8A%D8%B7%D8%A9-%D9%85%D9%87%D9%85%D8%A9" "Mozilla/5.0 (Windows NT 10.0; Win64; x64) AppleWebKit/537.36 (KHTML, like Gecko) Chrome/111.0.0.0 Safari/537.36"
195.66.129.78 - - [10/Apr/2023:08:30:04 +0000] "POST /live_updates.php HTTP/1.1" 200 580 "https://tajrebatee.com/view-post/%D9%81%D9%8A-%D8%A7%D9%84%D8%B1%D8%B9%D8%A7%D9%8A%D8%A9-%D8%A7%D9%84%D8%B5%D8%AD%D9%8A%D8%A9-%D8%A7%D9%84%D8%AD%D9%84%D9%88%D9%84-%D8%A7%D9%84%D8%A8%D8%B3%D9%8A%D8%B7%D8%A9-%D9%85%D9%87%D9%85%D8%A9" "Mozilla/5.0 (Windows NT 10.0; Win64; x64) AppleWebKit/537.36 (KHTML, like Gecko) Chrome/111.0.0.0 Safari/537.36"
195.66.129.78 - - [10/Apr/2023:08:30:05 +0000] "GET /storage_uploader.php?uo=sys_cmts_html5&so=sys_cmts_images&uid=YmRQhXwt&img_trans=sys_cmts_images_preview&a=restore_ghosts&f=json&c=0&_t=Mon%20Apr%2010%202023%2011%3A30%3A03%20GMT+0300%20%28GMT+03%3A00%29 HTTP/1.1" 200 285 "https://tajrebatee.com/view-post/%D9%81%D9%8A-%D8%A7%D9%84%D8%B1%D8%B9%D8%A7%D9%8A%D8%A9-%D8%A7%D9%84%D8%B5%D8%AD%D9%8A%D8%A9-%D8%A7%D9%84%D8%AD%D9%84%D9%88%D9%84-%D8%A7%D9%84%D8%A8%D8%B3%D9%8A%D8%B7%D8%A9-%D9%85%D9%87%D9%85%D8%A9" "Mozilla/5.0 (Windows NT 10.0; Win64; x64) AppleWebKit/537.36 (KHTML, like Gecko) Chrome/111.0.0.0 Safari/537.36"
195.66.129.78 - - [10/Apr/2023:08:30:05 +0000] "GET /manifest.json.php?bx_name=tajrebatee.com HTTP/1.1" 200 416 "https://tajrebatee.com/view-post/%D9%81%D9%8A-%D8%A7%D9%84%D8%B1%D8%B9%D8%A7%D9%8A%D8%A9-%D8%A7%D9%84%D8%B5%D8%AD%D9%8A%D8%A9-%D8%A7%D9%84%D8%AD%D9%84%D9%88%D9%84-%D8%A7%D9%84%D8%A8%D8%B3%D9%8A%D8%B7%D8%A9-%D9%85%D9%87%D9%85%D8%A9" "Mozilla/5.0 (Windows NT 10.0; Win64; x64) AppleWebKit/537.36 (KHTML, like Gecko) Chrome/111.0.0.0 Safari/537.36"
195.66.129.78 - - [10/Apr/2023:08:30:05 +0000] "GET /OneSignalSDKWorker.js?appId=6e4c05f0-48eb-4e8f-a6fb-520c16ec7eef&sdkVersion=151601 HTTP/1.1" 301 408 "https://tajrebatee.com/view-post/%D9%81%D9%8A-%D8%A7%D9%84%D8%B1%D8%B9%D8%A7%D9%8A%D8%A9-%D8%A7%D9%84%D8%B5%D8%AD%D9%8A%D8%A9-%D8%A7%D9%84%D8%AD%D9%84%D9%88%D9%84-%D8%A7%D9%84%D8%A8%D8%B3%D9%8A%D8%B7%D8%A9-%D9%85%D9%87%D9%85%D8%A9" "Mozilla/5.0 (Windows NT 10.0; Win64; x64) AppleWebKit/537.36 (KHTML, like Gecko) Chrome/111.0.0.0 Safari/537.36"
195.66.129.78 - - [10/Apr/2023:08:30:05 +0000] "GET /OneSignalSDKWorker.js?appId=6e4c05f0-48eb-4e8f-a6fb-520c16ec7eef&sdkVersion=151601 HTTP/1.1" 301 408 "https://tajrebatee.com/view-post/%D9%81%D9%8A-%D8%A7%D9%84%D8%B1%D8%B9%D8%A7%D9%8A%D8%A9-%D8%A7%D9%84%D8%B5%D8%AD%D9%8A%D8%A9-%D8%A7%D9%84%D8%AD%D9%84%D9%88%D9%84-%D8%A7%D9%84%D8%A8%D8%B3%D9%8A%D8%B7%D8%A9-%D9%85%D9%87%D9%85%D8%A9" "Mozilla/5.0 (Windows NT 10.0; Win64; x64) AppleWebKit/537.36 (KHTML, like Gecko) Chrome/111.0.0.0 Safari/537.36"
195.66.129.78 - - [10/Apr/2023:08:30:05 +0000] "GET /onesignalsdkworker.js?appId=6e4c05f0-48eb-4e8f-a6fb-520c16ec7eef&sdkVersion=151601 HTTP/1.1" 404 85032 "https://tajrebatee.com/view-post/%D9%81%D9%8A-%D8%A7%D9%84%D8%B1%D8%B9%D8%A7%D9%8A%D8%A9-%D8%A7%D9%84%D8%B5%D8%AD%D9%8A%D8%A9-%D8%A7%D9%84%D8%AD%D9%84%D9%88%D9%84-%D8%A7%D9%84%D8%A8%D8%B3%D9%8A%D8%B7%D8%A9-%D9%85%D9%87%D9%85%D8%A9" "Mozilla/5.0 (Windows NT 10.0; Win64; x64) AppleWebKit/537.36 (KHTML, like Gecko) Chrome/111.0.0.0 Safari/537.36"
195.66.129.78 - - [10/Apr/2023:08:30:14 +0000] "POST /live_updates.php HTTP/1.1" 200 838 "https://tajrebatee.com/view-post/%D9%81%D9%8A-%D8%A7%D9%84%D8%B1%D8%B9%D8%A7%D9%8A%D8%A9-%D8%A7%D9%84%D8%B5%D8%AD%D9%8A%D8%A9-%D8%A7%D9%84%D8%AD%D9%84%D9%88%D9%84-%D8%A7%D9%84%D8%A8%D8%B3%D9%8A%D8%B7%D8%A9-%D9%85%D9%87%D9%85%D8%A9" "Mozilla/5.0 (Windows NT 10.0; Win64; x64) AppleWebKit/537.36 (KHTML, like Gecko) Chrome/111.0.0.0 Safari/537.36"
40.77.167.165 - - [10/Apr/2023:08:30:19 +0000] "GET /view-post/-%D9%85%D9%80%D9%86-%D8%A7%D9%84%D9%80%D8%B0%D8%A7%D9%83%D9%80%D8%B1%D8%A9-1-%D8%A7%D9%84%D8%B5%D9%81%D8%AD%D8%A9-%D8%A7%D9%84%D8%A3%D9%88%D9%84%D9%89 HTTP/1.1" 200 27409 "-" "Mozilla/5.0 AppleWebKit/537.36 (KHTML, like Gecko; compatible; bingbot/2.0; +http://www.bing.com/bingbot.htm) Chrome/103.0.5060.134 Safari/537.36"
3.136.112.26 - - [10/Apr/2023:08:30:22 +0000] "GET /cache_public/bx_templ_less_099b4b3ba2bca71dae1147d885949118a27874d0.css HTTP/1.1" 200 8803 "-" "UNA 13.0.0-RC4"
195.66.129.78 - - [10/Apr/2023:08:30:21 +0000] "GET /edit-post/%D9%81%D9%8A-%D8%A7%D9%84%D8%B1%D8%B9%D8%A7%D9%8A%D8%A9-%D8%A7%D9%84%D8%B5%D8%AD%D9%8A%D8%A9-%D8%A7%D9%84%D8%AD%D9%84%D9%88%D9%84-%D8%A7%D9%84%D8%A8%D8%B3%D9%8A%D8%B7%D8%A9-%D9%85%D9%87%D9%85%D8%A9 HTTP/1.1" 200 27300 "https://tajrebatee.com/view-post/%D9%81%D9%8A-%D8%A7%D9%84%D8%B1%D8%B9%D8%A7%D9%8A%D8%A9-%D8%A7%D9%84%D8%B5%D8%AD%D9%8A%D8%A9-%D8%A7%D9%84%D8%AD%D9%84%D9%88%D9%84-%D8%A7%D9%84%D8%A8%D8%B3%D9%8A%D8%B7%D8%A9-%D9%85%D9%87%D9%85%D8%A9" "Mozilla/5.0 (Windows NT 10.0; Win64; x64) AppleWebKit/537.36 (KHTML, like Gecko) Chrome/111.0.0.0 Safari/537.36"
195.66.129.78 - - [10/Apr/2023:08:30:22 +0000] "GET /gzip_loader.php?file=bx_templ_css_ad035cc782793165e3d63c684df133d1.css HTTP/1.1" 200 42069 "https://tajrebatee.com/edit-post/%D9%81%D9%8A-%D8%A7%D9%84%D8%B1%D8%B9%D8%A7%D9%8A%D8%A9-%D8%A7%D9%84%D8%B5%D8%AD%D9%8A%D8%A9-%D8%A7%D9%84%D8%AD%D9%84%D9%88%D9%84-%D8%A7%D9%84%D8%A8%D8%B3%D9%8A%D8%B7%D8%A9-%D9%85%D9%87%D9%85%D8%A9" "Mozilla/5.0 (Windows NT 10.0; Win64; x64) AppleWebKit/537.36 (KHTML, like Gecko) Chrome/111.0.0.0 Safari/537.36"
195.66.129.78 - - [10/Apr/2023:08:30:23 +0000] "GET /gzip_loader.php?file=bx_templ_js_ee7113d123af84149289c402074d4798.js HTTP/1.1" 200 223979 "https://tajrebatee.com/edit-post/%D9%81%D9%8A-%D8%A7%D9%84%D8%B1%D8%B9%D8%A7%D9%8A%D8%A9-%D8%A7%D9%84%D8%B5%D8%AD%D9%8A%D8%A9-%D8%A7%D9%84%D8%AD%D9%84%D9%88%D9%84-%D8%A7%D9%84%D8%A8%D8%B3%D9%8A%D8%B7%D8%A9-%D9%85%D9%87%D9%85%D8%A9" "Mozilla/5.0 (Windows NT 10.0; Win64; x64) AppleWebKit/537.36 (KHTML, like Gecko) Chrome/111.0.0.0 Safari/537.36"
195.66.129.78 - - [10/Apr/2023:08:30:24 +0000] "GET /modules/sandklock/scroll_top_lite/js/core.js?_=1681115422426 HTTP/1.1" 200 859 "https://tajrebatee.com/edit-post/%D9%81%D9%8A-%D8%A7%D9%84%D8%B1%D8%B9%D8%A7%D9%8A%D8%A9-%D8%A7%D9%84%D8%B5%D8%AD%D9%8A%D8%A9-%D8%A7%D9%84%D8%AD%D9%84%D9%88%D9%84-%D8%A7%D9%84%D8%A8%D8%B3%D9%8A%D8%B7%D8%A9-%D9%85%D9%87%D9%85%D8%A9" "Mozilla/5.0 (Windows NT 10.0; Win64; x64) AppleWebKit/537.36 (KHTML, like Gecko) Chrome/111.0.0.0 Safari/537.36"
195.66.129.78 - - [10/Apr/2023:08:30:24 +0000] "GET /storage_uploader.php?uo=bx_posts_html5&so=bx_posts_covers&uid=cvKyQ7PK&img_trans=bx_posts_preview&a=restore_ghosts&f=json&c=113&_t=Mon%20Apr%2010%202023%2011%3A30%3A23%20GMT+0300%20%28GMT+03%3A00%29 HTTP/1.1" 200 1408 "https://tajrebatee.com/edit-post/%D9%81%D9%8A-%D8%A7%D9%84%D8%B1%D8%B9%D8%A7%D9%8A%D8%A9-%D8%A7%D9%84%D8%B5%D8%AD%D9%8A%D8%A9-%D8%A7%D9%84%D8%AD%D9%84%D9%88%D9%84-%D8%A7%D9%84%D8%A8%D8%B3%D9%8A%D8%B7%D8%A9-%D9%85%D9%87%D9%85%D8%A9" "Mozilla/5.0 (Windows NT 10.0; Win64; x64) AppleWebKit/537.36 (KHTML, like Gecko) Chrome/111.0.0.0 Safari/537.36"
195.66.129.78 - - [10/Apr/2023:08:30:24 +0000] "GET /storage_uploader.php?uo=bx_posts_sounds_html5&so=bx_posts_sounds&uid=zeeVtCHR&img_trans=bx_posts_preview_files&a=restore_ghosts&f=json&c=113&_t=Mon%20Apr%2010%202023%2011%3A30%3A23%20GMT+0300%20%28GMT+03%3A00%29 HTTP/1.1" 200 285 "https://tajrebatee.com/edit-post/%D9%81%D9%8A-%D8%A7%D9%84%D8%B1%D8%B9%D8%A7%D9%8A%D8%A9-%D8%A7%D9%84%D8%B5%D8%AD%D9%8A%D8%A9-%D8%A7%D9%84%D8%AD%D9%84%D9%88%D9%84-%D8%A7%D9%84%D8%A8%D8%B3%D9%8A%D8%B7%D8%A9-%D9%85%D9%87%D9%85%D8%A9" "Mozilla/5.0 (Windows NT 10.0; Win64; x64) AppleWebKit/537.36 (KHTML, like Gecko) Chrome/111.0.0.0 Safari/537.36"
195.66.129.78 - - [10/Apr/2023:08:30:24 +0000] "POST /live_updates.php HTTP/1.1" 200 580 "https://tajrebatee.com/edit-post/%D9%81%D9%8A-%D8%A7%D9%84%D8%B1%D8%B9%D8%A7%D9%8A%D8%A9-%D8%A7%D9%84%D8%B5%D8%AD%D9%8A%D8%A9-%D8%A7%D9%84%D8%AD%D9%84%D9%88%D9%84-%D8%A7%D9%84%D8%A8%D8%B3%D9%8A%D8%B7%D8%A9-%D9%85%D9%87%D9%85%D8%A9" "Mozilla/5.0 (Windows NT 10.0; Win64; x64) AppleWebKit/537.36 (KHTML, like Gecko) Chrome/111.0.0.0 Safari/537.36"
195.66.129.78 - - [10/Apr/2023:08:30:24 +0000] "GET /manifest.json.php?bx_name=tajrebatee.com HTTP/1.1" 200 416 "https://tajrebatee.com/edit-post/%D9%81%D9%8A-%D8%A7%D9%84%D8%B1%D8%B9%D8%A7%D9%8A%D8%A9-%D8%A7%D9%84%D8%B5%D8%AD%D9%8A%D8%A9-%D8%A7%D9%84%D8%AD%D9%84%D9%88%D9%84-%D8%A7%D9%84%D8%A8%D8%B3%D9%8A%D8%B7%D8%A9-%D9%85%D9%87%D9%85%D8%A9" "Mozilla/5.0 (Windows NT 10.0; Win64; x64) AppleWebKit/537.36 (KHTML, like Gecko) Chrome/111.0.0.0 Safari/537.36"
195.66.129.78 - - [10/Apr/2023:08:30:24 +0000] "GET /OneSignalSDKWorker.js?appId=6e4c05f0-48eb-4e8f-a6fb-520c16ec7eef&sdkVersion=151601 HTTP/1.1" 301 408 "https://tajrebatee.com/edit-post/%D9%81%D9%8A-%D8%A7%D9%84%D8%B1%D8%B9%D8%A7%D9%8A%D8%A9-%D8%A7%D9%84%D8%B5%D8%AD%D9%8A%D8%A9-%D8%A7%D9%84%D8%AD%D9%84%D9%88%D9%84-%D8%A7%D9%84%D8%A8%D8%B3%D9%8A%D8%B7%D8%A9-%D9%85%D9%87%D9%85%D8%A9" "Mozilla/5.0 (Windows NT 10.0; Win64; x64) AppleWebKit/537.36 (KHTML, like Gecko) Chrome/111.0.0.0 Safari/537.36"
195.66.129.78 - - [10/Apr/2023:08:30:25 +0000] "GET /OneSignalSDKWorker.js?appId=6e4c05f0-48eb-4e8f-a6fb-520c16ec7eef&sdkVersion=151601 HTTP/1.1" 301 408 "https://tajrebatee.com/edit-post/%D9%81%D9%8A-%D8%A7%D9%84%D8%B1%D8%B9%D8%A7%D9%8A%D8%A9-%D8%A7%D9%84%D8%B5%D8%AD%D9%8A%D8%A9-%D8%A7%D9%84%D8%AD%D9%84%D9%88%D9%84-%D8%A7%D9%84%D8%A8%D8%B3%D9%8A%D8%B7%D8%A9-%D9%85%D9%87%D9%85%D8%A9" "Mozilla/5.0 (Windows NT 10.0; Win64; x64) AppleWebKit/537.36 (KHTML, like Gecko) Chrome/111.0.0.0 Safari/537.36"
195.66.129.78 - - [10/Apr/2023:08:30:25 +0000] "GET /onesignalsdkworker.js?appId=6e4c05f0-48eb-4e8f-a6fb-520c16ec7eef&sdkVersion=151601 HTTP/1.1" 404 85033 "https://tajrebatee.com/edit-post/%D9%81%D9%8A-%D8%A7%D9%84%D8%B1%D8%B9%D8%A7%D9%8A%D8%A9-%D8%A7%D9%84%D8%B5%D8%AD%D9%8A%D8%A9-%D8%A7%D9%84%D8%AD%D9%84%D9%88%D9%84-%D8%A7%D9%84%D8%A8%D8%B3%D9%8A%D8%B7%D8%A9-%D9%85%D9%87%D9%85%D8%A9" "Mozilla/5.0 (Windows NT 10.0; Win64; x64) AppleWebKit/537.36 (KHTML, like Gecko) Chrome/111.0.0.0 Safari/537.36"
195.66.129.78 - - [10/Apr/2023:08:30:34 +0000] "POST /live_updates.php HTTP/1.1" 200 838 "https://tajrebatee.com/edit-post/%D9%81%D9%8A-%D8%A7%D9%84%D8%B1%D8%B9%D8%A7%D9%8A%D8%A9-%D8%A7%D9%84%D8%B5%D8%AD%D9%8A%D8%A9-%D8%A7%D9%84%D8%AD%D9%84%D9%88%D9%84-%D8%A7%D9%84%D8%A8%D8%B3%D9%8A%D8%B7%D8%A9-%D9%85%D9%87%D9%85%D8%A9" "Mozilla/5.0 (Windows NT 10.0; Win64; x64) AppleWebKit/537.36 (KHTML, like Gecko) Chrome/111.0.0.0 Safari/537.36"
195.66.129.78 - - [10/Apr/2023:08:30:44 +0000] "POST /live_updates.php HTTP/1.1" 200 838 "https://tajrebatee.com/edit-post/%D9%81%D9%8A-%D8%A7%D9%84%D8%B1%D8%B9%D8%A7%D9%8A%D8%A9-%D8%A7%D9%84%D8%B5%D8%AD%D9%8A%D8%A9-%D8%A7%D9%84%D8%AD%D9%84%D9%88%D9%84-%D8%A7%D9%84%D8%A8%D8%B3%D9%8A%D8%B7%D8%A9-%D9%85%D9%87%D9%85%D8%A9" "Mozilla/5.0 (Windows NT 10.0; Win64; x64) AppleWebKit/537.36 (KHTML, like Gecko) Chrome/111.0.0.0 Safari/537.36"
195.66.129.78 - - [10/Apr/2023:08:30:54 +0000] "POST /live_updates.php HTTP/1.1" 200 838 "https://tajrebatee.com/edit-post/%D9%81%D9%8A-%D8%A7%D9%84%D8%B1%D8%B9%D8%A7%D9%8A%D8%A9-%D8%A7%D9%84%D8%B5%D8%AD%D9%8A%D8%A9-%D8%A7%D9%84%D8%AD%D9%84%D9%88%D9%84-%D8%A7%D9%84%D8%A8%D8%B3%D9%8A%D8%B7%D8%A9-%D9%85%D9%87%D9%85%D8%A9" "Mozilla/5.0 (Windows NT 10.0; Win64; x64) AppleWebKit/537.36 (KHTML, like Gecko) Chrome/111.0.0.0 Safari/537.36"
195.66.129.78 - - [10/Apr/2023:08:31:00 +0000] "POST /edit-post/%D9%81%D9%8A-%D8%A7%D9%84%D8%B1%D8%B9%D8%A7%D9%8A%D8%A9-%D8%A7%D9%84%D8%B5%D8%AD%D9%8A%D8%A9-%D8%A7%D9%84%D8%AD%D9%84%D9%88%D9%84-%D8%A7%D9%84%D8%A8%D8%B3%D9%8A%D8%B7%D8%A9-%D9%85%D9%87%D9%85%D8%A9 HTTP/1.1" 302 953 "https://tajrebatee.com/edit-post/%D9%81%D9%8A-%D8%A7%D9%84%D8%B1%D8%B9%D8%A7%D9%8A%D8%A9-%D8%A7%D9%84%D8%B5%D8%AD%D9%8A%D8%A9-%D8%A7%D9%84%D8%AD%D9%84%D9%88%D9%84-%D8%A7%D9%84%D8%A8%D8%B3%D9%8A%D8%B7%D8%A9-%D9%85%D9%87%D9%85%D8%A9" "Mozilla/5.0 (Windows NT 10.0; Win64; x64) AppleWebKit/537.36 (KHTML, like Gecko) Chrome/111.0.0.0 Safari/537.36"
195.66.129.78 - - [10/Apr/2023:08:31:01 +0000] "GET /view-post/%D9%81%D9%8A-%D8%A7%D9%84%D8%B1%D8%B9%D8%A7%D9%8A%D8%A9-%D8%A7%D9%84%D8%B5%D8%AD%D9%8A%D8%A9-%D8%A7%D9%84%D8%AD%D9%84%D9%88%D9%84-%D8%A7%D9%84%D8%A8%D8%B3%D9%8A%D8%B7%D8%A9-%D9%85%D9%87%D9%85%D8%A9 HTTP/1.1" 200 32410 "https://tajrebatee.com/edit-post/%D9%81%D9%8A-%D8%A7%D9%84%D8%B1%D8%B9%D8%A7%D9%8A%D8%A9-%D8%A7%D9%84%D8%B5%D8%AD%D9%8A%D8%A9-%D8%A7%D9%84%D8%AD%D9%84%D9%88%D9%84-%D8%A7%D9%84%D8%A8%D8%B3%D9%8A%D8%B7%D8%A9-%D9%85%D9%87%D9%85%D8%A9" "Mozilla/5.0 (Windows NT 10.0; Win64; x64) AppleWebKit/537.36 (KHTML, like Gecko) Chrome/111.0.0.0 Safari/537.36"
195.66.129.78 - - [10/Apr/2023:08:31:02 +0000] "GET /modules/sandklock/scroll_top_lite/js/core.js?_=1681115461891 HTTP/1.1" 200 859 "https://tajrebatee.com/view-post/%D9%81%D9%8A-%D8%A7%D9%84%D8%B1%D8%B9%D8%A7%D9%8A%D8%A9-%D8%A7%D9%84%D8%B5%D8%AD%D9%8A%D8%A9-%D8%A7%D9%84%D8%AD%D9%84%D9%88%D9%84-%D8%A7%D9%84%D8%A8%D8%B3%D9%8A%D8%B7%D8%A9-%D9%85%D9%87%D9%85%D8%A9" "Mozilla/5.0 (Windows NT 10.0; Win64; x64) AppleWebKit/537.36 (KHTML, like Gecko) Chrome/111.0.0.0 Safari/537.36"
195.66.129.78 - - [10/Apr/2023:08:31:03 +0000] "POST /live_updates.php HTTP/1.1" 200 580 "https://tajrebatee.com/view-post/%D9%81%D9%8A-%D8%A7%D9%84%D8%B1%D8%B9%D8%A7%D9%8A%D8%A9-%D8%A7%D9%84%D8%B5%D8%AD%D9%8A%D8%A9-%D8%A7%D9%84%D8%AD%D9%84%D9%88%D9%84-%D8%A7%D9%84%D8%A8%D8%B3%D9%8A%D8%B7%D8%A9-%D9%85%D9%87%D9%85%D8%A9" "Mozilla/5.0 (Windows NT 10.0; Win64; x64) AppleWebKit/537.36 (KHTML, like Gecko) Chrome/111.0.0.0 Safari/537.36"
195.66.129.78 - - [10/Apr/2023:08:31:03 +0000] "GET /storage_uploader.php?uo=sys_cmts_html5&so=sys_cmts_images&uid=NJ3cbtbv&img_trans=sys_cmts_images_preview&a=restore_ghosts&f=json&c=0&_t=Mon%20Apr%2010%202023%2011%3A31%3A02%20GMT+0300%20%28GMT+03%3A00%29 HTTP/1.1" 200 845 "https://tajrebatee.com/view-post/%D9%81%D9%8A-%D8%A7%D9%84%D8%B1%D8%B9%D8%A7%D9%8A%D8%A9-%D8%A7%D9%84%D8%B5%D8%AD%D9%8A%D8%A9-%D8%A7%D9%84%D8%AD%D9%84%D9%88%D9%84-%D8%A7%D9%84%D8%A8%D8%B3%D9%8A%D8%B7%D8%A9-%D9%85%D9%87%D9%85%D8%A9" "Mozilla/5.0 (Windows NT 10.0; Win64; x64) AppleWebKit/537.36 (KHTML, like Gecko) Chrome/111.0.0.0 Safari/537.36"
195.66.129.78 - - [10/Apr/2023:08:31:03 +0000] "GET /manifest.json.php?bx_name=tajrebatee.com HTTP/1.1" 200 416 "https://tajrebatee.com/view-post/%D9%81%D9%8A-%D8%A7%D9%84%D8%B1%D8%B9%D8%A7%D9%8A%D8%A9-%D8%A7%D9%84%D8%B5%D8%AD%D9%8A%D8%A9-%D8%A7%D9%84%D8%AD%D9%84%D9%88%D9%84-%D8%A7%D9%84%D8%A8%D8%B3%D9%8A%D8%B7%D8%A9-%D9%85%D9%87%D9%85%D8%A9" "Mozilla/5.0 (Windows NT 10.0; Win64; x64) AppleWebKit/537.36 (KHTML, like Gecko) Chrome/111.0.0.0 Safari/537.36"
195.66.129.78 - - [10/Apr/2023:08:31:03 +0000] "GET /OneSignalSDKWorker.js?appId=6e4c05f0-48eb-4e8f-a6fb-520c16ec7eef&sdkVersion=151601 HTTP/1.1" 301 408 "https://tajrebatee.com/view-post/%D9%81%D9%8A-%D8%A7%D9%84%D8%B1%D8%B9%D8%A7%D9%8A%D8%A9-%D8%A7%D9%84%D8%B5%D8%AD%D9%8A%D8%A9-%D8%A7%D9%84%D8%AD%D9%84%D9%88%D9%84-%D8%A7%D9%84%D8%A8%D8%B3%D9%8A%D8%B7%D8%A9-%D9%85%D9%87%D9%85%D8%A9" "Mozilla/5.0 (Windows NT 10.0; Win64; x64) AppleWebKit/537.36 (KHTML, like Gecko) Chrome/111.0.0.0 Safari/537.36"
