195.66.129.78 - - [10/Apr/2023:08:31:04 +0000] "GET /OneSignalSDKWorker.js?appId=6e4c05f0-48eb-4e8f-a6fb-520c16ec7eef&sdkVersion=151601 HTTP/1.1" 301 408 "https://tajrebatee.com/view-post/%D9%81%D9%8A-%D8%A7%D9%84%D8%B1%D8%B9%D8%A7%D9%8A%D8%A9-%D8%A7%D9%84%D8%B5%D8%AD%D9%8A%D8%A9-%D8%A7%D9%84%D8%AD%D9%84%D9%88%D9%84-%D8%A7%D9%84%D8%A8%D8%B3%D9%8A%D8%B7%D8%A9-%D9%85%D9%87%D9%85%D8%A9" "Mozilla/5.0 (Windows NT 10.0; Win64; x64) AppleWebKit/537.36 (KHTML, like Gecko) Chrome/111.0.0.0 Safari/537.36"
195.66.129.78 - - [10/Apr/2023:08:31:04 +0000] "GET /onesignalsdkworker.js?appId=6e4c05f0-48eb-4e8f-a6fb-520c16ec7eef&sdkVersion=151601 HTTP/1.1" 404 85034 "https://tajrebatee.com/view-post/%D9%81%D9%8A-%D8%A7%D9%84%D8%B1%D8%B9%D8%A7%D9%8A%D8%A9-%D8%A7%D9%84%D8%B5%D8%AD%D9%8A%D8%A9-%D8%A7%D9%84%D8%AD%D9%84%D9%88%D9%84-%D8%A7%D9%84%D8%A8%D8%B3%D9%8A%D8%B7%D8%A9-%D9%85%D9%87%D9%85%D8%A9" "Mozilla/5.0 (Windows NT 10.0; Win64; x64) AppleWebKit/537.36 (KHTML, like Gecko) Chrome/111.0.0.0 Safari/537.36"
195.66.129.78 - - [10/Apr/2023:08:31:13 +0000] "POST /live_updates.php HTTP/1.1" 200 838 "https://tajrebatee.com/view-post/%D9%81%D9%8A-%D8%A7%D9%84%D8%B1%D8%B9%D8%A7%D9%8A%D8%A9-%D8%A7%D9%84%D8%B5%D8%AD%D9%8A%D8%A9-%D8%A7%D9%84%D8%AD%D9%84%D9%88%D9%84-%D8%A7%D9%84%D8%A8%D8%B3%D9%8A%D8%B7%D8%A9-%D9%85%D9%87%D9%85%D8%A9" "Mozilla/5.0 (Windows NT 10.0; Win64; x64) AppleWebKit/537.36 (KHTML, like Gecko) Chrome/111.0.0.0 Safari/537.36"
195.66.129.78 - - [10/Apr/2023:08:31:15 +0000] "GET /view.php?sys=bx_posts&id=113&_t=1681115474404&action=GetViewedBy HTTP/1.1" 200 836 "https://tajrebatee.com/view-post/%D9%81%D9%8A-%D8%A7%D9%84%D8%B1%D8%B9%D8%A7%D9%8A%D8%A9-%D8%A7%D9%84%D8%B5%D8%AD%D9%8A%D8%A9-%D8%A7%D9%84%D8%AD%D9%84%D9%88%D9%84-%D8%A7%D9%84%D8%A8%D8%B3%D9%8A%D8%B7%D8%A9-%D9%85%D9%87%D9%85%D8%A9" "Mozilla/5.0 (Windows NT 10.0; Win64; x64) AppleWebKit/537.36 (KHTML, like Gecko) Chrome/111.0.0.0 Safari/537.36"
195.66.129.78 - - [10/Apr/2023:08:31:23 +0000] "POST /live_updates.php HTTP/1.1" 200 838 "https://tajrebatee.com/view-post/%D9%81%D9%8A-%D8%A7%D9%84%D8%B1%D8%B9%D8%A7%D9%8A%D8%A9-%D8%A7%D9%84%D8%B5%D8%AD%D9%8A%D8%A9-%D8%A7%D9%84%D8%AD%D9%84%D9%88%D9%84-%D8%A7%D9%84%D8%A8%D8%B3%D9%8A%D8%B7%D8%A9-%D9%85%D9%87%D9%85%D8%A9" "Mozilla/5.0 (Windows NT 10.0; Win64; x64) AppleWebKit/537.36 (KHTML, like Gecko) Chrome/111.0.0.0 Safari/537.36"
195.66.129.78 - - [10/Apr/2023:08:31:33 +0000] "POST /live_updates.php HTTP/1.1" 200 838 "https://tajrebatee.com/view-post/%D9%81%D9%8A-%D8%A7%D9%84%D8%B1%D8%B9%D8%A7%D9%8A%D8%A9-%D8%A7%D9%84%D8%B5%D8%AD%D9%8A%D8%A9-%D8%A7%D9%84%D8%AD%D9%84%D9%88%D9%84-%D8%A7%D9%84%D8%A8%D8%B3%D9%8A%D8%B7%D8%A9-%D9%85%D9%87%D9%85%D8%A9" "Mozilla/5.0 (Windows NT 10.0; Win64; x64) AppleWebKit/537.36 (KHTML, like Gecko) Chrome/111.0.0.0 Safari/537.36"
114.119.148.233 - - [10/Apr/2023:08:31:33 +0000] "GET /view-news-comments/%D9%84%D9%85%D8%A7%D8%B0%D8%A7-%D8%A3%D8%B1%D8%AC%D8%A3%D8%AA-%D9%83%D9%88%D8%B3%D9%88%D9%81%D9%88-%D8%AA%D8%B7%D8%A8%D9%8A%D9%82-%D9%82%D9%88%D8%A7%D8%B9%D8%AF-%D8%AA%D8%BA%D9%8A%D9%8A%D8%B1-%D8%A3%D8%B1%D9%82%D8%A7%D9%85?lang=ar HTTP/1.1" 200 18976 "https://tajrebatee.com/view-news/%D9%84%D9%85%D8%A7%D8%B0%D8%A7-%D8%A3%D8%B1%D8%AC%D8%A3%D8%AA-%D9%83%D9%88%D8%B3%D9%88%D9%81%D9%88-%D8%AA%D8%B7%D8%A8%D9%8A%D9%82-%D9%82%D9%88%D8%A7%D8%B9%D8%AF-%D8%AA%D8%BA%D9%8A%D9%8A%D8%B1-%D8%A3%D8%B1%D9%82%D8%A7%D9%85" "Mozilla/5.0 (Linux; Android 7.0;) AppleWebKit/537.36 (KHTML, like Gecko) Mobile Safari/537.36 (compatible; PetalBot;+https://webmaster.petalsearch.com/site/petalbot)"
195.66.129.78 - - [10/Apr/2023:08:31:32 +0000] "GET / HTTP/1.1" 200 43989 "https://tajrebatee.com/view-post/%D9%81%D9%8A-%D8%A7%D9%84%D8%B1%D8%B9%D8%A7%D9%8A%D8%A9-%D8%A7%D9%84%D8%B5%D8%AD%D9%8A%D8%A9-%D8%A7%D9%84%D8%AD%D9%84%D9%88%D9%84-%D8%A7%D9%84%D8%A8%D8%B3%D9%8A%D8%B7%D8%A9-%D9%85%D9%87%D9%85%D8%A9" "Mozilla/5.0 (Windows NT 10.0; Win64; x64) AppleWebKit/537.36 (KHTML, like Gecko) Chrome/111.0.0.0 Safari/537.36"
195.66.129.78 - - [10/Apr/2023:08:31:35 +0000] "GET /modules/sandklock/scroll_top_lite/js/core.js?_=1681115494374 HTTP/1.1" 200 859 "https://tajrebatee.com/" "Mozilla/5.0 (Windows NT 10.0; Win64; x64) AppleWebKit/537.36 (KHTML, like Gecko) Chrome/111.0.0.0 Safari/537.36"
185.191.171.38 - - [10/Apr/2023:08:31:35 +0000] "GET /view-news-comments/%D8%AA%D9%86%D8%B6%D9%85-%D8%A5%D9%84%D9%8A%D9%87%D8%A7-%D9%88%D8%B5%D9%8A%D8%A9-%D8%A5%D9%84%D9%8A%D8%B2%D8%A7%D8%A8%D9%8A%D8%AB-%D8%AE%D8%B2%D8%A7%D9%86%D8%A9-%D9%81%D9%8A-%D9%85%D9%83%D8%A7%D9%86 HTTP/1.1" 200 18276 "-" "Mozilla/5.0 (compatible; SemrushBot/7~bl; +http://www.semrush.com/bot.html)"
195.66.129.78 - - [10/Apr/2023:08:31:35 +0000] "GET /image_transcoder.php?o=bx_posts_gallery&h=119&dpx=2&t=1681115493 HTTP/1.1" 302 406 "https://tajrebatee.com/" "Mozilla/5.0 (Windows NT 10.0; Win64; x64) AppleWebKit/537.36 (KHTML, like Gecko) Chrome/111.0.0.0 Safari/537.36"
195.66.129.78 - - [10/Apr/2023:08:31:35 +0000] "GET /image_transcoder.php?o=sys_images_editor&h=5&dpx=2&t=1654661552 HTTP/1.1" 302 408 "https://tajrebatee.com/" "Mozilla/5.0 (Windows NT 10.0; Win64; x64) AppleWebKit/537.36 (KHTML, like Gecko) Chrome/111.0.0.0 Safari/537.36"
195.66.129.78 - - [10/Apr/2023:08:31:36 +0000] "GET /image_transcoder.php?o=sys_images_editor&h=46&dpx=2&t=1658747091 HTTP/1.1" 302 408 "https://tajrebatee.com/" "Mozilla/5.0 (Windows NT 10.0; Win64; x64) AppleWebKit/537.36 (KHTML, like Gecko) Chrome/111.0.0.0 Safari/537.36"
195.66.129.78 - - [10/Apr/2023:08:31:36 +0000] "POST /live_updates.php HTTP/1.1" 200 1140 "https://tajrebatee.com/" "Mozilla/5.0 (Windows NT 10.0; Win64; x64) AppleWebKit/537.36 (KHTML, like Gecko) Chrome/111.0.0.0 Safari/537.36"
195.66.129.78 - - [10/Apr/2023:08:31:36 +0000] "POST /?dynamic=tab&pageBlock=1780 HTTP/1.1" 200 605 "https://tajrebatee.com/" "Mozilla/5.0 (Windows NT 10.0; Win64; x64) AppleWebKit/537.36 (KHTML, like Gecko) Chrome/111.0.0.0 Safari/537.36"
195.66.129.78 - - [10/Apr/2023:08:31:36 +0000] "GET /storage_uploader.php?uo=sys_html5&so=bx_convos_files&uid=m29x9cKw&img_trans=bx_convos_preview&a=restore_ghosts&f=json&c=0&_t=Mon%20Apr%2010%202023%2011%3A31%3A35%20GMT+0300%20%28GMT+03%3A00%29 HTTP/1.1" 200 845 "https://tajrebatee.com/" "Mozilla/5.0 (Windows NT 10.0; Win64; x64) AppleWebKit/537.36 (KHTML, like Gecko) Chrome/111.0.0.0 Safari/537.36"
195.66.129.78 - - [10/Apr/2023:08:31:36 +0000] "GET /storage_uploader.php?uo=bx_timeline_html5_photo&so=bx_timeline_photos&uid=2Xv9cRWp&img_trans=bx_timeline_photos_preview&a=restore_ghosts&f=json&c=0&_t=Mon%20Apr%2010%202023%2011%3A31%3A35%20GMT+0300%20%28GMT+03%3A00%29 HTTP/1.1" 200 5482 "https://tajrebatee.com/" "Mozilla/5.0 (Windows NT 10.0; Win64; x64) AppleWebKit/537.36 (KHTML, like Gecko) Chrome/111.0.0.0 Safari/537.36"
195.66.129.78 - - [10/Apr/2023:08:31:36 +0000] "GET /storage_uploader.php?uo=bx_timeline_html5_video&so=bx_timeline_videos&uid=9r2taFRK&img_trans=bx_timeline_proxy_preview&a=restore_ghosts&f=json&c=0&_t=Mon%20Apr%2010%202023%2011%3A31%3A35%20GMT+0300%20%28GMT+03%3A00%29 HTTP/1.1" 200 285 "https://tajrebatee.com/" "Mozilla/5.0 (Windows NT 10.0; Win64; x64) AppleWebKit/537.36 (KHTML, like Gecko) Chrome/111.0.0.0 Safari/537.36"
195.66.129.78 - - [10/Apr/2023:08:31:36 +0000] "GET /storage_uploader.php?uo=bx_timeline_record_video&so=bx_timeline_videos&uid=9r2taFRK&img_trans=bx_timeline_proxy_preview&a=restore_ghosts&f=json&c=0&_t=Mon%20Apr%2010%202023%2011%3A31%3A35%20GMT+0300%20%28GMT+03%3A00%29 HTTP/1.1" 200 285 "https://tajrebatee.com/" "Mozilla/5.0 (Windows NT 10.0; Win64; x64) AppleWebKit/537.36 (KHTML, like Gecko) Chrome/111.0.0.0 Safari/537.36"
195.66.129.78 - - [10/Apr/2023:08:31:36 +0000] "POST /?dynamic=tab&pageBlock=1944 HTTP/1.1" 200 1827 "https://tajrebatee.com/" "Mozilla/5.0 (Windows NT 10.0; Win64; x64) AppleWebKit/537.36 (KHTML, like Gecko) Chrome/111.0.0.0 Safari/537.36"
195.66.129.78 - - [10/Apr/2023:08:31:38 +0000] "GET /OneSignalSDKWorker.js?appId=6e4c05f0-48eb-4e8f-a6fb-520c16ec7eef&sdkVersion=151601 HTTP/1.1" 301 408 "https://tajrebatee.com/" "Mozilla/5.0 (Windows NT 10.0; Win64; x64) AppleWebKit/537.36 (KHTML, like Gecko) Chrome/111.0.0.0 Safari/537.36"
195.66.129.78 - - [10/Apr/2023:08:31:36 +0000] "POST /?dynamic=tab&pageBlock=2794 HTTP/1.1" 200 25505 "https://tajrebatee.com/" "Mozilla/5.0 (Windows NT 10.0; Win64; x64) AppleWebKit/537.36 (KHTML, like Gecko) Chrome/111.0.0.0 Safari/537.36"
195.66.129.78 - - [10/Apr/2023:08:31:38 +0000] "GET /OneSignalSDKWorker.js?appId=6e4c05f0-48eb-4e8f-a6fb-520c16ec7eef&sdkVersion=151601 HTTP/1.1" 301 408 "https://tajrebatee.com/" "Mozilla/5.0 (Windows NT 10.0; Win64; x64) AppleWebKit/537.36 (KHTML, like Gecko) Chrome/111.0.0.0 Safari/537.36"
195.66.129.78 - - [10/Apr/2023:08:31:38 +0000] "GET /onesignalsdkworker.js?appId=6e4c05f0-48eb-4e8f-a6fb-520c16ec7eef&sdkVersion=151601 HTTP/1.1" 404 85034 "https://tajrebatee.com/" "Mozilla/5.0 (Windows NT 10.0; Win64; x64) AppleWebKit/537.36 (KHTML, like Gecko) Chrome/111.0.0.0 Safari/537.36"
195.66.129.78 - - [10/Apr/2023:08:31:39 +0000] "GET /manifest.json.php?bx_name=tajrebatee.com HTTP/1.1" 200 416 "https://tajrebatee.com/" "Mozilla/5.0 (Windows NT 10.0; Win64; x64) AppleWebKit/537.36 (KHTML, like Gecko) Chrome/111.0.0.0 Safari/537.36"
185.191.171.13 - - [10/Apr/2023:08:31:39 +0000] "GET /view-news-comments/%D8%B4%D8%A7%D9%87%D8%AF-%D8%AC%D9%81%D8%A7%D9%81-%D8%A3%D8%B7%D9%88%D9%84-%D8%A3%D9%86%D9%87%D8%A7%D8%B1-%D8%A7%D9%84%D8%B5%D9%8A%D9%86-%D8%AC%D8%B1%D8%A7%D8%A1-%D8%A3%D8%B3%D9%88%D8%A3 HTTP/1.1" 200 18452 "-" "Mozilla/5.0 (compatible; SemrushBot/7~bl; +http://www.semrush.com/bot.html)"
114.119.155.232 - - [10/Apr/2023:08:31:40 +0000] "GET /view-news-comments/%D9%84%D9%85%D8%A7%D8%B0%D8%A7-%D8%A7%D8%B1%D8%AA%D9%81%D8%B9%D8%AA-%D8%A3%D8%B3%D8%B9%D8%A7%D8%B1-%D8%A7%D9%84%D9%88%D9%82%D9%88%D8%AF-%D9%81%D9%8A-%D8%A7%D9%84%D8%A5%D9%85%D8%A7%D8%B1%D8%A7%D8%AA HTTP/1.1" 200 18281 "https://tajrebatee.com/view-news/%D9%84%D9%85%D8%A7%D8%B0%D8%A7-%D8%A7%D8%B1%D8%AA%D9%81%D8%B9%D8%AA-%D8%A3%D8%B3%D8%B9%D8%A7%D8%B1-%D8%A7%D9%84%D9%88%D9%82%D9%88%D8%AF-%D9%81%D9%8A-%D8%A7%D9%84%D8%A5%D9%85%D8%A7%D8%B1%D8%A7%D8%AA?lang=en" "Mozilla/5.0 (Linux; Android 7.0;) AppleWebKit/537.36 (KHTML, like Gecko) Mobile Safari/537.36 (compatible; PetalBot;+https://webmaster.petalsearch.com/site/petalbot)"
::1 - - [10/Apr/2023:08:31:44 +0000] "OPTIONS * HTTP/1.0" 200 126 "-" "Apache/2.4.29 (Ubuntu) OpenSSL/1.1.1 (internal dummy connection)"
::1 - - [10/Apr/2023:08:31:45 +0000] "OPTIONS * HTTP/1.0" 200 126 "-" "Apache/2.4.29 (Ubuntu) OpenSSL/1.1.1 (internal dummy connection)"
::1 - - [10/Apr/2023:08:31:47 +0000] "OPTIONS * HTTP/1.0" 200 126 "-" "Apache/2.4.29 (Ubuntu) OpenSSL/1.1.1 (internal dummy connection)"
216.244.66.201 - - [10/Apr/2023:08:31:54 +0000] "GET /m/posts/rss/author/17 HTTP/1.1" 200 31094 "-" "Mozilla/5.0 (compatible; DotBot/1.2; +https://opensiteexplorer.org/dotbot; help@moz.com)"
195.66.128.96 - - [10/Apr/2023:08:32:00 +0000] "POST /live_updates.php HTTP/1.1" 200 5778 "https://tajrebatee.com/item/%D8%A7%D9%84%D8%B3%D9%84%D8%A7%D9%85-%D8%B9%D9%84%D9%8A%D9%83%D9%85-%D8%A8%D8%A7%D8%B1%D9%83-%D8%A7%D9%84%D9%84%D9%87-%D9%81%D9%8A%D9%83%D9%85-%D8%B9%D9%84%D9%89-%D8%A7%D8%B6%D8%A7%D9%81%D8%AA%D9%8A" "UNAMobileApp/Mobile (android)"
195.66.128.96 - - [10/Apr/2023:08:32:06 +0000] "POST /live_updates.php HTTP/1.1" 200 838 "https://tajrebatee.com/item/%D8%A7%D9%84%D8%B3%D9%84%D8%A7%D9%85-%D8%B9%D9%84%D9%8A%D9%83%D9%85-%D8%A8%D8%A7%D8%B1%D9%83-%D8%A7%D9%84%D9%84%D9%87-%D9%81%D9%8A%D9%83%D9%85-%D8%B9%D9%84%D9%89-%D8%A7%D8%B6%D8%A7%D9%81%D8%AA%D9%8A" "UNAMobileApp/Mobile (android)"
195.66.128.96 - - [10/Apr/2023:08:32:06 +0000] "GET /posts-home HTTP/1.1" 200 23309 "https://tajrebatee.com/item/%D8%A7%D9%84%D8%B3%D9%84%D8%A7%D9%85-%D8%B9%D9%84%D9%8A%D9%83%D9%85-%D8%A8%D8%A7%D8%B1%D9%83-%D8%A7%D9%84%D9%84%D9%87-%D9%81%D9%8A%D9%83%D9%85-%D8%B9%D9%84%D9%89-%D8%A7%D8%B6%D8%A7%D9%81%D8%AA%D9%8A" "UNAMobileApp/Mobile (android)"
195.66.128.96 - - [10/Apr/2023:08:32:07 +0000] "GET /gzip_loader.php?file=bx_templ_css_c09278abd510e925cf34820edfd564ab.css HTTP/1.1" 200 10331 "https://tajrebatee.com/posts-home" "UNAMobileApp/Mobile (android)"
195.66.128.96 - - [10/Apr/2023:08:32:07 +0000] "GET /gzip_loader.php?file=bx_templ_js_3084c9181538652e7970aeeff7c7f2d6.js HTTP/1.1" 200 25924 "https://tajrebatee.com/posts-home" "UNAMobileApp/Mobile (android)"
51.222.253.4 - - [10/Apr/2023:08:32:07 +0000] "GET /view-news-comments/19g36yc HTTP/1.1" 200 18207 "-" "Mozilla/5.0 (compatible; AhrefsBot/7.0; +http://ahrefs.com/robot/)"
195.66.128.96 - - [10/Apr/2023:08:32:08 +0000] "GET /modules/sandklock/scroll_top_lite/js/core.js?_=1681115528118 HTTP/1.1" 200 859 "https://tajrebatee.com/posts-home" "UNAMobileApp/Mobile (android)"
195.66.128.96 - - [10/Apr/2023:08:32:08 +0000] "POST /live_updates.php HTTP/1.1" 200 580 "https://tajrebatee.com/posts-home" "UNAMobileApp/Mobile (android)"
195.66.128.96 - - [10/Apr/2023:08:32:08 +0000] "GET /image_transcoder.php?o=bx_posts_gallery&h=119&dpx=1&t=1681115526 HTTP/1.1" 302 406 "https://tajrebatee.com/posts-home" "UNAMobileApp/Mobile (android)"
195.66.128.96 - - [10/Apr/2023:08:32:12 +0000] "GET /view-post/%D9%81%D9%8A-%D8%A7%D9%84%D8%B1%D8%B9%D8%A7%D9%8A%D8%A9-%D8%A7%D9%84%D8%B5%D8%AD%D9%8A%D8%A9-%D8%A7%D9%84%D8%AD%D9%84%D9%88%D9%84-%D8%A7%D9%84%D8%A8%D8%B3%D9%8A%D8%B7%D8%A9-%D9%85%D9%87%D9%85%D8%A9 HTTP/1.1" 200 34963 "https://tajrebatee.com/posts-home" "UNAMobileApp/Mobile (android)"
195.66.128.96 - - [10/Apr/2023:08:32:13 +0000] "GET /gzip_loader.php?file=bx_templ_css_35e10115764a03fee6eed4b90dfd6454.css HTTP/1.1" 200 37013 "https://tajrebatee.com/view-post/%D9%81%D9%8A-%D8%A7%D9%84%D8%B1%D8%B9%D8%A7%D9%8A%D8%A9-%D8%A7%D9%84%D8%B5%D8%AD%D9%8A%D8%A9-%D8%A7%D9%84%D8%AD%D9%84%D9%88%D9%84-%D8%A7%D9%84%D8%A8%D8%B3%D9%8A%D8%B7%D8%A9-%D9%85%D9%87%D9%85%D8%A9" "UNAMobileApp/Mobile (android)"
195.66.128.96 - - [10/Apr/2023:08:32:13 +0000] "GET /gzip_loader.php?file=bx_templ_js_f195178dcb61976ab35428185572613b.js HTTP/1.1" 200 242647 "https://tajrebatee.com/view-post/%D9%81%D9%8A-%D8%A7%D9%84%D8%B1%D8%B9%D8%A7%D9%8A%D8%A9-%D8%A7%D9%84%D8%B5%D8%AD%D9%8A%D8%A9-%D8%A7%D9%84%D8%AD%D9%84%D9%88%D9%84-%D8%A7%D9%84%D8%A8%D8%B3%D9%8A%D8%B7%D8%A9-%D9%85%D9%87%D9%85%D8%A9" "UNAMobileApp/Mobile (android)"
195.66.128.96 - - [10/Apr/2023:08:32:14 +0000] "GET /modules/sandklock/scroll_top_lite/js/core.js?_=1681115534194 HTTP/1.1" 200 859 "https://tajrebatee.com/view-post/%D9%81%D9%8A-%D8%A7%D9%84%D8%B1%D8%B9%D8%A7%D9%8A%D8%A9-%D8%A7%D9%84%D8%B5%D8%AD%D9%8A%D8%A9-%D8%A7%D9%84%D8%AD%D9%84%D9%88%D9%84-%D8%A7%D9%84%D8%A8%D8%B3%D9%8A%D8%B7%D8%A9-%D9%85%D9%87%D9%85%D8%A9" "UNAMobileApp/Mobile (android)"
195.66.128.96 - - [10/Apr/2023:08:32:14 +0000] "GET /image_transcoder.php?o=bx_posts_cover&h=119&dpx=1&t=1681115532 HTTP/1.1" 302 406 "https://tajrebatee.com/view-post/%D9%81%D9%8A-%D8%A7%D9%84%D8%B1%D8%B9%D8%A7%D9%8A%D8%A9-%D8%A7%D9%84%D8%B5%D8%AD%D9%8A%D8%A9-%D8%A7%D9%84%D8%AD%D9%84%D9%88%D9%84-%D8%A7%D9%84%D8%A8%D8%B3%D9%8A%D8%B7%D8%A9-%D9%85%D9%87%D9%85%D8%A9" "UNAMobileApp/Mobile (android)"
195.66.128.96 - - [10/Apr/2023:08:32:15 +0000] "POST /live_updates.php HTTP/1.1" 200 580 "https://tajrebatee.com/view-post/%D9%81%D9%8A-%D8%A7%D9%84%D8%B1%D8%B9%D8%A7%D9%8A%D8%A9-%D8%A7%D9%84%D8%B5%D8%AD%D9%8A%D8%A9-%D8%A7%D9%84%D8%AD%D9%84%D9%88%D9%84-%D8%A7%D9%84%D8%A8%D8%B3%D9%8A%D8%B7%D8%A9-%D9%85%D9%87%D9%85%D8%A9" "UNAMobileApp/Mobile (android)"
195.66.128.96 - - [10/Apr/2023:08:32:15 +0000] "GET /storage_uploader.php?uo=sys_cmts_html5&so=sys_cmts_images&uid=EWxMfxhh&img_trans=sys_cmts_images_preview&a=restore_ghosts&f=json&c=0&_t=Mon%20Apr%2010%202023%2011%3A32%3A15%20GMT+0300%20%28Arabian%20Standard%20Time%29 HTTP/1.1" 200 845 "https://tajrebatee.com/view-post/%D9%81%D9%8A-%D8%A7%D9%84%D8%B1%D8%B9%D8%A7%D9%8A%D8%A9-%D8%A7%D9%84%D8%B5%D8%AD%D9%8A%D8%A9-%D8%A7%D9%84%D8%AD%D9%84%D9%88%D9%84-%D8%A7%D9%84%D8%A8%D8%B3%D9%8A%D8%B7%D8%A9-%D9%85%D9%87%D9%85%D8%A9" "UNAMobileApp/Mobile (android)"
195.66.128.96 - - [10/Apr/2023:08:32:25 +0000] "POST /live_updates.php HTTP/1.1" 200 838 "https://tajrebatee.com/view-post/%D9%81%D9%8A-%D8%A7%D9%84%D8%B1%D8%B9%D8%A7%D9%8A%D8%A9-%D8%A7%D9%84%D8%B5%D8%AD%D9%8A%D8%A9-%D8%A7%D9%84%D8%AD%D9%84%D9%88%D9%84-%D8%A7%D9%84%D8%A8%D8%B3%D9%8A%D8%B7%D8%A9-%D9%85%D9%87%D9%85%D8%A9" "UNAMobileApp/Mobile (android)"
195.66.128.96 - - [10/Apr/2023:08:32:35 +0000] "POST /live_updates.php HTTP/1.1" 200 838 "https://tajrebatee.com/view-post/%D9%81%D9%8A-%D8%A7%D9%84%D8%B1%D8%B9%D8%A7%D9%8A%D8%A9-%D8%A7%D9%84%D8%B5%D8%AD%D9%8A%D8%A9-%D8%A7%D9%84%D8%AD%D9%84%D9%88%D9%84-%D8%A7%D9%84%D8%A8%D8%B3%D9%8A%D8%B7%D8%A9-%D9%85%D9%87%D9%85%D8%A9" "UNAMobileApp/Mobile (android)"
114.119.135.64 - - [10/Apr/2023:08:32:44 +0000] "GET /view-onlinetv/qvc-uk-extra HTTP/1.1" 200 20844 "https://tajrebatee.com/onlinetv-category?category=14" "Mozilla/5.0 (Linux; Android 7.0;) AppleWebKit/537.36 (KHTML, like Gecko) Mobile Safari/537.36 (compatible; PetalBot;+https://webmaster.petalsearch.com/site/petalbot)"
195.66.128.96 - - [10/Apr/2023:08:32:45 +0000] "POST /live_updates.php HTTP/1.1" 200 838 "https://tajrebatee.com/view-post/%D9%81%D9%8A-%D8%A7%D9%84%D8%B1%D8%B9%D8%A7%D9%8A%D8%A9-%D8%A7%D9%84%D8%B5%D8%AD%D9%8A%D8%A9-%D8%A7%D9%84%D8%AD%D9%84%D9%88%D9%84-%D8%A7%D9%84%D8%A8%D8%B3%D9%8A%D8%B7%D8%A9-%D9%85%D9%87%D9%85%D8%A9" "UNAMobileApp/Mobile (android)"
195.66.128.96 - - [10/Apr/2023:08:32:55 +0000] "POST /live_updates.php HTTP/1.1" 200 838 "https://tajrebatee.com/view-post/%D9%81%D9%8A-%D8%A7%D9%84%D8%B1%D8%B9%D8%A7%D9%8A%D8%A9-%D8%A7%D9%84%D8%B5%D8%AD%D9%8A%D8%A9-%D8%A7%D9%84%D8%AD%D9%84%D9%88%D9%84-%D8%A7%D9%84%D8%A8%D8%B3%D9%8A%D8%B7%D8%A9-%D9%85%D9%87%D9%85%D8%A9" "UNAMobileApp/Mobile (android)"
195.66.128.96 - - [10/Apr/2023:08:33:05 +0000] "POST /live_updates.php HTTP/1.1" 200 838 "https://tajrebatee.com/view-post/%D9%81%D9%8A-%D8%A7%D9%84%D8%B1%D8%B9%D8%A7%D9%8A%D8%A9-%D8%A7%D9%84%D8%B5%D8%AD%D9%8A%D8%A9-%D8%A7%D9%84%D8%AD%D9%84%D9%88%D9%84-%D8%A7%D9%84%D8%A8%D8%B3%D9%8A%D8%B7%D8%A9-%D9%85%D9%87%D9%85%D8%A9" "UNAMobileApp/Mobile (android)"
195.66.128.96 - - [10/Apr/2023:08:33:15 +0000] "POST /live_updates.php HTTP/1.1" 200 838 "https://tajrebatee.com/view-post/%D9%81%D9%8A-%D8%A7%D9%84%D8%B1%D8%B9%D8%A7%D9%8A%D8%A9-%D8%A7%D9%84%D8%B5%D8%AD%D9%8A%D8%A9-%D8%A7%D9%84%D8%AD%D9%84%D9%88%D9%84-%D8%A7%D9%84%D8%A8%D8%B3%D9%8A%D8%B7%D8%A9-%D9%85%D9%87%D9%85%D8%A9" "UNAMobileApp/Mobile (android)"
195.66.128.96 - - [10/Apr/2023:08:33:25 +0000] "POST /live_updates.php HTTP/1.1" 200 838 "https://tajrebatee.com/view-post/%D9%81%D9%8A-%D8%A7%D9%84%D8%B1%D8%B9%D8%A7%D9%8A%D8%A9-%D8%A7%D9%84%D8%B5%D8%AD%D9%8A%D8%A9-%D8%A7%D9%84%D8%AD%D9%84%D9%88%D9%84-%D8%A7%D9%84%D8%A8%D8%B3%D9%8A%D8%B7%D8%A9-%D9%85%D9%87%D9%85%D8%A9" "UNAMobileApp/Mobile (android)"
195.66.128.96 - - [10/Apr/2023:08:33:35 +0000] "POST /live_updates.php HTTP/1.1" 200 838 "https://tajrebatee.com/view-post/%D9%81%D9%8A-%D8%A7%D9%84%D8%B1%D8%B9%D8%A7%D9%8A%D8%A9-%D8%A7%D9%84%D8%B5%D8%AD%D9%8A%D8%A9-%D8%A7%D9%84%D8%AD%D9%84%D9%88%D9%84-%D8%A7%D9%84%D8%A8%D8%B3%D9%8A%D8%B7%D8%A9-%D9%85%D9%87%D9%85%D8%A9" "UNAMobileApp/Mobile (android)"
192.241.207.91 - - [10/Apr/2023:08:33:41 +0000] "GET / HTTP/1.1" 301 4744 "-" "Mozilla/5.0 zgrab/0.x"
195.66.128.96 - - [10/Apr/2023:08:33:45 +0000] "POST /live_updates.php HTTP/1.1" 200 838 "https://tajrebatee.com/view-post/%D9%81%D9%8A-%D8%A7%D9%84%D8%B1%D8%B9%D8%A7%D9%8A%D8%A9-%D8%A7%D9%84%D8%B5%D8%AD%D9%8A%D8%A9-%D8%A7%D9%84%D8%AD%D9%84%D9%88%D9%84-%D8%A7%D9%84%D8%A8%D8%B3%D9%8A%D8%B7%D8%A9-%D9%85%D9%87%D9%85%D8%A9" "UNAMobileApp/Mobile (android)"
195.66.128.96 - - [10/Apr/2023:08:33:55 +0000] "POST /live_updates.php HTTP/1.1" 200 838 "https://tajrebatee.com/view-post/%D9%81%D9%8A-%D8%A7%D9%84%D8%B1%D8%B9%D8%A7%D9%8A%D8%A9-%D8%A7%D9%84%D8%B5%D8%AD%D9%8A%D8%A9-%D8%A7%D9%84%D8%AD%D9%84%D9%88%D9%84-%D8%A7%D9%84%D8%A8%D8%B3%D9%8A%D8%B7%D8%A9-%D9%85%D9%87%D9%85%D8%A9" "UNAMobileApp/Mobile (android)"
195.66.128.96 - - [10/Apr/2023:08:34:05 +0000] "POST /live_updates.php HTTP/1.1" 200 838 "https://tajrebatee.com/view-post/%D9%81%D9%8A-%D8%A7%D9%84%D8%B1%D8%B9%D8%A7%D9%8A%D8%A9-%D8%A7%D9%84%D8%B5%D8%AD%D9%8A%D8%A9-%D8%A7%D9%84%D8%AD%D9%84%D9%88%D9%84-%D8%A7%D9%84%D8%A8%D8%B3%D9%8A%D8%B7%D8%A9-%D9%85%D9%87%D9%85%D8%A9" "UNAMobileApp/Mobile (android)"
195.66.128.96 - - [10/Apr/2023:08:34:15 +0000] "POST /live_updates.php HTTP/1.1" 200 838 "https://tajrebatee.com/view-post/%D9%81%D9%8A-%D8%A7%D9%84%D8%B1%D8%B9%D8%A7%D9%8A%D8%A9-%D8%A7%D9%84%D8%B5%D8%AD%D9%8A%D8%A9-%D8%A7%D9%84%D8%AD%D9%84%D9%88%D9%84-%D8%A7%D9%84%D8%A8%D8%B3%D9%8A%D8%B7%D8%A9-%D9%85%D9%87%D9%85%D8%A9" "UNAMobileApp/Mobile (android)"
195.66.128.96 - - [10/Apr/2023:08:34:25 +0000] "POST /live_updates.php HTTP/1.1" 200 838 "https://tajrebatee.com/view-post/%D9%81%D9%8A-%D8%A7%D9%84%D8%B1%D8%B9%D8%A7%D9%8A%D8%A9-%D8%A7%D9%84%D8%B5%D8%AD%D9%8A%D8%A9-%D8%A7%D9%84%D8%AD%D9%84%D9%88%D9%84-%D8%A7%D9%84%D8%A8%D8%B3%D9%8A%D8%B7%D8%A9-%D9%85%D9%87%D9%85%D8%A9" "UNAMobileApp/Mobile (android)"
195.66.128.96 - - [10/Apr/2023:08:34:35 +0000] "POST /live_updates.php HTTP/1.1" 200 838 "https://tajrebatee.com/view-post/%D9%81%D9%8A-%D8%A7%D9%84%D8%B1%D8%B9%D8%A7%D9%8A%D8%A9-%D8%A7%D9%84%D8%B5%D8%AD%D9%8A%D8%A9-%D8%A7%D9%84%D8%AD%D9%84%D9%88%D9%84-%D8%A7%D9%84%D8%A8%D8%B3%D9%8A%D8%B7%D8%A9-%D9%85%D9%87%D9%85%D8%A9" "UNAMobileApp/Mobile (android)"
195.66.128.96 - - [10/Apr/2023:08:34:45 +0000] "POST /live_updates.php HTTP/1.1" 200 838 "https://tajrebatee.com/view-post/%D9%81%D9%8A-%D8%A7%D9%84%D8%B1%D8%B9%D8%A7%D9%8A%D8%A9-%D8%A7%D9%84%D8%B5%D8%AD%D9%8A%D8%A9-%D8%A7%D9%84%D8%AD%D9%84%D9%88%D9%84-%D8%A7%D9%84%D8%A8%D8%B3%D9%8A%D8%B7%D8%A9-%D9%85%D9%87%D9%85%D8%A9" "UNAMobileApp/Mobile (android)"
195.66.128.96 - - [10/Apr/2023:08:34:55 +0000] "POST /live_updates.php HTTP/1.1" 200 838 "https://tajrebatee.com/view-post/%D9%81%D9%8A-%D8%A7%D9%84%D8%B1%D8%B9%D8%A7%D9%8A%D8%A9-%D8%A7%D9%84%D8%B5%D8%AD%D9%8A%D8%A9-%D8%A7%D9%84%D8%AD%D9%84%D9%88%D9%84-%D8%A7%D9%84%D8%A8%D8%B3%D9%8A%D8%B7%D8%A9-%D9%85%D9%87%D9%85%D8%A9" "UNAMobileApp/Mobile (android)"
185.191.171.3 - - [10/Apr/2023:08:35:01 +0000] "GET /view-post/%D8%A8%D9%8A%D9%86-%D8%A7%D9%84%D8%A8%D8%A7%D8%AD%D8%AB-%D9%88%D8%A7%D9%84%D8%B7%D8%A8%D9%8A%D8%A8 HTTP/1.1" 200 27599 "-" "Mozilla/5.0 (compatible; SemrushBot/7~bl; +http://www.semrush.com/bot.html)"
195.66.128.96 - - [10/Apr/2023:08:35:05 +0000] "POST /live_updates.php HTTP/1.1" 200 838 "https://tajrebatee.com/view-post/%D9%81%D9%8A-%D8%A7%D9%84%D8%B1%D8%B9%D8%A7%D9%8A%D8%A9-%D8%A7%D9%84%D8%B5%D8%AD%D9%8A%D8%A9-%D8%A7%D9%84%D8%AD%D9%84%D9%88%D9%84-%D8%A7%D9%84%D8%A8%D8%B3%D9%8A%D8%B7%D8%A9-%D9%85%D9%87%D9%85%D8%A9" "UNAMobileApp/Mobile (android)"
195.66.128.96 - - [10/Apr/2023:08:35:15 +0000] "POST /live_updates.php HTTP/1.1" 200 838 "https://tajrebatee.com/view-post/%D9%81%D9%8A-%D8%A7%D9%84%D8%B1%D8%B9%D8%A7%D9%8A%D8%A9-%D8%A7%D9%84%D8%B5%D8%AD%D9%8A%D8%A9-%D8%A7%D9%84%D8%AD%D9%84%D9%88%D9%84-%D8%A7%D9%84%D8%A8%D8%B3%D9%8A%D8%B7%D8%A9-%D9%85%D9%87%D9%85%D8%A9" "UNAMobileApp/Mobile (android)"
195.66.128.96 - - [10/Apr/2023:08:35:25 +0000] "POST /live_updates.php HTTP/1.1" 200 838 "https://tajrebatee.com/view-post/%D9%81%D9%8A-%D8%A7%D9%84%D8%B1%D8%B9%D8%A7%D9%8A%D8%A9-%D8%A7%D9%84%D8%B5%D8%AD%D9%8A%D8%A9-%D8%A7%D9%84%D8%AD%D9%84%D9%88%D9%84-%D8%A7%D9%84%D8%A8%D8%B3%D9%8A%D8%B7%D8%A9-%D9%85%D9%87%D9%85%D8%A9" "UNAMobileApp/Mobile (android)"
195.66.128.96 - - [10/Apr/2023:08:35:35 +0000] "POST /live_updates.php HTTP/1.1" 200 838 "https://tajrebatee.com/view-post/%D9%81%D9%8A-%D8%A7%D9%84%D8%B1%D8%B9%D8%A7%D9%8A%D8%A9-%D8%A7%D9%84%D8%B5%D8%AD%D9%8A%D8%A9-%D8%A7%D9%84%D8%AD%D9%84%D9%88%D9%84-%D8%A7%D9%84%D8%A8%D8%B3%D9%8A%D8%B7%D8%A9-%D9%85%D9%87%D9%85%D8%A9" "UNAMobileApp/Mobile (android)"
114.119.152.5 - - [10/Apr/2023:08:35:39 +0000] "GET /view-news/404299?lang=ar HTTP/1.1" 200 23120 "https://tajrebatee.com/view-news-comments/404299" "Mozilla/5.0 (Linux; Android 7.0;) AppleWebKit/537.36 (KHTML, like Gecko) Mobile Safari/537.36 (compatible; PetalBot;+https://webmaster.petalsearch.com/site/petalbot)"
195.66.128.96 - - [10/Apr/2023:08:35:45 +0000] "POST /live_updates.php HTTP/1.1" 200 838 "https://tajrebatee.com/view-post/%D9%81%D9%8A-%D8%A7%D9%84%D8%B1%D8%B9%D8%A7%D9%8A%D8%A9-%D8%A7%D9%84%D8%B5%D8%AD%D9%8A%D8%A9-%D8%A7%D9%84%D8%AD%D9%84%D9%88%D9%84-%D8%A7%D9%84%D8%A8%D8%B3%D9%8A%D8%B7%D8%A9-%D9%85%D9%87%D9%85%D8%A9" "UNAMobileApp/Mobile (android)"
195.66.128.96 - - [10/Apr/2023:08:35:55 +0000] "POST /live_updates.php HTTP/1.1" 200 838 "https://tajrebatee.com/view-post/%D9%81%D9%8A-%D8%A7%D9%84%D8%B1%D8%B9%D8%A7%D9%8A%D8%A9-%D8%A7%D9%84%D8%B5%D8%AD%D9%8A%D8%A9-%D8%A7%D9%84%D8%AD%D9%84%D9%88%D9%84-%D8%A7%D9%84%D8%A8%D8%B3%D9%8A%D8%B7%D8%A9-%D9%85%D9%87%D9%85%D8%A9" "UNAMobileApp/Mobile (android)"
195.66.128.96 - - [10/Apr/2023:08:36:05 +0000] "POST /live_updates.php HTTP/1.1" 200 838 "https://tajrebatee.com/view-post/%D9%81%D9%8A-%D8%A7%D9%84%D8%B1%D8%B9%D8%A7%D9%8A%D8%A9-%D8%A7%D9%84%D8%B5%D8%AD%D9%8A%D8%A9-%D8%A7%D9%84%D8%AD%D9%84%D9%88%D9%84-%D8%A7%D9%84%D8%A8%D8%B3%D9%8A%D8%B7%D8%A9-%D9%85%D9%87%D9%85%D8%A9" "UNAMobileApp/Mobile (android)"
195.66.128.96 - - [10/Apr/2023:08:36:15 +0000] "POST /live_updates.php HTTP/1.1" 200 838 "https://tajrebatee.com/view-post/%D9%81%D9%8A-%D8%A7%D9%84%D8%B1%D8%B9%D8%A7%D9%8A%D8%A9-%D8%A7%D9%84%D8%B5%D8%AD%D9%8A%D8%A9-%D8%A7%D9%84%D8%AD%D9%84%D9%88%D9%84-%D8%A7%D9%84%D8%A8%D8%B3%D9%8A%D8%B7%D8%A9-%D9%85%D9%87%D9%85%D8%A9" "UNAMobileApp/Mobile (android)"
40.77.167.162 - - [10/Apr/2023:08:36:18 +0000] "GET /news-category?category=27 HTTP/1.1" 200 16993 "-" "Mozilla/5.0 AppleWebKit/537.36 (KHTML, like Gecko; compatible; bingbot/2.0; +http://www.bing.com/bingbot.htm) Chrome/103.0.5060.134 Safari/537.36"
195.66.128.96 - - [10/Apr/2023:08:36:25 +0000] "POST /live_updates.php HTTP/1.1" 200 838 "https://tajrebatee.com/view-post/%D9%81%D9%8A-%D8%A7%D9%84%D8%B1%D8%B9%D8%A7%D9%8A%D8%A9-%D8%A7%D9%84%D8%B5%D8%AD%D9%8A%D8%A9-%D8%A7%D9%84%D8%AD%D9%84%D9%88%D9%84-%D8%A7%D9%84%D8%A8%D8%B3%D9%8A%D8%B7%D8%A9-%D9%85%D9%87%D9%85%D8%A9" "UNAMobileApp/Mobile (android)"
51.222.253.7 - - [10/Apr/2023:08:36:25 +0000] "GET /view-news-comments/%D8%A8%D8%A7%D9%8A%D8%AF%D9%86-%D9%8A%D9%88%D8%B6%D8%AD-%D8%A3%D8%B3%D8%A8%D8%A7%D8%A8-%D8%AA%D9%88%D8%AC%D9%8A%D9%87-%D8%B6%D8%B1%D8%A8%D8%A7%D8%AA-%D8%B6%D8%AF-%D9%85%D9%8A%D9%84%D9%8A%D8%B4%D9%8A%D8%A7 HTTP/1.1" 200 18373 "-" "Mozilla/5.0 (compatible; AhrefsBot/7.0; +http://ahrefs.com/robot/)"
195.66.128.96 - - [10/Apr/2023:08:36:35 +0000] "POST /live_updates.php HTTP/1.1" 200 838 "https://tajrebatee.com/view-post/%D9%81%D9%8A-%D8%A7%D9%84%D8%B1%D8%B9%D8%A7%D9%8A%D8%A9-%D8%A7%D9%84%D8%B5%D8%AD%D9%8A%D8%A9-%D8%A7%D9%84%D8%AD%D9%84%D9%88%D9%84-%D8%A7%D9%84%D8%A8%D8%B3%D9%8A%D8%B7%D8%A9-%D9%85%D9%87%D9%85%D8%A9" "UNAMobileApp/Mobile (android)"
114.119.137.98 - - [10/Apr/2023:08:36:42 +0000] "GET /view-news/%D8%A7%D9%84%D8%B5%D9%8A%D9%86-%D8%AA%D8%B9%D9%84%D9%86-%D8%A7%D8%B3%D8%AA%D8%A6%D9%86%D8%A7%D9%81-%D9%85%D9%86%D8%A7%D9%88%D8%B1%D8%A7%D8%AA-%D8%B9%D8%B3%D9%83%D8%B1%D9%8A%D8%A9-%D9%82%D8%B1%D8%A8?lang=ar HTTP/1.1" 200 23580 "https://tajrebatee.com/view-news/%D8%A7%D9%84%D8%B5%D9%8A%D9%86-%D8%AA%D8%B9%D9%84%D9%86-%D8%A7%D8%B3%D8%AA%D8%A6%D9%86%D8%A7%D9%81-%D9%85%D9%86%D8%A7%D9%88%D8%B1%D8%A7%D8%AA-%D8%B9%D8%B3%D9%83%D8%B1%D9%8A%D8%A9-%D9%82%D8%B1%D8%A8?lang=en" "Mozilla/5.0 (Linux; Android 7.0;) AppleWebKit/537.36 (KHTML, like Gecko) Mobile Safari/537.36 (compatible; PetalBot;+https://webmaster.petalsearch.com/site/petalbot)"
195.66.128.96 - - [10/Apr/2023:08:36:45 +0000] "POST /live_updates.php HTTP/1.1" 200 838 "https://tajrebatee.com/view-post/%D9%81%D9%8A-%D8%A7%D9%84%D8%B1%D8%B9%D8%A7%D9%8A%D8%A9-%D8%A7%D9%84%D8%B5%D8%AD%D9%8A%D8%A9-%D8%A7%D9%84%D8%AD%D9%84%D9%88%D9%84-%D8%A7%D9%84%D8%A8%D8%B3%D9%8A%D8%B7%D8%A9-%D9%85%D9%87%D9%85%D8%A9" "UNAMobileApp/Mobile (android)"
195.66.128.96 - - [10/Apr/2023:08:36:55 +0000] "POST /live_updates.php HTTP/1.1" 200 838 "https://tajrebatee.com/view-post/%D9%81%D9%8A-%D8%A7%D9%84%D8%B1%D8%B9%D8%A7%D9%8A%D8%A9-%D8%A7%D9%84%D8%B5%D8%AD%D9%8A%D8%A9-%D8%A7%D9%84%D8%AD%D9%84%D9%88%D9%84-%D8%A7%D9%84%D8%A8%D8%B3%D9%8A%D8%B7%D8%A9-%D9%85%D9%87%D9%85%D8%A9" "UNAMobileApp/Mobile (android)"
195.66.128.96 - - [10/Apr/2023:08:37:05 +0000] "POST /live_updates.php HTTP/1.1" 200 838 "https://tajrebatee.com/view-post/%D9%81%D9%8A-%D8%A7%D9%84%D8%B1%D8%B9%D8%A7%D9%8A%D8%A9-%D8%A7%D9%84%D8%B5%D8%AD%D9%8A%D8%A9-%D8%A7%D9%84%D8%AD%D9%84%D9%88%D9%84-%D8%A7%D9%84%D8%A8%D8%B3%D9%8A%D8%B7%D8%A9-%D9%85%D9%87%D9%85%D8%A9" "UNAMobileApp/Mobile (android)"
195.66.128.96 - - [10/Apr/2023:08:37:15 +0000] "POST /live_updates.php HTTP/1.1" 200 838 "https://tajrebatee.com/view-post/%D9%81%D9%8A-%D8%A7%D9%84%D8%B1%D8%B9%D8%A7%D9%8A%D8%A9-%D8%A7%D9%84%D8%B5%D8%AD%D9%8A%D8%A9-%D8%A7%D9%84%D8%AD%D9%84%D9%88%D9%84-%D8%A7%D9%84%D8%A8%D8%B3%D9%8A%D8%B7%D8%A9-%D9%85%D9%87%D9%85%D8%A9" "UNAMobileApp/Mobile (android)"
195.66.128.96 - - [10/Apr/2023:08:37:25 +0000] "POST /live_updates.php HTTP/1.1" 200 838 "https://tajrebatee.com/view-post/%D9%81%D9%8A-%D8%A7%D9%84%D8%B1%D8%B9%D8%A7%D9%8A%D8%A9-%D8%A7%D9%84%D8%B5%D8%AD%D9%8A%D8%A9-%D8%A7%D9%84%D8%AD%D9%84%D9%88%D9%84-%D8%A7%D9%84%D8%A8%D8%B3%D9%8A%D8%B7%D8%A9-%D9%85%D9%87%D9%85%D8%A9" "UNAMobileApp/Mobile (android)"
195.66.128.96 - - [10/Apr/2023:08:37:35 +0000] "POST /live_updates.php HTTP/1.1" 200 838 "https://tajrebatee.com/view-post/%D9%81%D9%8A-%D8%A7%D9%84%D8%B1%D8%B9%D8%A7%D9%8A%D8%A9-%D8%A7%D9%84%D8%B5%D8%AD%D9%8A%D8%A9-%D8%A7%D9%84%D8%AD%D9%84%D9%88%D9%84-%D8%A7%D9%84%D8%A8%D8%B3%D9%8A%D8%B7%D8%A9-%D9%85%D9%87%D9%85%D8%A9" "UNAMobileApp/Mobile (android)"
195.66.128.96 - - [10/Apr/2023:08:37:45 +0000] "POST /live_updates.php HTTP/1.1" 200 838 "https://tajrebatee.com/view-post/%D9%81%D9%8A-%D8%A7%D9%84%D8%B1%D8%B9%D8%A7%D9%8A%D8%A9-%D8%A7%D9%84%D8%B5%D8%AD%D9%8A%D8%A9-%D8%A7%D9%84%D8%AD%D9%84%D9%88%D9%84-%D8%A7%D9%84%D8%A8%D8%B3%D9%8A%D8%B7%D8%A9-%D9%85%D9%87%D9%85%D8%A9" "UNAMobileApp/Mobile (android)"
195.66.128.96 - - [10/Apr/2023:08:37:55 +0000] "POST /live_updates.php HTTP/1.1" 200 838 "https://tajrebatee.com/view-post/%D9%81%D9%8A-%D8%A7%D9%84%D8%B1%D8%B9%D8%A7%D9%8A%D8%A9-%D8%A7%D9%84%D8%B5%D8%AD%D9%8A%D8%A9-%D8%A7%D9%84%D8%AD%D9%84%D9%88%D9%84-%D8%A7%D9%84%D8%A8%D8%B3%D9%8A%D8%B7%D8%A9-%D9%85%D9%87%D9%85%D8%A9" "UNAMobileApp/Mobile (android)"
195.66.128.96 - - [10/Apr/2023:08:38:05 +0000] "POST /live_updates.php HTTP/1.1" 200 838 "https://tajrebatee.com/view-post/%D9%81%D9%8A-%D8%A7%D9%84%D8%B1%D8%B9%D8%A7%D9%8A%D8%A9-%D8%A7%D9%84%D8%B5%D8%AD%D9%8A%D8%A9-%D8%A7%D9%84%D8%AD%D9%84%D9%88%D9%84-%D8%A7%D9%84%D8%A8%D8%B3%D9%8A%D8%B7%D8%A9-%D9%85%D9%87%D9%85%D8%A9" "UNAMobileApp/Mobile (android)"
195.66.128.96 - - [10/Apr/2023:08:38:15 +0000] "POST /live_updates.php HTTP/1.1" 200 838 "https://tajrebatee.com/view-post/%D9%81%D9%8A-%D8%A7%D9%84%D8%B1%D8%B9%D8%A7%D9%8A%D8%A9-%D8%A7%D9%84%D8%B5%D8%AD%D9%8A%D8%A9-%D8%A7%D9%84%D8%AD%D9%84%D9%88%D9%84-%D8%A7%D9%84%D8%A8%D8%B3%D9%8A%D8%B7%D8%A9-%D9%85%D9%87%D9%85%D8%A9" "UNAMobileApp/Mobile (android)"
185.191.171.3 - - [10/Apr/2023:08:38:16 +0000] "GET /view-news-comments/%D8%A8%D9%8A%D8%A7%D9%86-%D9%85%D8%A4%D8%AB%D8%B1-%D9%85%D9%86-%D9%85%D9%84%D9%83-%D8%A8%D8%B1%D9%8A%D8%B7%D8%A7%D9%86%D9%8A%D8%A7-%D8%A8%D8%B9%D8%AF-%D9%88%D9%81%D8%A7%D8%A9 HTTP/1.1" 200 18348 "-" "Mozilla/5.0 (compatible; SemrushBot/7~bl; +http://www.semrush.com/bot.html)"
195.66.128.96 - - [10/Apr/2023:08:38:25 +0000] "POST /live_updates.php HTTP/1.1" 200 838 "https://tajrebatee.com/view-post/%D9%81%D9%8A-%D8%A7%D9%84%D8%B1%D8%B9%D8%A7%D9%8A%D8%A9-%D8%A7%D9%84%D8%B5%D8%AD%D9%8A%D8%A9-%D8%A7%D9%84%D8%AD%D9%84%D9%88%D9%84-%D8%A7%D9%84%D8%A8%D8%B3%D9%8A%D8%B7%D8%A9-%D9%85%D9%87%D9%85%D8%A9" "UNAMobileApp/Mobile (android)"
114.119.129.190 - - [10/Apr/2023:08:38:34 +0000] "GET /view-news-comments/%D9%85%D8%B1%D8%AA%D8%B6%D9%89-%D9%85%D9%86%D8%B5%D9%88%D8%B1-%D8%A7%D9%84%D8%AE%D8%B7%D9%8A%D8%A8-%D8%B3%D8%AC%D9%86%D9%86%D9%8A-%D8%AD%D9%83%D9%85-%D9%86%D9%87%D8%A7%D8%A6%D9%8A-%D8%A8%D8%AD%D8%A8%D8%B3 HTTP/1.1" 200 18178 "https://tajrebatee.com/view-news-comments/%D9%85%D8%B1%D8%AA%D8%B6%D9%89-%D9%85%D9%86%D8%B5%D9%88%D8%B1-%D8%A7%D9%84%D8%AE%D8%B7%D9%8A%D8%A8-%D8%B3%D8%AC%D9%86%D9%86%D9%8A-%D8%AD%D9%83%D9%85-%D9%86%D9%87%D8%A7%D8%A6%D9%8A-%D8%A8%D8%AD%D8%A8%D8%B3?lang=en" "Mozilla/5.0 (Linux; Android 7.0;) AppleWebKit/537.36 (KHTML, like Gecko) Mobile Safari/537.36 (compatible; PetalBot;+https://webmaster.petalsearch.com/site/petalbot)"
195.66.128.96 - - [10/Apr/2023:08:38:35 +0000] "POST /live_updates.php HTTP/1.1" 200 838 "https://tajrebatee.com/view-post/%D9%81%D9%8A-%D8%A7%D9%84%D8%B1%D8%B9%D8%A7%D9%8A%D8%A9-%D8%A7%D9%84%D8%B5%D8%AD%D9%8A%D8%A9-%D8%A7%D9%84%D8%AD%D9%84%D9%88%D9%84-%D8%A7%D9%84%D8%A8%D8%B3%D9%8A%D8%B7%D8%A9-%D9%85%D9%87%D9%85%D8%A9" "UNAMobileApp/Mobile (android)"
195.66.128.96 - - [10/Apr/2023:08:38:45 +0000] "POST /live_updates.php HTTP/1.1" 200 838 "https://tajrebatee.com/view-post/%D9%81%D9%8A-%D8%A7%D9%84%D8%B1%D8%B9%D8%A7%D9%8A%D8%A9-%D8%A7%D9%84%D8%B5%D8%AD%D9%8A%D8%A9-%D8%A7%D9%84%D8%AD%D9%84%D9%88%D9%84-%D8%A7%D9%84%D8%A8%D8%B3%D9%8A%D8%B7%D8%A9-%D9%85%D9%87%D9%85%D8%A9" "UNAMobileApp/Mobile (android)"
195.66.128.96 - - [10/Apr/2023:08:38:47 +0000] "GET /edit-post/%D9%81%D9%8A-%D8%A7%D9%84%D8%B1%D8%B9%D8%A7%D9%8A%D8%A9-%D8%A7%D9%84%D8%B5%D8%AD%D9%8A%D8%A9-%D8%A7%D9%84%D8%AD%D9%84%D9%88%D9%84-%D8%A7%D9%84%D8%A8%D8%B3%D9%8A%D8%B7%D8%A9-%D9%85%D9%87%D9%85%D8%A9 HTTP/1.1" 200 29144 "https://tajrebatee.com/view-post/%D9%81%D9%8A-%D8%A7%D9%84%D8%B1%D8%B9%D8%A7%D9%8A%D8%A9-%D8%A7%D9%84%D8%B5%D8%AD%D9%8A%D8%A9-%D8%A7%D9%84%D8%AD%D9%84%D9%88%D9%84-%D8%A7%D9%84%D8%A8%D8%B3%D9%8A%D8%B7%D8%A9-%D9%85%D9%87%D9%85%D8%A9" "UNAMobileApp/Mobile (android)"
195.66.128.96 - - [10/Apr/2023:08:38:48 +0000] "GET /gzip_loader.php?file=bx_templ_css_ad035cc782793165e3d63c684df133d1.css HTTP/1.1" 200 42069 "https://tajrebatee.com/edit-post/%D9%81%D9%8A-%D8%A7%D9%84%D8%B1%D8%B9%D8%A7%D9%8A%D8%A9-%D8%A7%D9%84%D8%B5%D8%AD%D9%8A%D8%A9-%D8%A7%D9%84%D8%AD%D9%84%D9%88%D9%84-%D8%A7%D9%84%D8%A8%D8%B3%D9%8A%D8%B7%D8%A9-%D9%85%D9%87%D9%85%D8%A9" "UNAMobileApp/Mobile (android)"
195.66.128.96 - - [10/Apr/2023:08:38:48 +0000] "GET /gzip_loader.php?file=bx_templ_js_ee7113d123af84149289c402074d4798.js HTTP/1.1" 200 223419 "https://tajrebatee.com/edit-post/%D9%81%D9%8A-%D8%A7%D9%84%D8%B1%D8%B9%D8%A7%D9%8A%D8%A9-%D8%A7%D9%84%D8%B5%D8%AD%D9%8A%D8%A9-%D8%A7%D9%84%D8%AD%D9%84%D9%88%D9%84-%D8%A7%D9%84%D8%A8%D8%B3%D9%8A%D8%B7%D8%A9-%D9%85%D9%87%D9%85%D8%A9" "UNAMobileApp/Mobile (android)"
195.66.128.96 - - [10/Apr/2023:08:38:49 +0000] "GET /modules/sandklock/scroll_top_lite/js/core.js?_=1681115928770 HTTP/1.1" 200 859 "https://tajrebatee.com/edit-post/%D9%81%D9%8A-%D8%A7%D9%84%D8%B1%D8%B9%D8%A7%D9%8A%D8%A9-%D8%A7%D9%84%D8%B5%D8%AD%D9%8A%D8%A9-%D8%A7%D9%84%D8%AD%D9%84%D9%88%D9%84-%D8%A7%D9%84%D8%A8%D8%B3%D9%8A%D8%B7%D8%A9-%D9%85%D9%87%D9%85%D8%A9" "UNAMobileApp/Mobile (android)"
195.66.128.96 - - [10/Apr/2023:08:38:49 +0000] "POST /live_updates.php HTTP/1.1" 200 5777 "https://tajrebatee.com/edit-post/%D9%81%D9%8A-%D8%A7%D9%84%D8%B1%D8%B9%D8%A7%D9%8A%D8%A9-%D8%A7%D9%84%D8%B5%D8%AD%D9%8A%D8%A9-%D8%A7%D9%84%D8%AD%D9%84%D9%88%D9%84-%D8%A7%D9%84%D8%A8%D8%B3%D9%8A%D8%B7%D8%A9-%D9%85%D9%87%D9%85%D8%A9" "UNAMobileApp/Mobile (android)"
195.66.128.96 - - [10/Apr/2023:08:38:49 +0000] "GET /storage_uploader.php?uo=bx_posts_sounds_html5&so=bx_posts_sounds&uid=W2Fn5rix&img_trans=bx_posts_preview_files&a=restore_ghosts&f=json&c=113&_t=Mon%20Apr%2010%202023%2011%3A38%3A49%20GMT+0300%20%28Arabian%20Standard%20Time%29 HTTP/1.1" 200 285 "https://tajrebatee.com/edit-post/%D9%81%D9%8A-%D8%A7%D9%84%D8%B1%D8%B9%D8%A7%D9%8A%D8%A9-%D8%A7%D9%84%D8%B5%D8%AD%D9%8A%D8%A9-%D8%A7%D9%84%D8%AD%D9%84%D9%88%D9%84-%D8%A7%D9%84%D8%A8%D8%B3%D9%8A%D8%B7%D8%A9-%D9%85%D9%87%D9%85%D8%A9" "UNAMobileApp/Mobile (android)"
195.66.128.96 - - [10/Apr/2023:08:38:49 +0000] "GET /storage_uploader.php?uo=bx_posts_html5&so=bx_posts_covers&uid=JAhQCaG5&img_trans=bx_posts_preview&a=restore_ghosts&f=json&c=113&_t=Mon%20Apr%2010%202023%2011%3A38%3A49%20GMT+0300%20%28Arabian%20Standard%20Time%29 HTTP/1.1" 200 1408 "https://tajrebatee.com/edit-post/%D9%81%D9%8A-%D8%A7%D9%84%D8%B1%D8%B9%D8%A7%D9%8A%D8%A9-%D8%A7%D9%84%D8%B5%D8%AD%D9%8A%D8%A9-%D8%A7%D9%84%D8%AD%D9%84%D9%88%D9%84-%D8%A7%D9%84%D8%A8%D8%B3%D9%8A%D8%B7%D8%A9-%D9%85%D9%87%D9%85%D8%A9" "UNAMobileApp/Mobile (android)"
195.66.128.96 - - [10/Apr/2023:08:38:59 +0000] "POST /live_updates.php HTTP/1.1" 200 838 "https://tajrebatee.com/edit-post/%D9%81%D9%8A-%D8%A7%D9%84%D8%B1%D8%B9%D8%A7%D9%8A%D8%A9-%D8%A7%D9%84%D8%B5%D8%AD%D9%8A%D8%A9-%D8%A7%D9%84%D8%AD%D9%84%D9%88%D9%84-%D8%A7%D9%84%D8%A8%D8%B3%D9%8A%D8%B7%D8%A9-%D9%85%D9%87%D9%85%D8%A9" "UNAMobileApp/Mobile (android)"
114.119.146.45 - - [10/Apr/2023:08:38:59 +0000] "GET /view-news-comments/%D9%88%D8%A7%D8%B4%D9%86%D8%B7%D9%86-%D8%AA%D8%AA%D9%87%D9%85-7-%D8%A8%D8%A7%D9%84%D8%AA%D8%A2%D9%85%D8%B1-%D9%84%D8%AA%D9%87%D8%B1%D9%8A%D8%A8-%D9%85%D8%B9%D8%AF%D8%A7%D8%AA?lang=ar HTTP/1.1" 200 18916 "https://tajrebatee.com/view-news/%D9%88%D8%A7%D8%B4%D9%86%D8%B7%D9%86-%D8%AA%D8%AA%D9%87%D9%85-7-%D8%A8%D8%A7%D9%84%D8%AA%D8%A2%D9%85%D8%B1-%D9%84%D8%AA%D9%87%D8%B1%D9%8A%D8%A8-%D9%85%D8%B9%D8%AF%D8%A7%D8%AA?lang=ar" "Mozilla/5.0 (Linux; Android 7.0;) AppleWebKit/537.36 (KHTML, like Gecko) Mobile Safari/537.36 (compatible; PetalBot;+https://webmaster.petalsearch.com/site/petalbot)"
195.66.128.96 - - [10/Apr/2023:08:39:09 +0000] "POST /live_updates.php HTTP/1.1" 200 838 "https://tajrebatee.com/edit-post/%D9%81%D9%8A-%D8%A7%D9%84%D8%B1%D8%B9%D8%A7%D9%8A%D8%A9-%D8%A7%D9%84%D8%B5%D8%AD%D9%8A%D8%A9-%D8%A7%D9%84%D8%AD%D9%84%D9%88%D9%84-%D8%A7%D9%84%D8%A8%D8%B3%D9%8A%D8%B7%D8%A9-%D9%85%D9%87%D9%85%D8%A9" "UNAMobileApp/Mobile (android)"
195.66.128.96 - - [10/Apr/2023:08:39:19 +0000] "POST /live_updates.php HTTP/1.1" 200 838 "https://tajrebatee.com/edit-post/%D9%81%D9%8A-%D8%A7%D9%84%D8%B1%D8%B9%D8%A7%D9%8A%D8%A9-%D8%A7%D9%84%D8%B5%D8%AD%D9%8A%D8%A9-%D8%A7%D9%84%D8%AD%D9%84%D9%88%D9%84-%D8%A7%D9%84%D8%A8%D8%B3%D9%8A%D8%B7%D8%A9-%D9%85%D9%87%D9%85%D8%A9" "UNAMobileApp/Mobile (android)"
195.66.128.96 - - [10/Apr/2023:08:39:29 +0000] "POST /live_updates.php HTTP/1.1" 200 838 "https://tajrebatee.com/edit-post/%D9%81%D9%8A-%D8%A7%D9%84%D8%B1%D8%B9%D8%A7%D9%8A%D8%A9-%D8%A7%D9%84%D8%B5%D8%AD%D9%8A%D8%A9-%D8%A7%D9%84%D8%AD%D9%84%D9%88%D9%84-%D8%A7%D9%84%D8%A8%D8%B3%D9%8A%D8%B7%D8%A9-%D9%85%D9%87%D9%85%D8%A9" "UNAMobileApp/Mobile (android)"
195.66.128.96 - - [10/Apr/2023:08:39:39 +0000] "POST /live_updates.php HTTP/1.1" 200 838 "https://tajrebatee.com/edit-post/%D9%81%D9%8A-%D8%A7%D9%84%D8%B1%D8%B9%D8%A7%D9%8A%D8%A9-%D8%A7%D9%84%D8%B5%D8%AD%D9%8A%D8%A9-%D8%A7%D9%84%D8%AD%D9%84%D9%88%D9%84-%D8%A7%D9%84%D8%A8%D8%B3%D9%8A%D8%B7%D8%A9-%D9%85%D9%87%D9%85%D8%A9" "UNAMobileApp/Mobile (android)"
195.66.128.96 - - [10/Apr/2023:08:39:49 +0000] "POST /live_updates.php HTTP/1.1" 200 838 "https://tajrebatee.com/edit-post/%D9%81%D9%8A-%D8%A7%D9%84%D8%B1%D8%B9%D8%A7%D9%8A%D8%A9-%D8%A7%D9%84%D8%B5%D8%AD%D9%8A%D8%A9-%D8%A7%D9%84%D8%AD%D9%84%D9%88%D9%84-%D8%A7%D9%84%D8%A8%D8%B3%D9%8A%D8%B7%D8%A9-%D9%85%D9%87%D9%85%D8%A9" "UNAMobileApp/Mobile (android)"
195.66.128.96 - - [10/Apr/2023:08:39:59 +0000] "POST /live_updates.php HTTP/1.1" 200 838 "https://tajrebatee.com/edit-post/%D9%81%D9%8A-%D8%A7%D9%84%D8%B1%D8%B9%D8%A7%D9%8A%D8%A9-%D8%A7%D9%84%D8%B5%D8%AD%D9%8A%D8%A9-%D8%A7%D9%84%D8%AD%D9%84%D9%88%D9%84-%D8%A7%D9%84%D8%A8%D8%B3%D9%8A%D8%B7%D8%A9-%D9%85%D9%87%D9%85%D8%A9" "UNAMobileApp/Mobile (android)"
195.66.128.96 - - [10/Apr/2023:08:40:04 +0000] "POST /edit-post/%D9%81%D9%8A-%D8%A7%D9%84%D8%B1%D8%B9%D8%A7%D9%8A%D8%A9-%D8%A7%D9%84%D8%B5%D8%AD%D9%8A%D8%A9-%D8%A7%D9%84%D8%AD%D9%84%D9%88%D9%84-%D8%A7%D9%84%D8%A8%D8%B3%D9%8A%D8%B7%D8%A9-%D9%85%D9%87%D9%85%D8%A9 HTTP/1.1" 302 393 "https://tajrebatee.com/edit-post/%D9%81%D9%8A-%D8%A7%D9%84%D8%B1%D8%B9%D8%A7%D9%8A%D8%A9-%D8%A7%D9%84%D8%B5%D8%AD%D9%8A%D8%A9-%D8%A7%D9%84%D8%AD%D9%84%D9%88%D9%84-%D8%A7%D9%84%D8%A8%D8%B3%D9%8A%D8%B7%D8%A9-%D9%85%D9%87%D9%85%D8%A9" "UNAMobileApp/Mobile (android)"
195.66.128.96 - - [10/Apr/2023:08:40:05 +0000] "GET /view-post/%D9%81%D9%8A-%D8%A7%D9%84%D8%B1%D8%B9%D8%A7%D9%8A%D8%A9-%D8%A7%D9%84%D8%B5%D8%AD%D9%8A%D8%A9-%D8%A7%D9%84%D8%AD%D9%84%D9%88%D9%84-%D8%A7%D9%84%D8%A8%D8%B3%D9%8A%D8%B7%D8%A9-%D9%85%D9%87%D9%85%D8%A9 HTTP/1.1" 200 34977 "https://tajrebatee.com/edit-post/%D9%81%D9%8A-%D8%A7%D9%84%D8%B1%D8%B9%D8%A7%D9%8A%D8%A9-%D8%A7%D9%84%D8%B5%D8%AD%D9%8A%D8%A9-%D8%A7%D9%84%D8%AD%D9%84%D9%88%D9%84-%D8%A7%D9%84%D8%A8%D8%B3%D9%8A%D8%B7%D8%A9-%D9%85%D9%87%D9%85%D8%A9" "UNAMobileApp/Mobile (android)"
195.66.128.96 - - [10/Apr/2023:08:40:07 +0000] "GET /modules/sandklock/scroll_top_lite/js/core.js?_=1681116007063 HTTP/1.1" 200 859 "https://tajrebatee.com/view-post/%D9%81%D9%8A-%D8%A7%D9%84%D8%B1%D8%B9%D8%A7%D9%8A%D8%A9-%D8%A7%D9%84%D8%B5%D8%AD%D9%8A%D8%A9-%D8%A7%D9%84%D8%AD%D9%84%D9%88%D9%84-%D8%A7%D9%84%D8%A8%D8%B3%D9%8A%D8%B7%D8%A9-%D9%85%D9%87%D9%85%D8%A9" "UNAMobileApp/Mobile (android)"
195.66.128.96 - - [10/Apr/2023:08:40:07 +0000] "POST /live_updates.php HTTP/1.1" 200 580 "https://tajrebatee.com/view-post/%D9%81%D9%8A-%D8%A7%D9%84%D8%B1%D8%B9%D8%A7%D9%8A%D8%A9-%D8%A7%D9%84%D8%B5%D8%AD%D9%8A%D8%A9-%D8%A7%D9%84%D8%AD%D9%84%D9%88%D9%84-%D8%A7%D9%84%D8%A8%D8%B3%D9%8A%D8%B7%D8%A9-%D9%85%D9%87%D9%85%D8%A9" "UNAMobileApp/Mobile (android)"
195.66.128.96 - - [10/Apr/2023:08:40:07 +0000] "GET /storage_uploader.php?uo=sys_cmts_html5&so=sys_cmts_images&uid=UnRMb8yZ&img_trans=sys_cmts_images_preview&a=restore_ghosts&f=json&c=0&_t=Mon%20Apr%2010%202023%2011%3A40%3A07%20GMT+0300%20%28Arabian%20Standard%20Time%29 HTTP/1.1" 200 285 "https://tajrebatee.com/view-post/%D9%81%D9%8A-%D8%A7%D9%84%D8%B1%D8%B9%D8%A7%D9%8A%D8%A9-%D8%A7%D9%84%D8%B5%D8%AD%D9%8A%D8%A9-%D8%A7%D9%84%D8%AD%D9%84%D9%88%D9%84-%D8%A7%D9%84%D8%A8%D8%B3%D9%8A%D8%B7%D8%A9-%D9%85%D9%87%D9%85%D8%A9" "UNAMobileApp/Mobile (android)"
195.66.128.96 - - [10/Apr/2023:08:40:17 +0000] "POST /live_updates.php HTTP/1.1" 200 838 "https://tajrebatee.com/view-post/%D9%81%D9%8A-%D8%A7%D9%84%D8%B1%D8%B9%D8%A7%D9%8A%D8%A9-%D8%A7%D9%84%D8%B5%D8%AD%D9%8A%D8%A9-%D8%A7%D9%84%D8%AD%D9%84%D9%88%D9%84-%D8%A7%D9%84%D8%A8%D8%B3%D9%8A%D8%B7%D8%A9-%D9%85%D9%87%D9%85%D8%A9" "UNAMobileApp/Mobile (android)"
114.119.147.73 - - [10/Apr/2023:08:40:21 +0000] "GET /view-news-comments/%D9%85%D8%AE%D8%A7%D8%B7%D8%B1-%D8%A7%D9%84%D8%AA%D8%B9%D9%84%D9%8A%D9%85-%D8%B4%D8%AF%D9%8A%D8%AF-%D8%A7%D9%84%D8%A3%D9%86%D8%AB%D9%88%D9%8A%D8%A9-%D9%81%D9%8A-%D8%A7%D9%84%D9%85%D8%AC%D8%B1?lang=en HTTP/1.1" 200 18463 "https://tajrebatee.com/view-news/%D9%85%D8%AE%D8%A7%D8%B7%D8%B1-%D8%A7%D9%84%D8%AA%D8%B9%D9%84%D9%8A%D9%85-%D8%B4%D8%AF%D9%8A%D8%AF-%D8%A7%D9%84%D8%A3%D9%86%D8%AB%D9%88%D9%8A%D8%A9-%D9%81%D9%8A-%D8%A7%D9%84%D9%85%D8%AC%D8%B1?lang=ar" "Mozilla/5.0 (Linux; Android 7.0;) AppleWebKit/537.36 (KHTML, like Gecko) Mobile Safari/537.36 (compatible; PetalBot;+https://webmaster.petalsearch.com/site/petalbot)"
195.66.128.96 - - [10/Apr/2023:08:40:27 +0000] "POST /live_updates.php HTTP/1.1" 200 838 "https://tajrebatee.com/view-post/%D9%81%D9%8A-%D8%A7%D9%84%D8%B1%D8%B9%D8%A7%D9%8A%D8%A9-%D8%A7%D9%84%D8%B5%D8%AD%D9%8A%D8%A9-%D8%A7%D9%84%D8%AD%D9%84%D9%88%D9%84-%D8%A7%D9%84%D8%A8%D8%B3%D9%8A%D8%B7%D8%A9-%D9%85%D9%87%D9%85%D8%A9" "UNAMobileApp/Mobile (android)"
195.66.128.96 - - [10/Apr/2023:08:40:37 +0000] "POST /live_updates.php HTTP/1.1" 200 838 "https://tajrebatee.com/view-post/%D9%81%D9%8A-%D8%A7%D9%84%D8%B1%D8%B9%D8%A7%D9%8A%D8%A9-%D8%A7%D9%84%D8%B5%D8%AD%D9%8A%D8%A9-%D8%A7%D9%84%D8%AD%D9%84%D9%88%D9%84-%D8%A7%D9%84%D8%A8%D8%B3%D9%8A%D8%B7%D8%A9-%D9%85%D9%87%D9%85%D8%A9" "UNAMobileApp/Mobile (android)"
195.66.128.96 - - [10/Apr/2023:08:40:47 +0000] "POST /live_updates.php HTTP/1.1" 200 838 "https://tajrebatee.com/view-post/%D9%81%D9%8A-%D8%A7%D9%84%D8%B1%D8%B9%D8%A7%D9%8A%D8%A9-%D8%A7%D9%84%D8%B5%D8%AD%D9%8A%D8%A9-%D8%A7%D9%84%D8%AD%D9%84%D9%88%D9%84-%D8%A7%D9%84%D8%A8%D8%B3%D9%8A%D8%B7%D8%A9-%D9%85%D9%87%D9%85%D8%A9" "UNAMobileApp/Mobile (android)"
195.66.128.96 - - [10/Apr/2023:08:40:57 +0000] "POST /live_updates.php HTTP/1.1" 200 838 "https://tajrebatee.com/view-post/%D9%81%D9%8A-%D8%A7%D9%84%D8%B1%D8%B9%D8%A7%D9%8A%D8%A9-%D8%A7%D9%84%D8%B5%D8%AD%D9%8A%D8%A9-%D8%A7%D9%84%D8%AD%D9%84%D9%88%D9%84-%D8%A7%D9%84%D8%A8%D8%B3%D9%8A%D8%B7%D8%A9-%D9%85%D9%87%D9%85%D8%A9" "UNAMobileApp/Mobile (android)"
195.66.128.96 - - [10/Apr/2023:08:41:07 +0000] "POST /live_updates.php HTTP/1.1" 200 838 "https://tajrebatee.com/view-post/%D9%81%D9%8A-%D8%A7%D9%84%D8%B1%D8%B9%D8%A7%D9%8A%D8%A9-%D8%A7%D9%84%D8%B5%D8%AD%D9%8A%D8%A9-%D8%A7%D9%84%D8%AD%D9%84%D9%88%D9%84-%D8%A7%D9%84%D8%A8%D8%B3%D9%8A%D8%B7%D8%A9-%D9%85%D9%87%D9%85%D8%A9" "UNAMobileApp/Mobile (android)"
51.222.253.3 - - [10/Apr/2023:08:41:09 +0000] "GET /view-news-comments/%D8%B3%D8%B9%D9%8A-%D8%A3%D9%88%D8%B1%D9%88%D8%A8%D9%8A-%D9%84%D9%81%D8%B1%D8%B6-%D9%82%D9%88%D8%A7%D8%B9%D8%AF-%D8%AA%D8%AD%D8%AF-%D9%85%D9%86-%D9%85%D8%AE%D8%A7%D8%B7%D8%B1-%D8%B4%D8%A7%D8%AA-%D8%AC%D9%8A HTTP/1.1" 200 18193 "-" "Mozilla/5.0 (compatible; AhrefsBot/7.0; +http://ahrefs.com/robot/)"
195.66.128.96 - - [10/Apr/2023:08:41:17 +0000] "POST /live_updates.php HTTP/1.1" 200 838 "https://tajrebatee.com/view-post/%D9%81%D9%8A-%D8%A7%D9%84%D8%B1%D8%B9%D8%A7%D9%8A%D8%A9-%D8%A7%D9%84%D8%B5%D8%AD%D9%8A%D8%A9-%D8%A7%D9%84%D8%AD%D9%84%D9%88%D9%84-%D8%A7%D9%84%D8%A8%D8%B3%D9%8A%D8%B7%D8%A9-%D9%85%D9%87%D9%85%D8%A9" "UNAMobileApp/Mobile (android)"
195.66.128.96 - - [10/Apr/2023:08:41:27 +0000] "POST /live_updates.php HTTP/1.1" 200 838 "https://tajrebatee.com/view-post/%D9%81%D9%8A-%D8%A7%D9%84%D8%B1%D8%B9%D8%A7%D9%8A%D8%A9-%D8%A7%D9%84%D8%B5%D8%AD%D9%8A%D8%A9-%D8%A7%D9%84%D8%AD%D9%84%D9%88%D9%84-%D8%A7%D9%84%D8%A8%D8%B3%D9%8A%D8%B7%D8%A9-%D9%85%D9%87%D9%85%D8%A9" "UNAMobileApp/Mobile (android)"
185.191.171.6 - - [10/Apr/2023:08:41:27 +0000] "GET /item/%D8%AA%D8%B3%D9%84%D9%8A%D8%B9-%D8%A7%D9%84%D8%A8%D8%AD%D8%AB-%D8%A7%D9%84%D8%B9%D9%84%D9%85%D9%8A-scientific-research HTTP/1.1" 200 29944 "-" "Mozilla/5.0 (compatible; SemrushBot/7~bl; +http://www.semrush.com/bot.html)"
195.66.128.96 - - [10/Apr/2023:08:41:37 +0000] "POST /live_updates.php HTTP/1.1" 200 838 "https://tajrebatee.com/view-post/%D9%81%D9%8A-%D8%A7%D9%84%D8%B1%D8%B9%D8%A7%D9%8A%D8%A9-%D8%A7%D9%84%D8%B5%D8%AD%D9%8A%D8%A9-%D8%A7%D9%84%D8%AD%D9%84%D9%88%D9%84-%D8%A7%D9%84%D8%A8%D8%B3%D9%8A%D8%B7%D8%A9-%D9%85%D9%87%D9%85%D8%A9" "UNAMobileApp/Mobile (android)"
195.66.128.96 - - [10/Apr/2023:08:41:47 +0000] "POST /live_updates.php HTTP/1.1" 200 838 "https://tajrebatee.com/view-post/%D9%81%D9%8A-%D8%A7%D9%84%D8%B1%D8%B9%D8%A7%D9%8A%D8%A9-%D8%A7%D9%84%D8%B5%D8%AD%D9%8A%D8%A9-%D8%A7%D9%84%D8%AD%D9%84%D9%88%D9%84-%D8%A7%D9%84%D8%A8%D8%B3%D9%8A%D8%B7%D8%A9-%D9%85%D9%87%D9%85%D8%A9" "UNAMobileApp/Mobile (android)"
195.66.128.96 - - [10/Apr/2023:08:41:57 +0000] "POST /live_updates.php HTTP/1.1" 200 838 "https://tajrebatee.com/view-post/%D9%81%D9%8A-%D8%A7%D9%84%D8%B1%D8%B9%D8%A7%D9%8A%D8%A9-%D8%A7%D9%84%D8%B5%D8%AD%D9%8A%D8%A9-%D8%A7%D9%84%D8%AD%D9%84%D9%88%D9%84-%D8%A7%D9%84%D8%A8%D8%B3%D9%8A%D8%B7%D8%A9-%D9%85%D9%87%D9%85%D8%A9" "UNAMobileApp/Mobile (android)"
195.66.128.96 - - [10/Apr/2023:08:42:04 +0000] "GET /searchKeyword.php?cat=bx_posts_cats&keyword=12§ion[]=bx_posts HTTP/1.1" 200 21411 "https://tajrebatee.com/view-post/%D9%81%D9%8A-%D8%A7%D9%84%D8%B1%D8%B9%D8%A7%D9%8A%D8%A9-%D8%A7%D9%84%D8%B5%D8%AD%D9%8A%D8%A9-%D8%A7%D9%84%D8%AD%D9%84%D9%88%D9%84-%D8%A7%D9%84%D8%A8%D8%B3%D9%8A%D8%B7%D8%A9-%D9%85%D9%87%D9%85%D8%A9" "UNAMobileApp/Mobile (android)"
195.66.128.96 - - [10/Apr/2023:08:42:06 +0000] "GET /gzip_loader.php?file=bx_templ_css_c93dee44d81d74311ec0dad326183fb9.css HTTP/1.1" 200 9749 "https://tajrebatee.com/searchKeyword.php?cat=bx_posts_cats&keyword=12§ion[]=bx_posts" "UNAMobileApp/Mobile (android)"
195.66.128.96 - - [10/Apr/2023:08:42:06 +0000] "GET /modules/sandklock/scroll_top_lite/js/core.js?_=1681116126443 HTTP/1.1" 200 859 "https://tajrebatee.com/searchKeyword.php?cat=bx_posts_cats&keyword=12§ion[]=bx_posts" "UNAMobileApp/Mobile (android)"
195.66.128.96 - - [10/Apr/2023:08:42:06 +0000] "POST /live_updates.php HTTP/1.1" 200 580 "https://tajrebatee.com/searchKeyword.php?cat=bx_posts_cats&keyword=12§ion[]=bx_posts" "UNAMobileApp/Mobile (android)"
195.66.128.96 - - [10/Apr/2023:08:42:06 +0000] "GET /image_transcoder.php?o=bx_posts_gallery&h=44&dpx=1&t=1681116125 HTTP/1.1" 302 966 "https://tajrebatee.com/searchKeyword.php?cat=bx_posts_cats&keyword=12§ion[]=bx_posts" "UNAMobileApp/Mobile (android)"
195.66.128.96 - - [10/Apr/2023:08:42:16 +0000] "POST /live_updates.php HTTP/1.1" 200 838 "https://tajrebatee.com/searchKeyword.php?cat=bx_posts_cats&keyword=12§ion[]=bx_posts" "UNAMobileApp/Mobile (android)"
195.66.128.96 - - [10/Apr/2023:08:42:27 +0000] "POST /live_updates.php HTTP/1.1" 200 838 "https://tajrebatee.com/searchKeyword.php?cat=bx_posts_cats&keyword=12§ion[]=bx_posts" "UNAMobileApp/Mobile (android)"
195.66.128.96 - - [10/Apr/2023:08:42:27 +0000] "GET /view-post/%D9%85%D9%86%D8%B5%D8%A9-%D8%AA%D8%AC%D8%B1%D8%A8%D8%AA%D9%8A-%D9%88-%D8%A7%D9%84%D9%83%D8%AA%D9%84%D8%A9-%D8%A7%D9%84%D8%AD%D8%B1%D8%AC%D8%A9 HTTP/1.1" 200 32837 "https://tajrebatee.com/searchKeyword.php?cat=bx_posts_cats&keyword=12§ion[]=bx_posts" "UNAMobileApp/Mobile (android)"
195.66.128.96 - - [10/Apr/2023:08:42:29 +0000] "GET /modules/sandklock/scroll_top_lite/js/core.js?_=1681116149297 HTTP/1.1" 200 859 "https://tajrebatee.com/view-post/%D9%85%D9%86%D8%B5%D8%A9-%D8%AA%D8%AC%D8%B1%D8%A8%D8%AA%D9%8A-%D9%88-%D8%A7%D9%84%D9%83%D8%AA%D9%84%D8%A9-%D8%A7%D9%84%D8%AD%D8%B1%D8%AC%D8%A9" "UNAMobileApp/Mobile (android)"
195.66.128.96 - - [10/Apr/2023:08:42:29 +0000] "POST /live_updates.php HTTP/1.1" 200 580 "https://tajrebatee.com/view-post/%D9%85%D9%86%D8%B5%D8%A9-%D8%AA%D8%AC%D8%B1%D8%A8%D8%AA%D9%8A-%D9%88-%D8%A7%D9%84%D9%83%D8%AA%D9%84%D8%A9-%D8%A7%D9%84%D8%AD%D8%B1%D8%AC%D8%A9" "UNAMobileApp/Mobile (android)"
